217.113.194.67 - - [21/Jun/2025:01:43:17 +0200] "GET /ita/news-logistica-2016.htm HTTP/1.1" 200 8510 "-" "Mozilla/5.0 (compatible; Barkrowler/0.9; +https://babbar.tech/crawler)"
217.113.194.228 - - [21/Jun/2025:01:43:19 +0200] "GET /logistique-expedition-colis-en-nombre.htm HTTP/1.1" 304 3909 "-" "Mozilla/5.0 (compatible; Barkrowler/0.9; +https://babbar.tech/crawler)"
54.36.149.78 - - [21/Jun/2025:01:43:31 +0200] "GET /mentions-legales.htm HTTP/1.1" 304 3685 "-" "Mozilla/5.0 (compatible; AhrefsBot/7.0; +http://ahrefs.com/robot/)"
217.113.194.71 - - [21/Jun/2025:01:43:32 +0200] "GET /ita/logistica-in-francia.htm HTTP/1.1" 200 8691 "-" "Mozilla/5.0 (compatible; Barkrowler/0.9; +https://babbar.tech/crawler)"
217.113.194.231 - - [21/Jun/2025:01:43:34 +0200] "GET /logistique-e-commerce-personnalisation-des-envois.htm HTTP/1.1" 304 3909 "-" "Mozilla/5.0 (compatible; Barkrowler/0.9; +https://babbar.tech/crawler)"
217.113.194.68 - - [21/Jun/2025:01:43:47 +0200] "GET /ita/logistique-e-commerce.htm HTTP/1.1" 404 4361 "-" "Mozilla/5.0 (compatible; Barkrowler/0.9; +https://babbar.tech/crawler)"
217.113.194.253 - - [21/Jun/2025:01:43:49 +0200] "GET /logistique-e-commerce-emballage-condtionnement.htm HTTP/1.1" 304 3909 "-" "Mozilla/5.0 (compatible; Barkrowler/0.9; +https://babbar.tech/crawler)"
54.36.148.145 - - [21/Jun/2025:01:43:59 +0200] "GET /index.htm HTTP/1.1" 304 3679 "-" "Mozilla/5.0 (compatible; AhrefsBot/7.0; +http://ahrefs.com/robot/)"
217.113.194.65 - - [21/Jun/2025:01:44:02 +0200] "GET /presse-actualites-logistique.htm HTTP/1.1" 304 3909 "-" "Mozilla/5.0 (compatible; Barkrowler/0.9; +https://babbar.tech/crawler)"
217.113.194.222 - - [21/Jun/2025:01:44:04 +0200] "GET /logistique-ecommerce-pics-activite-preparation-commandes.htm HTTP/1.1" 304 3909 "-" "Mozilla/5.0 (compatible; Barkrowler/0.9; +https://babbar.tech/crawler)"
217.113.194.66 - - [21/Jun/2025:01:44:17 +0200] "GET /entreposage-e-commerce.htm HTTP/1.1" 304 3909 "-" "Mozilla/5.0 (compatible; Barkrowler/0.9; +https://babbar.tech/crawler)"
217.113.194.222 - - [21/Jun/2025:01:44:19 +0200] "GET /la-logistique-au-service-de-sweet-caddy-accessoires-de-golf.htm HTTP/1.1" 304 3909 "-" "Mozilla/5.0 (compatible; Barkrowler/0.9; +https://babbar.tech/crawler)"
217.113.194.67 - - [21/Jun/2025:01:44:32 +0200] "GET /stockage-hauts-de-seine.htm HTTP/1.1" 304 3909 "-" "Mozilla/5.0 (compatible; Barkrowler/0.9; +https://babbar.tech/crawler)"
54.36.148.98 - - [21/Jun/2025:01:44:47 +0200] "GET /logistique-client.htm HTTP/1.1" 304 3685 "-" "Mozilla/5.0 (compatible; AhrefsBot/7.0; +http://ahrefs.com/robot/)"
217.113.194.68 - - [21/Jun/2025:01:44:47 +0200] "GET /logistique-e-commerce-design.htm HTTP/1.1" 304 3909 "-" "Mozilla/5.0 (compatible; Barkrowler/0.9; +https://babbar.tech/crawler)"
154.54.249.199 - - [21/Jun/2025:01:45:02 +0200] "GET /logistique-e-commerce-retail.htm HTTP/1.1" 304 3909 "-" "Mozilla/5.0 (compatible; Barkrowler/0.9; +https://babbar.tech/crawler)"
217.113.194.69 - - [21/Jun/2025:01:45:17 +0200] "GET /logistique-createur-mode.htm HTTP/1.1" 304 3909 "-" "Mozilla/5.0 (compatible; Barkrowler/0.9; +https://babbar.tech/crawler)"
54.36.148.196 - - [21/Jun/2025:01:45:27 +0200] "GET /actualites-logistique-2020.htm HTTP/1.1" 304 3679 "-" "Mozilla/5.0 (compatible; AhrefsBot/7.0; +http://ahrefs.com/robot/)"
217.113.194.66 - - [21/Jun/2025:01:45:32 +0200] "GET /logistique-boutique-en-ligne.html HTTP/1.1" 304 3909 "-" "Mozilla/5.0 (compatible; Barkrowler/0.9; +https://babbar.tech/crawler)"
217.113.194.65 - - [21/Jun/2025:01:45:47 +0200] "GET /logistique-transport-yvelines.htm HTTP/1.1" 304 3909 "-" "Mozilla/5.0 (compatible; Barkrowler/0.9; +https://babbar.tech/crawler)"
217.113.194.71 - - [21/Jun/2025:01:46:03 +0200] "GET /tarif-logistique-e-commerce.htm HTTP/1.1" 304 3910 "-" "Mozilla/5.0 (compatible; Barkrowler/0.9; +https://babbar.tech/crawler)"
217.113.194.71 - - [21/Jun/2025:01:46:18 +0200] "GET /gestion-logistique-des-retours.htm HTTP/1.1" 304 3909 "-" "Mozilla/5.0 (compatible; Barkrowler/0.9; +https://babbar.tech/crawler)"
54.36.149.78 - - [21/Jun/2025:01:46:28 +0200] "GET /logistique-client.htm HTTP/1.1" 304 3685 "-" "Mozilla/5.0 (compatible; AhrefsBot/7.0; +http://ahrefs.com/robot/)"
217.113.194.62 - - [21/Jun/2025:01:46:33 +0200] "GET /interface-client-logistique.htm HTTP/1.1" 304 3909 "-" "Mozilla/5.0 (compatible; Barkrowler/0.9; +https://babbar.tech/crawler)"
216.244.66.243 - - [21/Jun/2025:01:46:43 +0200] "GET /robots.txt HTTP/1.1" 301 590 "-" "Mozilla/5.0 (compatible; DotBot/1.2; +https://opensiteexplorer.org/dotbot; help@moz.com)"
216.244.66.243 - - [21/Jun/2025:01:46:44 +0200] "GET /robots.txt HTTP/1.1" 200 3864 "-" "Mozilla/5.0 (compatible; DotBot/1.2; +https://opensiteexplorer.org/dotbot; help@moz.com)"
54.36.148.240 - - [21/Jun/2025:01:46:45 +0200] "GET /contact-logistique-yvelines.htm HTTP/1.1" 304 3678 "-" "Mozilla/5.0 (compatible; AhrefsBot/7.0; +http://ahrefs.com/robot/)"
198.235.24.14 - - [21/Jun/2025:01:46:46 +0200] "GET / HTTP/1.1" 200 45219 "-" "-"
217.113.194.66 - - [21/Jun/2025:01:46:48 +0200] "GET /chaussures-basketball-and1.htm HTTP/1.1" 304 3909 "-" "Mozilla/5.0 (compatible; Barkrowler/0.9; +https://babbar.tech/crawler)"
217.113.194.67 - - [21/Jun/2025:01:47:03 +0200] "GET /conseil-logistique-e-commerce.htm HTTP/1.1" 304 3909 "-" "Mozilla/5.0 (compatible; Barkrowler/0.9; +https://babbar.tech/crawler)"
217.113.194.66 - - [21/Jun/2025:01:47:18 +0200] "GET /module-logistique-e-commerce.htm HTTP/1.1" 304 3909 "-" "Mozilla/5.0 (compatible; Barkrowler/0.9; +https://babbar.tech/crawler)"
54.36.148.135 - - [21/Jun/2025:01:47:20 +0200] "GET /index.htm HTTP/1.1" 304 3686 "-" "Mozilla/5.0 (compatible; AhrefsBot/7.0; +http://ahrefs.com/robot/)"
217.113.194.69 - - [21/Jun/2025:01:47:33 +0200] "GET /actualites-logistique-2017.htm HTTP/1.1" 304 3909 "-" "Mozilla/5.0 (compatible; Barkrowler/0.9; +https://babbar.tech/crawler)"
217.113.194.65 - - [21/Jun/2025:01:47:48 +0200] "GET /actualites-logistique-2015.htm HTTP/1.1" 304 3909 "-" "Mozilla/5.0 (compatible; Barkrowler/0.9; +https://babbar.tech/crawler)"
54.36.148.127 - - [21/Jun/2025:01:48:02 +0200] "GET /presse-actualites-logistique.htm HTTP/1.1" 304 3678 "-" "Mozilla/5.0 (compatible; AhrefsBot/7.0; +http://ahrefs.com/robot/)"
217.113.194.245 - - [21/Jun/2025:01:48:03 +0200] "GET /actualites-logistique-2013.htm HTTP/1.1" 304 3909 "-" "Mozilla/5.0 (compatible; Barkrowler/0.9; +https://babbar.tech/crawler)"
217.113.194.66 - - [21/Jun/2025:01:48:18 +0200] "GET /actualites-logistique-2011.htm HTTP/1.1" 304 3909 "-" "Mozilla/5.0 (compatible; Barkrowler/0.9; +https://babbar.tech/crawler)"
217.113.194.63 - - [21/Jun/2025:01:48:35 +0200] "GET /actualites-logistique-2010.htm HTTP/1.1" 304 3909 "-" "Mozilla/5.0 (compatible; Barkrowler/0.9; +https://babbar.tech/crawler)"
217.113.194.64 - - [21/Jun/2025:01:48:50 +0200] "GET /actualites-logistique-2016.htm HTTP/1.1" 304 3909 "-" "Mozilla/5.0 (compatible; Barkrowler/0.9; +https://babbar.tech/crawler)"
217.113.194.67 - - [21/Jun/2025:01:49:05 +0200] "GET /actualites-logistique-2012.htm HTTP/1.1" 304 3909 "-" "Mozilla/5.0 (compatible; Barkrowler/0.9; +https://babbar.tech/crawler)"
54.36.148.81 - - [21/Jun/2025:01:49:18 +0200] "GET /services-logistiques.htm HTTP/1.1" 304 3678 "-" "Mozilla/5.0 (compatible; AhrefsBot/7.0; +http://ahrefs.com/robot/)"
198.235.24.13 - - [21/Jun/2025:01:49:19 +0200] "GET / HTTP/1.1" 200 45219 "-" "-"
217.113.194.65 - - [21/Jun/2025:01:49:20 +0200] "GET /actualites-logistique-2019.htm HTTP/1.1" 304 3910 "-" "Mozilla/5.0 (compatible; Barkrowler/0.9; +https://babbar.tech/crawler)"
217.113.194.66 - - [21/Jun/2025:01:49:35 +0200] "GET /ita/logistica-francia-prodotti.htm HTTP/1.1" 200 8314 "-" "Mozilla/5.0 (compatible; Barkrowler/0.9; +https://babbar.tech/crawler)"
54.36.148.0 - - [21/Jun/2025:01:49:44 +0200] "GET /prestataire-logistique-e-commerce.htm HTTP/1.1" 304 3685 "-" "Mozilla/5.0 (compatible; AhrefsBot/7.0; +http://ahrefs.com/robot/)"
217.113.194.67 - - [21/Jun/2025:01:49:50 +0200] "GET /plv-logistique-stockage.htm HTTP/1.1" 304 3909 "-" "Mozilla/5.0 (compatible; Barkrowler/0.9; +https://babbar.tech/crawler)"
217.113.194.67 - - [21/Jun/2025:01:50:05 +0200] "GET /stockage-logistique-e-commerce.htm HTTP/1.1" 304 3909 "-" "Mozilla/5.0 (compatible; Barkrowler/0.9; +https://babbar.tech/crawler)"
217.113.194.70 - - [21/Jun/2025:01:50:20 +0200] "GET /logistique-decoupe-tissus.htm HTTP/1.1" 304 3909 "-" "Mozilla/5.0 (compatible; Barkrowler/0.9; +https://babbar.tech/crawler)"
54.36.148.48 - - [21/Jun/2025:01:50:32 +0200] "GET /presse-actualites-logistique.htm HTTP/1.1" 304 3685 "-" "Mozilla/5.0 (compatible; AhrefsBot/7.0; +http://ahrefs.com/robot/)"
54.36.149.60 - - [21/Jun/2025:01:50:32 +0200] "GET /logistique-client.htm HTTP/1.1" 304 3678 "-" "Mozilla/5.0 (compatible; AhrefsBot/7.0; +http://ahrefs.com/robot/)"
217.113.194.70 - - [21/Jun/2025:01:50:35 +0200] "GET /logistique-pour-un-e-shop.html HTTP/1.1" 304 3909 "-" "Mozilla/5.0 (compatible; Barkrowler/0.9; +https://babbar.tech/crawler)"
54.36.148.183 - - [21/Jun/2025:01:50:39 +0200] "GET /plateforme-logistique-e-commerce.htm HTTP/1.1" 304 3685 "-" "Mozilla/5.0 (compatible; AhrefsBot/7.0; +http://ahrefs.com/robot/)"
154.54.249.199 - - [21/Jun/2025:01:50:50 +0200] "GET /logistique-e-commerce-luxe.htm HTTP/1.1" 304 3909 "-" "Mozilla/5.0 (compatible; Barkrowler/0.9; +https://babbar.tech/crawler)"
217.113.194.63 - - [21/Jun/2025:01:51:05 +0200] "GET /logistique-des-produits-cosmetiques.htm HTTP/1.1" 304 3909 "-" "Mozilla/5.0 (compatible; Barkrowler/0.9; +https://babbar.tech/crawler)"
217.113.194.62 - - [21/Jun/2025:01:51:20 +0200] "GET /logistique-agences-communication.htm HTTP/1.1" 304 3909 "-" "Mozilla/5.0 (compatible; Barkrowler/0.9; +https://babbar.tech/crawler)"
217.113.194.63 - - [21/Jun/2025:01:51:36 +0200] "GET /logistique-distribution-chaussures.htm HTTP/1.1" 304 3909 "-" "Mozilla/5.0 (compatible; Barkrowler/0.9; +https://babbar.tech/crawler)"
217.113.194.70 - - [21/Jun/2025:01:51:51 +0200] "GET /logistique-distribution-presse.htm HTTP/1.1" 304 3909 "-" "Mozilla/5.0 (compatible; Barkrowler/0.9; +https://babbar.tech/crawler)"
217.113.194.67 - - [21/Jun/2025:01:52:06 +0200] "GET /logistique-organisation-salon.htm HTTP/1.1" 304 3909 "-" "Mozilla/5.0 (compatible; Barkrowler/0.9; +https://babbar.tech/crawler)"
216.244.66.243 - - [21/Jun/2025:01:52:08 +0200] "GET /logistique-de-la-mode-haut-de-gamme.htm HTTP/1.1" 200 21994 "-" "Mozilla/5.0 (compatible; DotBot/1.2; +https://opensiteexplorer.org/dotbot; help@moz.com)"
54.36.149.10 - - [21/Jun/2025:01:52:10 +0200] "GET /actualites-logistique-2020.htm HTTP/1.1" 304 3679 "-" "Mozilla/5.0 (compatible; AhrefsBot/7.0; +http://ahrefs.com/robot/)"
216.244.66.243 - - [21/Jun/2025:01:52:18 +0200] "GET /solutions-logistiques-e-commerce.htm HTTP/1.1" 200 24710 "-" "Mozilla/5.0 (compatible; DotBot/1.2; +https://opensiteexplorer.org/dotbot; help@moz.com)"
217.113.194.245 - - [21/Jun/2025:01:52:21 +0200] "GET /logistique-showroom-yvelines.htm HTTP/1.1" 304 3909 "-" "Mozilla/5.0 (compatible; Barkrowler/0.9; +https://babbar.tech/crawler)"
217.113.194.245 - - [21/Jun/2025:01:52:36 +0200] "GET /logisticien-boutique-en-ligne.htm HTTP/1.1" 304 3909 "-" "Mozilla/5.0 (compatible; Barkrowler/0.9; +https://babbar.tech/crawler)"
54.36.148.137 - - [21/Jun/2025:01:52:39 +0200] "GET /logistique-achats-groupes.htm HTTP/1.1" 304 3685 "-" "Mozilla/5.0 (compatible; AhrefsBot/7.0; +http://ahrefs.com/robot/)"
217.113.194.70 - - [21/Jun/2025:01:52:51 +0200] "GET /logisticien-marque-cosmetique.htm HTTP/1.1" 304 3909 "-" "Mozilla/5.0 (compatible; Barkrowler/0.9; +https://babbar.tech/crawler)"
54.36.149.83 - - [21/Jun/2025:01:52:56 +0200] "GET / HTTP/1.1" 304 3686 "-" "Mozilla/5.0 (compatible; AhrefsBot/7.0; +http://ahrefs.com/robot/)"
217.113.194.71 - - [21/Jun/2025:01:53:06 +0200] "GET /logistique-achats-groupes.htm HTTP/1.1" 304 3909 "-" "Mozilla/5.0 (compatible; Barkrowler/0.9; +https://babbar.tech/crawler)"
217.113.194.69 - - [21/Jun/2025:01:53:21 +0200] "GET /logistique-mode-luxe-design.htm HTTP/1.1" 304 3909 "-" "Mozilla/5.0 (compatible; Barkrowler/0.9; +https://babbar.tech/crawler)"
217.113.194.69 - - [21/Jun/2025:01:53:36 +0200] "GET /logistique-chaussures-chaussons.htm HTTP/1.1" 304 3909 "-" "Mozilla/5.0 (compatible; Barkrowler/0.9; +https://babbar.tech/crawler)"
217.113.194.245 - - [21/Jun/2025:01:53:51 +0200] "GET /logistique-marque-cosmetique.htm HTTP/1.1" 304 3909 "-" "Mozilla/5.0 (compatible; Barkrowler/0.9; +https://babbar.tech/crawler)"
54.36.148.62 - - [21/Jun/2025:01:53:59 +0200] "GET /logistique-client.htm HTTP/1.1" 304 3678 "-" "Mozilla/5.0 (compatible; AhrefsBot/7.0; +http://ahrefs.com/robot/)"
217.113.194.63 - - [21/Jun/2025:01:54:06 +0200] "GET /logistique-cosmetique-luxe.htm HTTP/1.1" 304 3909 "-" "Mozilla/5.0 (compatible; Barkrowler/0.9; +https://babbar.tech/crawler)"
217.113.194.68 - - [21/Jun/2025:01:54:21 +0200] "GET /logistique-parapharmacie.htm HTTP/1.1" 304 3909 "-" "Mozilla/5.0 (compatible; Barkrowler/0.9; +https://babbar.tech/crawler)"
217.113.194.68 - - [21/Jun/2025:01:54:36 +0200] "GET /logistique-site-e-commerce.htm HTTP/1.1" 304 3909 "-" "Mozilla/5.0 (compatible; Barkrowler/0.9; +https://babbar.tech/crawler)"
54.36.148.115 - - [21/Jun/2025:01:54:50 +0200] "GET /actualites-logistique-2018.htm HTTP/1.1" 304 3685 "-" "Mozilla/5.0 (compatible; AhrefsBot/7.0; +http://ahrefs.com/robot/)"
217.113.194.67 - - [21/Jun/2025:01:54:51 +0200] "GET /chaine-logistique-e-commerce.htm HTTP/1.1" 304 3909 "-" "Mozilla/5.0 (compatible; Barkrowler/0.9; +https://babbar.tech/crawler)"
207.46.13.36 - - [21/Jun/2025:01:54:55 +0200] "GET /conseil-logistique-developpement-e-commerce.htm HTTP/1.1" 200 9758 "-" "Mozilla/5.0 AppleWebKit/537.36 (KHTML, like Gecko; compatible; bingbot/2.0; +http://www.bing.com/bingbot.htm) Chrome/116.0.1938.76 Safari/537.36"
217.113.194.69 - - [21/Jun/2025:01:55:06 +0200] "GET /envois-colis-e-commerce.htm HTTP/1.1" 304 3909 "-" "Mozilla/5.0 (compatible; Barkrowler/0.9; +https://babbar.tech/crawler)"
54.36.149.42 - - [21/Jun/2025:01:55:09 +0200] "GET /module-logistique-e-commerce.htm HTTP/1.1" 304 3685 "-" "Mozilla/5.0 (compatible; AhrefsBot/7.0; +http://ahrefs.com/robot/)"
54.36.148.83 - - [21/Jun/2025:01:55:14 +0200] "GET /logistique-e-commerce.htm HTTP/1.1" 304 3685 "-" "Mozilla/5.0 (compatible; AhrefsBot/7.0; +http://ahrefs.com/robot/)"
217.113.194.62 - - [21/Jun/2025:01:55:21 +0200] "GET /envois-en-nombre-colis.htm HTTP/1.1" 304 3909 "-" "Mozilla/5.0 (compatible; Barkrowler/0.9; +https://babbar.tech/crawler)"
54.36.148.184 - - [21/Jun/2025:01:55:25 +0200] "GET / HTTP/1.1" 304 3686 "-" "Mozilla/5.0 (compatible; AhrefsBot/7.0; +http://ahrefs.com/robot/)"
217.113.194.63 - - [21/Jun/2025:01:55:36 +0200] "GET /devis-logistique-e-commerce.htm HTTP/1.1" 304 3909 "-" "Mozilla/5.0 (compatible; Barkrowler/0.9; +https://babbar.tech/crawler)"
66.249.64.35 - - [21/Jun/2025:01:55:40 +0200] "GET /robots.txt HTTP/1.1" 200 3677 "-" "Mozilla/5.0 (compatible; Googlebot/2.1; +http://www.google.com/bot.html)"
66.249.64.35 - - [21/Jun/2025:01:55:40 +0200] "GET / HTTP/1.1" 200 8620 "-" "Mozilla/5.0 (Linux; Android 6.0.1; Nexus 5X Build/MMB29P) AppleWebKit/537.36 (KHTML, like Gecko) Chrome/137.0.7151.103 Mobile Safari/537.36 (compatible; Googlebot/2.1; +http://www.google.com/bot.html)"
66.249.64.34 - - [21/Jun/2025:01:55:43 +0200] "GET /css/theme.css HTTP/1.1" 200 9662 "https://manuals.lepetitcoindeparadis.com/" "Mozilla/5.0 (Linux; Android 6.0.1; Nexus 5X Build/MMB29P) AppleWebKit/537.36 (KHTML, like Gecko) Chrome/137.0.7151.68 Mobile Safari/537.36 (compatible; Googlebot/2.1; +http://www.google.com/bot.html)"
66.249.64.35 - - [21/Jun/2025:01:55:43 +0200] "GET /css/theme-elements.css HTTP/1.1" 200 8795 "https://manuals.lepetitcoindeparadis.com/" "Mozilla/5.0 (Linux; Android 6.0.1; Nexus 5X Build/MMB29P) AppleWebKit/537.36 (KHTML, like Gecko) Chrome/137.0.7151.68 Mobile Safari/537.36 (compatible; Googlebot/2.1; +http://www.google.com/bot.html)"
66.249.64.35 - - [21/Jun/2025:01:55:44 +0200] "GET /vendor/owl-carousel/owl.carousel.css HTTP/1.1" 200 866 "https://manuals.lepetitcoindeparadis.com/" "Mozilla/5.0 (Linux; Android 6.0.1; Nexus 5X Build/MMB29P) AppleWebKit/537.36 (KHTML, like Gecko) Chrome/137.0.7151.68 Mobile Safari/537.36 (compatible; Googlebot/2.1; +http://www.google.com/bot.html)"
66.249.64.34 - - [21/Jun/2025:01:55:44 +0200] "GET /vendor/owl-carousel/owl.theme.css HTTP/1.1" 200 1059 "https://manuals.lepetitcoindeparadis.com/" "Mozilla/5.0 (Linux; Android 6.0.1; Nexus 5X Build/MMB29P) AppleWebKit/537.36 (KHTML, like Gecko) Chrome/137.0.7151.68 Mobile Safari/537.36 (compatible; Googlebot/2.1; +http://www.google.com/bot.html)"
66.249.64.33 - - [21/Jun/2025:01:55:45 +0200] "GET /css/bootstrap.css HTTP/1.1" 200 19704 "https://manuals.lepetitcoindeparadis.com/" "Mozilla/5.0 (Linux; Android 6.0.1; Nexus 5X Build/MMB29P) AppleWebKit/537.36 (KHTML, like Gecko) Chrome/137.0.7151.68 Mobile Safari/537.36 (compatible; Googlebot/2.1; +http://www.google.com/bot.html)"
66.249.64.34 - - [21/Jun/2025:01:55:45 +0200] "GET /css/theme-responsive.css HTTP/1.1" 200 2984 "https://manuals.lepetitcoindeparadis.com/" "Mozilla/5.0 (Linux; Android 6.0.1; Nexus 5X Build/MMB29P) AppleWebKit/537.36 (KHTML, like Gecko) Chrome/137.0.7151.68 Mobile Safari/537.36 (compatible; Googlebot/2.1; +http://www.google.com/bot.html)"
66.249.64.33 - - [21/Jun/2025:01:55:45 +0200] "GET /css/custom.css HTTP/1.1" 200 512 "https://manuals.lepetitcoindeparadis.com/" "Mozilla/5.0 (Linux; Android 6.0.1; Nexus 5X Build/MMB29P) AppleWebKit/537.36 (KHTML, like Gecko) Chrome/137.0.7151.68 Mobile Safari/537.36 (compatible; Googlebot/2.1; +http://www.google.com/bot.html)"
66.249.64.33 - - [21/Jun/2025:01:55:46 +0200] "GET /css/skins/blue.css HTTP/1.1" 200 1777 "https://manuals.lepetitcoindeparadis.com/" "Mozilla/5.0 (Linux; Android 6.0.1; Nexus 5X Build/MMB29P) AppleWebKit/537.36 (KHTML, like Gecko) Chrome/137.0.7151.68 Mobile Safari/537.36 (compatible; Googlebot/2.1; +http://www.google.com/bot.html)"
66.249.64.33 - - [21/Jun/2025:01:55:46 +0200] "GET /vendor/jquery.js HTTP/1.1" 200 33955 "https://manuals.lepetitcoindeparadis.com/" "Mozilla/5.0 (Linux; Android 6.0.1; Nexus 5X Build/MMB29P) AppleWebKit/537.36 (KHTML, like Gecko) Chrome/137.0.7151.68 Mobile Safari/537.36 (compatible; Googlebot/2.1; +http://www.google.com/bot.html)"
66.249.64.33 - - [21/Jun/2025:01:55:47 +0200] "GET /js/plugins.js HTTP/1.1" 200 5468 "https://manuals.lepetitcoindeparadis.com/" "Mozilla/5.0 (Linux; Android 6.0.1; Nexus 5X Build/MMB29P) AppleWebKit/537.36 (KHTML, like Gecko) Chrome/137.0.7151.68 Mobile Safari/537.36 (compatible; Googlebot/2.1; +http://www.google.com/bot.html)"
66.249.64.33 - - [21/Jun/2025:01:55:47 +0200] "GET /js/theme.js HTTP/1.1" 200 5262 "https://manuals.lepetitcoindeparadis.com/" "Mozilla/5.0 (Linux; Android 6.0.1; Nexus 5X Build/MMB29P) AppleWebKit/537.36 (KHTML, like Gecko) Chrome/137.0.7151.68 Mobile Safari/537.36 (compatible; Googlebot/2.1; +http://www.google.com/bot.html)"
66.249.64.34 - - [21/Jun/2025:01:55:48 +0200] "GET /vendor/jquery.validate.js HTTP/1.1" 200 6830 "https://manuals.lepetitcoindeparadis.com/" "Mozilla/5.0 (Linux; Android 6.0.1; Nexus 5X Build/MMB29P) AppleWebKit/537.36 (KHTML, like Gecko) Chrome/137.0.7151.68 Mobile Safari/537.36 (compatible; Googlebot/2.1; +http://www.google.com/bot.html)"
66.249.64.33 - - [21/Jun/2025:01:55:48 +0200] "GET /vendor/rs-plugin/js/jquery.themepunch.revolution.js HTTP/1.1" 200 20432 "https://manuals.lepetitcoindeparadis.com/" "Mozilla/5.0 (Linux; Android 6.0.1; Nexus 5X Build/MMB29P) AppleWebKit/537.36 (KHTML, like Gecko) Chrome/137.0.7151.68 Mobile Safari/537.36 (compatible; Googlebot/2.1; +http://www.google.com/bot.html)"
66.249.64.33 - - [21/Jun/2025:01:55:49 +0200] "GET /js/views/view.home.js HTTP/1.1" 200 1420 "https://manuals.lepetitcoindeparadis.com/" "Mozilla/5.0 (Linux; Android 6.0.1; Nexus 5X Build/MMB29P) AppleWebKit/537.36 (KHTML, like Gecko) Chrome/137.0.7151.68 Mobile Safari/537.36 (compatible; Googlebot/2.1; +http://www.google.com/bot.html)"
66.249.64.33 - - [21/Jun/2025:01:55:49 +0200] "GET /vendor/jquery.easing.js HTTP/1.1" 200 1291 "https://manuals.lepetitcoindeparadis.com/" "Mozilla/5.0 (Linux; Android 6.0.1; Nexus 5X Build/MMB29P) AppleWebKit/537.36 (KHTML, like Gecko) Chrome/137.0.7151.68 Mobile Safari/537.36 (compatible; Googlebot/2.1; +http://www.google.com/bot.html)"
66.249.64.33 - - [21/Jun/2025:01:55:50 +0200] "GET /vendor/jquery.appear.js HTTP/1.1" 200 1140 "https://manuals.lepetitcoindeparadis.com/" "Mozilla/5.0 (Linux; Android 6.0.1; Nexus 5X Build/MMB29P) AppleWebKit/537.36 (KHTML, like Gecko) Chrome/137.0.7151.68 Mobile Safari/537.36 (compatible; Googlebot/2.1; +http://www.google.com/bot.html)"
66.249.64.33 - - [21/Jun/2025:01:55:50 +0200] "GET /vendor/bootstrap.js HTTP/1.1" 200 8087 "https://manuals.lepetitcoindeparadis.com/" "Mozilla/5.0 (Linux; Android 6.0.1; Nexus 5X Build/MMB29P) AppleWebKit/537.36 (KHTML, like Gecko) Chrome/137.0.7151.68 Mobile Safari/537.36 (compatible; Googlebot/2.1; +http://www.google.com/bot.html)"
66.249.64.33 - - [21/Jun/2025:01:55:51 +0200] "GET /c=%22js/custom.js%22 HTTP/1.1" 404 700 "https://manuals.lepetitcoindeparadis.com/" "Mozilla/5.0 (Linux; Android 6.0.1; Nexus 5X Build/MMB29P) AppleWebKit/537.36 (KHTML, like Gecko) Chrome/137.0.7151.68 Mobile Safari/537.36 (compatible; Googlebot/2.1; +http://www.google.com/bot.html)"
66.249.64.33 - - [21/Jun/2025:01:55:51 +0200] "GET /vendor/rs-plugin/js/jquery.themepunch.plugins.min.js HTTP/1.1" 200 23968 "https://manuals.lepetitcoindeparadis.com/" "Mozilla/5.0 (Linux; Android 6.0.1; Nexus 5X Build/MMB29P) AppleWebKit/537.36 (KHTML, like Gecko) Chrome/137.0.7151.68 Mobile Safari/537.36 (compatible; Googlebot/2.1; +http://www.google.com/bot.html)"
217.113.194.66 - - [21/Jun/2025:01:55:52 +0200] "GET /chaussures-handball-hummel.htm HTTP/1.1" 304 3909 "-" "Mozilla/5.0 (compatible; Barkrowler/0.9; +https://babbar.tech/crawler)"
66.249.64.33 - - [21/Jun/2025:01:55:52 +0200] "GET /vendor/owl-carousel/owl.carousel.js HTTP/1.1" 200 7389 "https://manuals.lepetitcoindeparadis.com/" "Mozilla/5.0 (Linux; Android 6.0.1; Nexus 5X Build/MMB29P) AppleWebKit/537.36 (KHTML, like Gecko) Chrome/137.0.7151.68 Mobile Safari/537.36 (compatible; Googlebot/2.1; +http://www.google.com/bot.html)"
66.249.64.33 - - [21/Jun/2025:01:55:52 +0200] "GET /c=%22js/custom.js%22 HTTP/1.1" 404 700 "https://manuals.lepetitcoindeparadis.com/" "Mozilla/5.0 (Linux; Android 6.0.1; Nexus 5X Build/MMB29P) AppleWebKit/537.36 (KHTML, like Gecko) Chrome/137.0.7151.68 Mobile Safari/537.36 (compatible; Googlebot/2.1; +http://www.google.com/bot.html)"
54.36.148.106 - - [21/Jun/2025:01:55:57 +0200] "GET /e-logistique.htm HTTP/1.1" 304 3678 "-" "Mozilla/5.0 (compatible; AhrefsBot/7.0; +http://ahrefs.com/robot/)"
217.113.194.66 - - [21/Jun/2025:01:56:07 +0200] "GET /preparation-commande-e-commerce.htm HTTP/1.1" 304 3909 "-" "Mozilla/5.0 (compatible; Barkrowler/0.9; +https://babbar.tech/crawler)"
154.54.249.199 - - [21/Jun/2025:01:56:22 +0200] "GET /actualites-logistique-2020.htm HTTP/1.1" 304 3910 "-" "Mozilla/5.0 (compatible; Barkrowler/0.9; +https://babbar.tech/crawler)"
217.113.194.63 - - [21/Jun/2025:01:56:37 +0200] "GET /vente-en-ligne-logistique-e-commerce.htm HTTP/1.1" 304 3910 "-" "Mozilla/5.0 (compatible; Barkrowler/0.9; +https://babbar.tech/crawler)"
217.113.194.64 - - [21/Jun/2025:01:56:52 +0200] "GET /vente-privee-chaussures-petit-bateau.htm HTTP/1.1" 304 3909 "-" "Mozilla/5.0 (compatible; Barkrowler/0.9; +https://babbar.tech/crawler)"
54.36.149.61 - - [21/Jun/2025:01:57:05 +0200] "GET /e-logistique.htm HTTP/1.1" 304 3685 "-" "Mozilla/5.0 (compatible; AhrefsBot/7.0; +http://ahrefs.com/robot/)"
217.113.194.67 - - [21/Jun/2025:01:57:07 +0200] "GET /vente-privee-polo-de-deauville.htm HTTP/1.1" 304 3909 "-" "Mozilla/5.0 (compatible; Barkrowler/0.9; +https://babbar.tech/crawler)"
217.113.194.70 - - [21/Jun/2025:01:57:22 +0200] "GET /externalisation-logistique-e-commerce.htm HTTP/1.1" 304 3909 "-" "Mozilla/5.0 (compatible; Barkrowler/0.9; +https://babbar.tech/crawler)"
54.36.148.142 - - [21/Jun/2025:01:57:27 +0200] "GET /acces-stockage-yvelines.htm HTTP/1.1" 304 3678 "-" "Mozilla/5.0 (compatible; AhrefsBot/7.0; +http://ahrefs.com/robot/)"
217.113.194.69 - - [21/Jun/2025:01:57:37 +0200] "GET /externalisation-preparation-de-commandes.htm HTTP/1.1" 304 3909 "-" "Mozilla/5.0 (compatible; Barkrowler/0.9; +https://babbar.tech/crawler)"
217.113.194.63 - - [21/Jun/2025:01:57:52 +0200] "GET /e-cigarettes-kangertech.htm HTTP/1.1" 304 3909 "-" "Mozilla/5.0 (compatible; Barkrowler/0.9; +https://babbar.tech/crawler)"
217.113.194.66 - - [21/Jun/2025:01:58:07 +0200] "GET /logistique-esat-78-yvelines.htm HTTP/1.1" 304 3909 "-" "Mozilla/5.0 (compatible; Barkrowler/0.9; +https://babbar.tech/crawler)"
217.113.194.66 - - [21/Jun/2025:01:58:22 +0200] "GET /logistique-e-commerce-international.htm HTTP/1.1" 304 3909 "-" "Mozilla/5.0 (compatible; Barkrowler/0.9; +https://babbar.tech/crawler)"
217.113.194.245 - - [21/Jun/2025:01:58:37 +0200] "GET /logistique-e-commerce-marketplace.htm HTTP/1.1" 304 3909 "-" "Mozilla/5.0 (compatible; Barkrowler/0.9; +https://babbar.tech/crawler)"
54.36.149.74 - - [21/Jun/2025:01:58:42 +0200] "GET /informatique-logistique.htm HTTP/1.1" 304 3678 "-" "Mozilla/5.0 (compatible; AhrefsBot/7.0; +http://ahrefs.com/robot/)"
217.113.194.65 - - [21/Jun/2025:01:58:52 +0200] "GET /logistique-e-commerce-multicanal.htm HTTP/1.1" 304 3909 "-" "Mozilla/5.0 (compatible; Barkrowler/0.9; +https://babbar.tech/crawler)"
34.23.9.160 - - [21/Jun/2025:01:58:55 +0200] "GET /logistique-transport-yvelines.htm HTTP/1.0" 200 7979 "-" "ZoominfoBot (zoominfobot at zoominfo dot com)"
217.113.194.64 - - [21/Jun/2025:01:59:07 +0200] "GET /logistique-e-commerce-cosmetique.html HTTP/1.1" 304 3909 "-" "Mozilla/5.0 (compatible; Barkrowler/0.9; +https://babbar.tech/crawler)"
217.113.194.62 - - [21/Jun/2025:01:59:22 +0200] "GET /logistique-e-commerce-editeur.htm HTTP/1.1" 304 3909 "-" "Mozilla/5.0 (compatible; Barkrowler/0.9; +https://babbar.tech/crawler)"
217.113.194.66 - - [21/Jun/2025:01:59:37 +0200] "GET /logistique-envois-en-nombre.htm HTTP/1.1" 304 3909 "-" "Mozilla/5.0 (compatible; Barkrowler/0.9; +https://babbar.tech/crawler)"
217.113.194.64 - - [21/Jun/2025:01:59:53 +0200] "GET /logistique-des-marques-et-de-la-mode.htm HTTP/1.1" 304 3909 "-" "Mozilla/5.0 (compatible; Barkrowler/0.9; +https://babbar.tech/crawler)"
54.36.148.116 - - [21/Jun/2025:01:59:59 +0200] "GET /devis-logistique.htm HTTP/1.1" 304 3678 "-" "Mozilla/5.0 (compatible; AhrefsBot/7.0; +http://ahrefs.com/robot/)"
217.113.194.67 - - [21/Jun/2025:02:00:08 +0200] "GET /logistique-distribution-cosmetique.htm HTTP/1.1" 304 3909 "-" "Mozilla/5.0 (compatible; Barkrowler/0.9; +https://babbar.tech/crawler)"
54.36.148.150 - - [21/Jun/2025:02:00:12 +0200] "GET /ecommerce-logistique.htm HTTP/1.1" 304 3685 "-" "Mozilla/5.0 (compatible; AhrefsBot/7.0; +http://ahrefs.com/robot/)"
54.36.148.12 - - [21/Jun/2025:02:00:22 +0200] "GET /mentions-legales.htm HTTP/1.1" 304 3685 "-" "Mozilla/5.0 (compatible; AhrefsBot/7.0; +http://ahrefs.com/robot/)"
217.113.194.67 - - [21/Jun/2025:02:00:23 +0200] "GET /logisticien-ile-de-france-idf.htm HTTP/1.1" 304 3909 "-" "Mozilla/5.0 (compatible; Barkrowler/0.9; +https://babbar.tech/crawler)"
217.113.194.71 - - [21/Jun/2025:02:00:38 +0200] "GET /logistique-linge-de-maison.htm HTTP/1.1" 304 3909 "-" "Mozilla/5.0 (compatible; Barkrowler/0.9; +https://babbar.tech/crawler)"
217.113.194.71 - - [21/Jun/2025:02:00:53 +0200] "GET /logistique-habillement-mode.htm HTTP/1.1" 304 3909 "-" "Mozilla/5.0 (compatible; Barkrowler/0.9; +https://babbar.tech/crawler)"
217.113.194.63 - - [21/Jun/2025:02:01:08 +0200] "GET /logistique-velos-electriques.htm HTTP/1.1" 304 3909 "-" "Mozilla/5.0 (compatible; Barkrowler/0.9; +https://babbar.tech/crawler)"
154.54.249.199 - - [21/Jun/2025:02:01:23 +0200] "GET /logistique-parfum-cosmetique.htm HTTP/1.1" 304 3909 "-" "Mozilla/5.0 (compatible; Barkrowler/0.9; +https://babbar.tech/crawler)"
34.23.9.160 - - [21/Jun/2025:02:01:32 +0200] "GET /services-logistiques.htm HTTP/1.0" 200 7872 "-" "ZoominfoBot (zoominfobot at zoominfo dot com)"
54.36.148.248 - - [21/Jun/2025:02:01:35 +0200] "GET /logisticien-ile-de-france-idf.htm HTTP/1.1" 304 3678 "-" "Mozilla/5.0 (compatible; AhrefsBot/7.0; +http://ahrefs.com/robot/)"
217.113.194.64 - - [21/Jun/2025:02:01:38 +0200] "GET /cahier-des-charges-logistique.htm HTTP/1.1" 304 3909 "-" "Mozilla/5.0 (compatible; Barkrowler/0.9; +https://babbar.tech/crawler)"
217.113.194.64 - - [21/Jun/2025:02:01:53 +0200] "GET /entreprise-logistique-e-commerce.htm HTTP/1.1" 304 3909 "-" "Mozilla/5.0 (compatible; Barkrowler/0.9; +https://babbar.tech/crawler)"
217.113.194.67 - - [21/Jun/2025:02:02:08 +0200] "GET /interface-informatique-logistique.htm HTTP/1.1" 304 3909 "-" "Mozilla/5.0 (compatible; Barkrowler/0.9; +https://babbar.tech/crawler)"
54.164.157.105 - - [21/Jun/2025:02:02:18 +0200] "GET / HTTP/1.1" 200 11785 "-" "Mozilla/5.0 (X11; Linux aarch64) AppleWebKit/537.36 (KHTML, like Gecko) HeadlessChrome/131.0.6778.33 Safari/537.36"
54.164.157.105 - - [21/Jun/2025:02:02:19 +0200] "GET /css/bootstrap.css HTTP/1.1" 200 16523 "https://rasoircoupechoux.fr/" "Mozilla/5.0 (X11; Linux aarch64) AppleWebKit/537.36 (KHTML, like Gecko) HeadlessChrome/131.0.6778.33 Safari/537.36"
54.164.157.105 - - [21/Jun/2025:02:02:19 +0200] "GET /vendor/owl-carousel/owl.carousel.css HTTP/1.1" 200 1011 "https://rasoircoupechoux.fr/" "Mozilla/5.0 (X11; Linux aarch64) AppleWebKit/537.36 (KHTML, like Gecko) HeadlessChrome/131.0.6778.33 Safari/537.36"
54.164.157.105 - - [21/Jun/2025:02:02:19 +0200] "GET /vendor/owl-carousel/owl.theme.css HTTP/1.1" 200 1204 "https://rasoircoupechoux.fr/" "Mozilla/5.0 (X11; Linux aarch64) AppleWebKit/537.36 (KHTML, like Gecko) HeadlessChrome/131.0.6778.33 Safari/537.36"
54.164.157.105 - - [21/Jun/2025:02:02:19 +0200] "GET /css/skins/blue.css HTTP/1.1" 200 1922 "https://rasoircoupechoux.fr/" "Mozilla/5.0 (X11; Linux aarch64) AppleWebKit/537.36 (KHTML, like Gecko) HeadlessChrome/131.0.6778.33 Safari/537.36"
54.164.157.105 - - [21/Jun/2025:02:02:19 +0200] "GET /css/theme.css HTTP/1.1" 200 6626 "https://rasoircoupechoux.fr/" "Mozilla/5.0 (X11; Linux aarch64) AppleWebKit/537.36 (KHTML, like Gecko) HeadlessChrome/131.0.6778.33 Safari/537.36"
54.164.157.105 - - [21/Jun/2025:02:02:19 +0200] "GET /css/theme-elements.css HTTP/1.1" 200 8940 "https://rasoircoupechoux.fr/" "Mozilla/5.0 (X11; Linux aarch64) AppleWebKit/537.36 (KHTML, like Gecko) HeadlessChrome/131.0.6778.33 Safari/537.36"
54.164.157.105 - - [21/Jun/2025:02:02:19 +0200] "GET /css/custom.css HTTP/1.1" 200 512 "https://rasoircoupechoux.fr/" "Mozilla/5.0 (X11; Linux aarch64) AppleWebKit/537.36 (KHTML, like Gecko) HeadlessChrome/131.0.6778.33 Safari/537.36"
54.164.157.105 - - [21/Jun/2025:02:02:19 +0200] "GET /css/theme-responsive.css HTTP/1.1" 200 2984 "https://rasoircoupechoux.fr/" "Mozilla/5.0 (X11; Linux aarch64) AppleWebKit/537.36 (KHTML, like Gecko) HeadlessChrome/131.0.6778.33 Safari/537.36"
54.164.157.105 - - [21/Jun/2025:02:02:19 +0200] "GET /img/endurance-logistique.png HTTP/1.1" 200 3142 "https://rasoircoupechoux.fr/" "Mozilla/5.0 (X11; Linux aarch64) AppleWebKit/537.36 (KHTML, like Gecko) HeadlessChrome/131.0.6778.33 Safari/537.36"
54.164.157.105 - - [21/Jun/2025:02:02:19 +0200] "GET /img/flag_it.png HTTP/1.1" 200 450 "https://rasoircoupechoux.fr/" "Mozilla/5.0 (X11; Linux aarch64) AppleWebKit/537.36 (KHTML, like Gecko) HeadlessChrome/131.0.6778.33 Safari/537.36"
54.164.157.105 - - [21/Jun/2025:02:02:19 +0200] "GET /img/endurance-logistique-logistique.gif HTTP/1.1" 200 20552 "https://rasoircoupechoux.fr/" "Mozilla/5.0 (X11; Linux aarch64) AppleWebKit/537.36 (KHTML, like Gecko) HeadlessChrome/131.0.6778.33 Safari/537.36"
54.164.157.105 - - [21/Jun/2025:02:02:19 +0200] "GET /img/endurance-logistique-123.png HTTP/1.1" 200 1779 "https://rasoircoupechoux.fr/" "Mozilla/5.0 (X11; Linux aarch64) AppleWebKit/537.36 (KHTML, like Gecko) HeadlessChrome/131.0.6778.33 Safari/537.36"
54.164.157.105 - - [21/Jun/2025:02:02:19 +0200] "GET /js/plugins.js HTTP/1.1" 200 5468 "https://rasoircoupechoux.fr/" "Mozilla/5.0 (X11; Linux aarch64) AppleWebKit/537.36 (KHTML, like Gecko) HeadlessChrome/131.0.6778.33 Safari/537.36"
54.164.157.105 - - [21/Jun/2025:02:02:19 +0200] "GET /vendor/jquery.easing.js HTTP/1.1" 200 1291 "https://rasoircoupechoux.fr/" "Mozilla/5.0 (X11; Linux aarch64) AppleWebKit/537.36 (KHTML, like Gecko) HeadlessChrome/131.0.6778.33 Safari/537.36"
54.164.157.105 - - [21/Jun/2025:02:02:19 +0200] "GET /vendor/jquery.js HTTP/1.1" 200 33955 "https://rasoircoupechoux.fr/" "Mozilla/5.0 (X11; Linux aarch64) AppleWebKit/537.36 (KHTML, like Gecko) HeadlessChrome/131.0.6778.33 Safari/537.36"
54.164.157.105 - - [21/Jun/2025:02:02:19 +0200] "GET /vendor/jquery.appear.js HTTP/1.1" 200 1140 "https://rasoircoupechoux.fr/" "Mozilla/5.0 (X11; Linux aarch64) AppleWebKit/537.36 (KHTML, like Gecko) HeadlessChrome/131.0.6778.33 Safari/537.36"
54.164.157.105 - - [21/Jun/2025:02:02:19 +0200] "GET /vendor/bootstrap.js HTTP/1.1" 200 8087 "https://rasoircoupechoux.fr/" "Mozilla/5.0 (X11; Linux aarch64) AppleWebKit/537.36 (KHTML, like Gecko) HeadlessChrome/131.0.6778.33 Safari/537.36"
54.164.157.105 - - [21/Jun/2025:02:02:19 +0200] "GET /vendor/rs-plugin/js/jquery.themepunch.plugins.min.js HTTP/1.1" 200 23968 "https://rasoircoupechoux.fr/" "Mozilla/5.0 (X11; Linux aarch64) AppleWebKit/537.36 (KHTML, like Gecko) HeadlessChrome/131.0.6778.33 Safari/537.36"
54.164.157.105 - - [21/Jun/2025:02:02:19 +0200] "GET /vendor/rs-plugin/js/jquery.themepunch.revolution.js HTTP/1.1" 200 20432 "https://rasoircoupechoux.fr/" "Mozilla/5.0 (X11; Linux aarch64) AppleWebKit/537.36 (KHTML, like Gecko) HeadlessChrome/131.0.6778.33 Safari/537.36"
54.164.157.105 - - [21/Jun/2025:02:02:19 +0200] "GET /js/views/view.home.js HTTP/1.1" 200 1420 "https://rasoircoupechoux.fr/" "Mozilla/5.0 (X11; Linux aarch64) AppleWebKit/537.36 (KHTML, like Gecko) HeadlessChrome/131.0.6778.33 Safari/537.36"
54.164.157.105 - - [21/Jun/2025:02:02:19 +0200] "GET /vendor/jquery.validate.js HTTP/1.1" 200 6830 "https://rasoircoupechoux.fr/" "Mozilla/5.0 (X11; Linux aarch64) AppleWebKit/537.36 (KHTML, like Gecko) HeadlessChrome/131.0.6778.33 Safari/537.36"
54.164.157.105 - - [21/Jun/2025:02:02:19 +0200] "GET /vendor/owl-carousel/owl.carousel.js HTTP/1.1" 200 7389 "https://rasoircoupechoux.fr/" "Mozilla/5.0 (X11; Linux aarch64) AppleWebKit/537.36 (KHTML, like Gecko) HeadlessChrome/131.0.6778.33 Safari/537.36"
54.164.157.105 - - [21/Jun/2025:02:02:19 +0200] "GET /c=%22js/custom.js%22 HTTP/1.1" 404 692 "https://rasoircoupechoux.fr/" "Mozilla/5.0 (X11; Linux aarch64) AppleWebKit/537.36 (KHTML, like Gecko) HeadlessChrome/131.0.6778.33 Safari/537.36"
54.164.157.105 - - [21/Jun/2025:02:02:19 +0200] "GET /img/map-top.png HTTP/1.1" 200 4426 "https://rasoircoupechoux.fr/css/theme.css" "Mozilla/5.0 (X11; Linux aarch64) AppleWebKit/537.36 (KHTML, like Gecko) HeadlessChrome/131.0.6778.33 Safari/537.36"
54.164.157.105 - - [21/Jun/2025:02:02:19 +0200] "GET /img/map-bottom.png HTTP/1.1" 200 1440 "https://rasoircoupechoux.fr/css/theme.css" "Mozilla/5.0 (X11; Linux aarch64) AppleWebKit/537.36 (KHTML, like Gecko) HeadlessChrome/131.0.6778.33 Safari/537.36"
54.164.157.105 - - [21/Jun/2025:02:02:19 +0200] "GET /js/theme.js HTTP/1.1" 200 5262 "https://rasoircoupechoux.fr/" "Mozilla/5.0 (X11; Linux aarch64) AppleWebKit/537.36 (KHTML, like Gecko) HeadlessChrome/131.0.6778.33 Safari/537.36"
54.36.148.102 - - [21/Jun/2025:02:02:19 +0200] "GET /informatique-logistique.htm HTTP/1.1" 304 3685 "-" "Mozilla/5.0 (compatible; AhrefsBot/7.0; +http://ahrefs.com/robot/)"
217.113.194.69 - - [21/Jun/2025:02:02:23 +0200] "GET /prestataire-logistique-e-commerce.htm HTTP/1.1" 304 3909 "-" "Mozilla/5.0 (compatible; Barkrowler/0.9; +https://babbar.tech/crawler)"
54.164.157.105 - - [21/Jun/2025:02:02:25 +0200] "GET /favicon.ico HTTP/1.1" 200 1903 "https://rasoircoupechoux.fr/" "Mozilla/5.0 (X11; Linux aarch64) AppleWebKit/537.36 (KHTML, like Gecko) HeadlessChrome/131.0.6778.33 Safari/537.36"
54.164.157.105 - - [21/Jun/2025:02:02:30 +0200] "GET /favicon.ico HTTP/1.1" 200 4932 "https://rasoircoupechoux.fr/" "Mozilla/5.0 (X11; Linux aarch64) AppleWebKit/537.36 (KHTML, like Gecko) HeadlessChrome/131.0.6778.33 Safari/537.36"
217.113.194.70 - - [21/Jun/2025:02:02:38 +0200] "GET /demande-devis-logistique-en-ligne.htm HTTP/1.1" 304 3909 "-" "Mozilla/5.0 (compatible; Barkrowler/0.9; +https://babbar.tech/crawler)"
217.113.194.71 - - [21/Jun/2025:02:02:53 +0200] "GET /ita/logistica-ecommerce-francia.htm HTTP/1.1" 200 8750 "-" "Mozilla/5.0 (compatible; Barkrowler/0.9; +https://babbar.tech/crawler)"
54.36.149.76 - - [21/Jun/2025:02:03:05 +0200] "GET /chaine-logistique-e-commerce.htm HTTP/1.1" 304 3685 "-" "Mozilla/5.0 (compatible; AhrefsBot/7.0; +http://ahrefs.com/robot/)"
54.36.148.146 - - [21/Jun/2025:02:03:07 +0200] "GET /ita/index.htm HTTP/1.1" 304 3685 "-" "Mozilla/5.0 (compatible; AhrefsBot/7.0; +http://ahrefs.com/robot/)"
217.113.194.67 - - [21/Jun/2025:02:03:08 +0200] "GET /endurance-logistique-externalisation.htm HTTP/1.1" 304 3909 "-" "Mozilla/5.0 (compatible; Barkrowler/0.9; +https://babbar.tech/crawler)"
54.36.148.42 - - [21/Jun/2025:02:03:10 +0200] "GET /devis-logistique-e-commerce.htm HTTP/1.1" 304 3678 "-" "Mozilla/5.0 (compatible; AhrefsBot/7.0; +http://ahrefs.com/robot/)"
217.113.194.62 - - [21/Jun/2025:02:03:23 +0200] "GET /plateforme-logistique-e-commerce.htm HTTP/1.1" 304 3909 "-" "Mozilla/5.0 (compatible; Barkrowler/0.9; +https://babbar.tech/crawler)"
217.113.194.64 - - [21/Jun/2025:02:03:38 +0200] "GET /solutions-logistiques-e-commerce.htm HTTP/1.1" 304 3909 "-" "Mozilla/5.0 (compatible; Barkrowler/0.9; +https://babbar.tech/crawler)"
217.113.194.67 - - [21/Jun/2025:02:03:53 +0200] "GET /e-commerce-logistique-textile.htm HTTP/1.1" 304 3909 "-" "Mozilla/5.0 (compatible; Barkrowler/0.9; +https://babbar.tech/crawler)"
217.113.194.71 - - [21/Jun/2025:02:04:09 +0200] "GET /logistique-e-commerce-mode-decoration.htm HTTP/1.1" 304 3909 "-" "Mozilla/5.0 (compatible; Barkrowler/0.9; +https://babbar.tech/crawler)"
217.113.194.68 - - [21/Jun/2025:02:04:24 +0200] "GET /logistique-e-commerce-pieces-detachees.htm HTTP/1.1" 304 3909 "-" "Mozilla/5.0 (compatible; Barkrowler/0.9; +https://babbar.tech/crawler)"
54.36.149.2 - - [21/Jun/2025:02:04:29 +0200] "GET /actualites-logistique-2016.htm HTTP/1.1" 304 3678 "-" "Mozilla/5.0 (compatible; AhrefsBot/7.0; +http://ahrefs.com/robot/)"
54.36.148.188 - - [21/Jun/2025:02:04:34 +0200] "GET /e-logistique.htm HTTP/1.1" 304 3685 "-" "Mozilla/5.0 (compatible; AhrefsBot/7.0; +http://ahrefs.com/robot/)"
217.113.194.69 - - [21/Jun/2025:02:04:39 +0200] "GET /logistique-e-commerce-ile-de-france.htm HTTP/1.1" 304 3909 "-" "Mozilla/5.0 (compatible; Barkrowler/0.9; +https://babbar.tech/crawler)"
217.113.194.62 - - [21/Jun/2025:02:04:54 +0200] "GET /logistique-e-commerce-hight-tech.htm HTTP/1.1" 304 3909 "-" "Mozilla/5.0 (compatible; Barkrowler/0.9; +https://babbar.tech/crawler)"
217.113.194.70 - - [21/Jun/2025:02:05:09 +0200] "GET /logistique-e-commerce-retail-textile.htm HTTP/1.1" 304 3909 "-" "Mozilla/5.0 (compatible; Barkrowler/0.9; +https://babbar.tech/crawler)"
217.113.194.64 - - [21/Jun/2025:02:05:24 +0200] "GET /logistique-distribution-materiel-medical.htm HTTP/1.1" 304 3909 "-" "Mozilla/5.0 (compatible; Barkrowler/0.9; +https://babbar.tech/crawler)"
217.113.194.64 - - [21/Jun/2025:02:05:39 +0200] "GET /logisticien-specialiste-e-commerce.htm HTTP/1.1" 304 3910 "-" "Mozilla/5.0 (compatible; Barkrowler/0.9; +https://babbar.tech/crawler)"
195.201.199.99 - - [21/Jun/2025:02:05:44 +0200] "GET /robots.txt HTTP/1.1" 200 4107 "-" "Mozilla/5.0 (compatible; MJ12bot/v1.4.8; http://mj12bot.com/)"
195.201.199.99 - - [21/Jun/2025:02:05:46 +0200] "GET /index.htm HTTP/1.1" 200 8565 "-" "Mozilla/5.0 (compatible; MJ12bot/v1.4.8; http://mj12bot.com/)"
54.36.148.54 - - [21/Jun/2025:02:05:48 +0200] "GET /logistique-btob-distribution-paris.htm HTTP/1.1" 304 3678 "-" "Mozilla/5.0 (compatible; AhrefsBot/7.0; +http://ahrefs.com/robot/)"
54.36.148.23 - - [21/Jun/2025:02:05:52 +0200] "GET /logistique-e-commerce-marketplace.htm HTTP/1.1" 304 3685 "-" "Mozilla/5.0 (compatible; AhrefsBot/7.0; +http://ahrefs.com/robot/)"
217.113.194.67 - - [21/Jun/2025:02:05:54 +0200] "GET /logistique-de-la-mode-haut-de-gamme.htm HTTP/1.1" 304 3909 "-" "Mozilla/5.0 (compatible; Barkrowler/0.9; +https://babbar.tech/crawler)"
217.113.194.62 - - [21/Jun/2025:02:06:09 +0200] "GET /logistique-vente-en-ligne-cosmetique.htm HTTP/1.1" 304 3909 "-" "Mozilla/5.0 (compatible; Barkrowler/0.9; +https://babbar.tech/crawler)"
196.251.72.29 - - [21/Jun/2025:02:06:11 +0200] "GET /.env HTTP/1.1" 404 3596 "-" "Mozilla/5.0 (Linux; Android 7.0; Redmi Note 4 Build/NRD90M) AppleWebKit/537.36 (KHTML, like Gecko) Chrome/67.0.3396.87 Mobile Safari/537.36"
54.36.148.157 - - [21/Jun/2025:02:06:18 +0200] "GET /informatique-logistique.htm HTTP/1.1" 304 3685 "-" "Mozilla/5.0 (compatible; AhrefsBot/7.0; +http://ahrefs.com/robot/)"
217.113.194.71 - - [21/Jun/2025:02:06:24 +0200] "GET /logistique-site-e-commerce-ma.htm HTTP/1.1" 304 3909 "-" "Mozilla/5.0 (compatible; Barkrowler/0.9; +https://babbar.tech/crawler)"
185.191.171.14 - - [21/Jun/2025:02:06:27 +0200] "GET /robots.txt HTTP/1.1" 200 3720 "-" "Mozilla/5.0 (compatible; SemrushBot/7~bl; +http://www.semrush.com/bot.html)"
185.191.171.8 - - [21/Jun/2025:02:06:28 +0200] "GET /logistique-vente-en-ligne-cigarettes-electroniques.htm HTTP/1.1" 200 9112 "-" "Mozilla/5.0 (compatible; SemrushBot/7~bl; +http://www.semrush.com/bot.html)"
217.113.194.63 - - [21/Jun/2025:02:06:39 +0200] "GET /location-bureaux-yvelines-versailles.htm HTTP/1.1" 304 3909 "-" "Mozilla/5.0 (compatible; Barkrowler/0.9; +https://babbar.tech/crawler)"
54.36.148.9 - - [21/Jun/2025:02:06:48 +0200] "GET /actualites-logistique-2017.htm HTTP/1.1" 304 3685 "-" "Mozilla/5.0 (compatible; AhrefsBot/7.0; +http://ahrefs.com/robot/)"
217.113.194.62 - - [21/Jun/2025:02:06:54 +0200] "GET /ita/la-logistica-in-francia.htm HTTP/1.1" 200 8850 "-" "Mozilla/5.0 (compatible; Barkrowler/0.9; +https://babbar.tech/crawler)"
54.36.148.88 - - [21/Jun/2025:02:07:08 +0200] "GET /actualites-logistique-2016.htm HTTP/1.1" 304 3678 "-" "Mozilla/5.0 (compatible; AhrefsBot/7.0; +http://ahrefs.com/robot/)"
217.113.194.67 - - [21/Jun/2025:02:07:09 +0200] "GET /e-commerce-logistique-objets-deco.htm HTTP/1.1" 304 3909 "-" "Mozilla/5.0 (compatible; Barkrowler/0.9; +https://babbar.tech/crawler)"
34.23.9.160 - - [21/Jun/2025:02:07:12 +0200] "GET /gestion-logistique-des-retours.htm HTTP/1.0" 200 7812 "-" "ZoominfoBot (zoominfobot at zoominfo dot com)"
138.246.253.24 - - [21/Jun/2025:02:07:21 +0200] "GET /robots.txt HTTP/1.1" 200 3529 "-" "Mozilla/5.0 (Windows NT 10.0; Win64; x64) AppleWebKit/537.36 (KHTML, like Gecko) Chrome/103.0.5060.134 Safari/537.36"
217.113.194.67 - - [21/Jun/2025:02:07:24 +0200] "GET /e-commerce-logistique-e-commercant.htm HTTP/1.1" 304 3909 "-" "Mozilla/5.0 (compatible; Barkrowler/0.9; +https://babbar.tech/crawler)"
193.32.162.157 - - [21/Jun/2025:02:07:33 +0200] "-" 408 3137 "-" "-"
217.113.194.68 - - [21/Jun/2025:02:07:39 +0200] "GET /stockage-privatif-sos-stockage.htm HTTP/1.1" 304 3909 "-" "Mozilla/5.0 (compatible; Barkrowler/0.9; +https://babbar.tech/crawler)"
217.113.194.67 - - [21/Jun/2025:02:07:54 +0200] "GET /logistique-e-commerce-mode-made-in-france.htm HTTP/1.1" 304 3909 "-" "Mozilla/5.0 (compatible; Barkrowler/0.9; +https://babbar.tech/crawler)"
217.113.194.62 - - [21/Jun/2025:02:08:10 +0200] "GET /logistique-e-commerce-pieces-rechange.htm HTTP/1.1" 304 3909 "-" "Mozilla/5.0 (compatible; Barkrowler/0.9; +https://babbar.tech/crawler)"
54.36.148.156 - - [21/Jun/2025:02:08:12 +0200] "GET /logistique-des-produits-cosmetiques.htm HTTP/1.1" 304 3685 "-" "Mozilla/5.0 (compatible; AhrefsBot/7.0; +http://ahrefs.com/robot/)"
54.36.149.99 - - [21/Jun/2025:02:08:15 +0200] "GET /endurance-shopping.htm HTTP/1.1" 304 3685 "-" "Mozilla/5.0 (compatible; AhrefsBot/7.0; +http://ahrefs.com/robot/)"
217.113.194.67 - - [21/Jun/2025:02:08:25 +0200] "GET /logistique-e-commerce-epicerie-fine.htm HTTP/1.1" 304 3909 "-" "Mozilla/5.0 (compatible; Barkrowler/0.9; +https://babbar.tech/crawler)"
54.36.148.15 - - [21/Jun/2025:02:08:26 +0200] "GET /logistique-e-commerce.htm HTTP/1.1" 304 3678 "-" "Mozilla/5.0 (compatible; AhrefsBot/7.0; +http://ahrefs.com/robot/)"
217.113.194.71 - - [21/Jun/2025:02:08:40 +0200] "GET /logistique-e-commerce-externalisation.htm HTTP/1.1" 304 3909 "-" "Mozilla/5.0 (compatible; Barkrowler/0.9; +https://babbar.tech/crawler)"
217.113.194.63 - - [21/Jun/2025:02:08:55 +0200] "GET /logistique-e_commercant-e_commerce.htm HTTP/1.1" 304 3909 "-" "Mozilla/5.0 (compatible; Barkrowler/0.9; +https://babbar.tech/crawler)"
217.113.194.68 - - [21/Jun/2025:02:09:10 +0200] "GET /logistique-edition-diffuseur-livres.htm HTTP/1.1" 304 3909 "-" "Mozilla/5.0 (compatible; Barkrowler/0.9; +https://babbar.tech/crawler)"
217.113.194.62 - - [21/Jun/2025:02:09:25 +0200] "GET /logistique-pret-a-porter-repetto.htm HTTP/1.1" 304 3909 "-" "Mozilla/5.0 (compatible; Barkrowler/0.9; +https://babbar.tech/crawler)"
54.36.148.137 - - [21/Jun/2025:02:09:36 +0200] "GET /actualites-logistique-2018.htm HTTP/1.1" 304 3678 "-" "Mozilla/5.0 (compatible; AhrefsBot/7.0; +http://ahrefs.com/robot/)"
217.113.194.68 - - [21/Jun/2025:02:09:40 +0200] "GET /logistique-plv-marketing-distribution.htm HTTP/1.1" 304 3909 "-" "Mozilla/5.0 (compatible; Barkrowler/0.9; +https://babbar.tech/crawler)"
217.113.194.68 - - [21/Jun/2025:02:09:55 +0200] "GET /logisticien-grossiste-distributeur.htm HTTP/1.1" 304 3909 "-" "Mozilla/5.0 (compatible; Barkrowler/0.9; +https://babbar.tech/crawler)"
154.54.249.199 - - [21/Jun/2025:02:10:10 +0200] "GET /logistique-marque-linge-de-maison.htm HTTP/1.1" 304 3909 "-" "Mozilla/5.0 (compatible; Barkrowler/0.9; +https://babbar.tech/crawler)"
217.113.194.65 - - [21/Jun/2025:02:10:25 +0200] "GET /logistique-nouveau-site-e-commerce.htm HTTP/1.1" 304 3910 "-" "Mozilla/5.0 (compatible; Barkrowler/0.9; +https://babbar.tech/crawler)"
217.113.194.65 - - [21/Jun/2025:02:10:40 +0200] "GET /conseil-logistique-developpement-e-commerce.htm HTTP/1.1" 304 3909 "-" "Mozilla/5.0 (compatible; Barkrowler/0.9; +https://babbar.tech/crawler)"
54.36.149.84 - - [21/Jun/2025:02:10:46 +0200] "GET /plv-logistique-stockage.htm HTTP/1.1" 304 3685 "-" "Mozilla/5.0 (compatible; AhrefsBot/7.0; +http://ahrefs.com/robot/)"
217.113.194.245 - - [21/Jun/2025:02:10:55 +0200] "GET /conseil-logistique-transport-international.htm HTTP/1.1" 304 3910 "-" "Mozilla/5.0 (compatible; Barkrowler/0.9; +https://babbar.tech/crawler)"
54.36.148.178 - - [21/Jun/2025:02:11:07 +0200] "GET /logistique-co-packing.htm HTTP/1.1" 304 3678 "-" "Mozilla/5.0 (compatible; AhrefsBot/7.0; +http://ahrefs.com/robot/)"
217.113.194.69 - - [21/Jun/2025:02:11:10 +0200] "GET /barons-papillom-marque-de-sneakers.htm HTTP/1.1" 304 3909 "-" "Mozilla/5.0 (compatible; Barkrowler/0.9; +https://babbar.tech/crawler)"
217.113.194.68 - - [21/Jun/2025:02:11:25 +0200] "GET /plateforme-logistique-mode-marques-luxe.htm HTTP/1.1" 304 3909 "-" "Mozilla/5.0 (compatible; Barkrowler/0.9; +https://babbar.tech/crawler)"
217.113.194.64 - - [21/Jun/2025:02:11:40 +0200] "GET /logistique-e-commerce-complements-alimentaires.htm HTTP/1.1" 304 3909 "-" "Mozilla/5.0 (compatible; Barkrowler/0.9; +https://babbar.tech/crawler)"
217.113.194.245 - - [21/Jun/2025:02:11:56 +0200] "GET /logistique-btob-distribution-paris.htm HTTP/1.1" 304 3909 "-" "Mozilla/5.0 (compatible; Barkrowler/0.9; +https://babbar.tech/crawler)"
54.36.149.84 - - [21/Jun/2025:02:11:59 +0200] "GET /gestion-stock-e-commerce.htm HTTP/1.1" 304 3686 "-" "Mozilla/5.0 (compatible; AhrefsBot/7.0; +http://ahrefs.com/robot/)"
54.36.148.231 - - [21/Jun/2025:02:12:00 +0200] "GET /logisticien-ile-de-france-idf.htm HTTP/1.1" 304 3685 "-" "Mozilla/5.0 (compatible; AhrefsBot/7.0; +http://ahrefs.com/robot/)"
154.54.249.199 - - [21/Jun/2025:02:12:11 +0200] "GET /logisticien-e-commerce-tpe-pme.htm HTTP/1.1" 304 3910 "-" "Mozilla/5.0 (compatible; Barkrowler/0.9; +https://babbar.tech/crawler)"
217.113.194.63 - - [21/Jun/2025:02:12:26 +0200] "GET /logistique-mode-textile-sportswear.htm HTTP/1.1" 304 3909 "-" "Mozilla/5.0 (compatible; Barkrowler/0.9; +https://babbar.tech/crawler)"
217.113.194.67 - - [21/Jun/2025:02:12:41 +0200] "GET /gestion-informatisee-des-commandes-logistique.html HTTP/1.1" 304 3910 "-" "Mozilla/5.0 (compatible; Barkrowler/0.9; +https://babbar.tech/crawler)"
217.113.194.67 - - [21/Jun/2025:02:12:56 +0200] "GET /nouvelle-plateforme-logistique-e-commerce.htm HTTP/1.1" 304 3910 "-" "Mozilla/5.0 (compatible; Barkrowler/0.9; +https://babbar.tech/crawler)"
217.113.194.67 - - [21/Jun/2025:02:13:11 +0200] "GET /prestataire-logistique-e-commerce-web.htm HTTP/1.1" 304 3909 "-" "Mozilla/5.0 (compatible; Barkrowler/0.9; +https://babbar.tech/crawler)"
54.36.148.104 - - [21/Jun/2025:02:13:23 +0200] "GET /logistique-plv-marketing-distribution.htm HTTP/1.1" 304 3685 "-" "Mozilla/5.0 (compatible; AhrefsBot/7.0; +http://ahrefs.com/robot/)"
217.113.194.70 - - [21/Jun/2025:02:13:26 +0200] "GET /ita/logistica-distribuzione-francia.htm HTTP/1.1" 200 8187 "-" "Mozilla/5.0 (compatible; Barkrowler/0.9; +https://babbar.tech/crawler)"
54.36.148.235 - - [21/Jun/2025:02:13:34 +0200] "GET /ita/la-logistica-in-francia.htm HTTP/1.1" 304 3685 "-" "Mozilla/5.0 (compatible; AhrefsBot/7.0; +http://ahrefs.com/robot/)"
217.113.194.62 - - [21/Jun/2025:02:13:41 +0200] "GET /logistique-pour-le-e-commerce-pret-a-porter.htm HTTP/1.1" 304 3909 "-" "Mozilla/5.0 (compatible; Barkrowler/0.9; +https://babbar.tech/crawler)"
