217.113.194.227 - - [21/Jun/2025:01:24:25 +0200] "GET /logistique-chaussures.htm HTTP/1.1" 304 3909 "-" "Mozilla/5.0 (compatible; Barkrowler/0.9; +https://babbar.tech/crawler)"
217.113.194.227 - - [21/Jun/2025:01:24:40 +0200] "GET /logistique-chaussure.htm HTTP/1.1" 304 3909 "-" "Mozilla/5.0 (compatible; Barkrowler/0.9; +https://babbar.tech/crawler)"
217.113.194.230 - - [21/Jun/2025:01:24:55 +0200] "GET /logistique-cosmetique.htm HTTP/1.1" 304 3909 "-" "Mozilla/5.0 (compatible; Barkrowler/0.9; +https://babbar.tech/crawler)"
217.113.194.230 - - [21/Jun/2025:01:25:10 +0200] "GET /chaussons-beaba.htm HTTP/1.1" 304 3909 "-" "Mozilla/5.0 (compatible; Barkrowler/0.9; +https://babbar.tech/crawler)"
54.36.148.214 - - [21/Jun/2025:01:25:11 +0200] "GET /demande-devis-logistique-en-ligne.htm HTTP/1.1" 304 3678 "-" "Mozilla/5.0 (compatible; AhrefsBot/7.0; +http://ahrefs.com/robot/)"
217.113.194.226 - - [21/Jun/2025:01:25:25 +0200] "GET /actualites-logistique.htm HTTP/1.1" 304 3909 "-" "Mozilla/5.0 (compatible; Barkrowler/0.9; +https://babbar.tech/crawler)"
217.113.194.231 - - [21/Jun/2025:01:25:40 +0200] "GET /conditionnement-a-facon.htm HTTP/1.1" 304 3909 "-" "Mozilla/5.0 (compatible; Barkrowler/0.9; +https://babbar.tech/crawler)"
54.36.148.148 - - [21/Jun/2025:01:25:48 +0200] "GET /devis-logistique-e-commerce.htm HTTP/1.1" 304 3685 "-" "Mozilla/5.0 (compatible; AhrefsBot/7.0; +http://ahrefs.com/robot/)"
217.113.194.226 - - [21/Jun/2025:01:25:55 +0200] "GET /endurance-shopping.htm HTTP/1.1" 304 3909 "-" "Mozilla/5.0 (compatible; Barkrowler/0.9; +https://babbar.tech/crawler)"
217.113.194.253 - - [21/Jun/2025:01:26:11 +0200] "GET /e-commerce-logistique.htm HTTP/1.1" 304 3909 "-" "Mozilla/5.0 (compatible; Barkrowler/0.9; +https://babbar.tech/crawler)"
154.54.249.217 - - [21/Jun/2025:01:26:26 +0200] "GET /logisticien-e-commerce.html HTTP/1.1" 304 3909 "-" "Mozilla/5.0 (compatible; Barkrowler/0.9; +https://babbar.tech/crawler)"
54.36.148.151 - - [21/Jun/2025:01:26:37 +0200] "GET /mentions-legales.htm HTTP/1.1" 304 3685 "-" "Mozilla/5.0 (compatible; AhrefsBot/7.0; +http://ahrefs.com/robot/)"
154.54.249.217 - - [21/Jun/2025:01:26:41 +0200] "GET /logistique-lingerie.htm HTTP/1.1" 304 3909 "-" "Mozilla/5.0 (compatible; Barkrowler/0.9; +https://babbar.tech/crawler)"
217.113.194.227 - - [21/Jun/2025:01:26:56 +0200] "GET /logistique-vente-privee.htm HTTP/1.1" 304 3909 "-" "Mozilla/5.0 (compatible; Barkrowler/0.9; +https://babbar.tech/crawler)"
54.36.148.179 - - [21/Jun/2025:01:27:02 +0200] "GET /logisticien-ile-de-france-idf.htm HTTP/1.1" 304 3678 "-" "Mozilla/5.0 (compatible; AhrefsBot/7.0; +http://ahrefs.com/robot/)"
34.139.87.2 - - [21/Jun/2025:01:27:10 +0200] "GET /robots.txt HTTP/1.0" 301 550 "-" "Mozilla/5.0/(X11; Linux x86_64) AppleWebKit/537.36 (KHTML, like Gecko) Chrome/125.0.0.0 Safari/537.36"
34.139.87.2 - - [21/Jun/2025:01:27:10 +0200] "GET /robots.txt HTTP/1.1" 200 3403 "-" "Mozilla/5.0/(X11; Linux x86_64) AppleWebKit/537.36 (KHTML, like Gecko) Chrome/125.0.0.0 Safari/537.36"
34.139.87.2 - - [21/Jun/2025:01:27:10 +0200] "GET / HTTP/1.0" 301 534 "-" "Mozilla/5.0/(X11; Linux x86_64) AppleWebKit/537.36 (KHTML, like Gecko) Chrome/125.0.0.0 Safari/537.36"
217.113.194.227 - - [21/Jun/2025:01:27:11 +0200] "GET /logistique-maroquinerie.htm HTTP/1.1" 304 3909 "-" "Mozilla/5.0 (compatible; Barkrowler/0.9; +https://babbar.tech/crawler)"
54.36.149.91 - - [21/Jun/2025:01:27:14 +0200] "GET /actualites-logistique-2018.htm HTTP/1.1" 304 3685 "-" "Mozilla/5.0 (compatible; AhrefsBot/7.0; +http://ahrefs.com/robot/)"
52.167.144.55 - - [21/Jun/2025:01:27:18 +0200] "GET /robots.txt HTTP/1.1" 200 3661 "-" "Mozilla/5.0 AppleWebKit/537.36 (KHTML, like Gecko; compatible; bingbot/2.0; +http://www.bing.com/bingbot.htm) Chrome/116.0.1938.76 Safari/537.36"
52.167.144.55 - - [21/Jun/2025:01:27:18 +0200] "GET /robots.txt HTTP/1.1" 200 3661 "-" "Mozilla/5.0 AppleWebKit/537.36 (KHTML, like Gecko; compatible; bingbot/2.0; +http://www.bing.com/bingbot.htm) Chrome/116.0.1938.76 Safari/537.36"
217.113.194.231 - - [21/Jun/2025:01:27:26 +0200] "GET /logistique-textile.htm HTTP/1.1" 304 3909 "-" "Mozilla/5.0 (compatible; Barkrowler/0.9; +https://babbar.tech/crawler)"
52.167.144.171 - - [21/Jun/2025:01:27:29 +0200] "GET /conseil-logistique-e-commerce.htm HTTP/1.1" 200 9111 "-" "Mozilla/5.0 AppleWebKit/537.36 (KHTML, like Gecko; compatible; bingbot/2.0; +http://www.bing.com/bingbot.htm) Chrome/116.0.1938.76 Safari/537.36"
217.113.194.230 - - [21/Jun/2025:01:27:41 +0200] "GET /devis-logistique-plv.htm HTTP/1.1" 304 3909 "-" "Mozilla/5.0 (compatible; Barkrowler/0.9; +https://babbar.tech/crawler)"
217.113.194.222 - - [21/Jun/2025:01:27:56 +0200] "GET /chaussure-dragon-sea.htm HTTP/1.1" 304 3909 "-" "Mozilla/5.0 (compatible; Barkrowler/0.9; +https://babbar.tech/crawler)"
217.113.194.228 - - [21/Jun/2025:01:28:11 +0200] "GET /prestataire-logistique.htm HTTP/1.1" 304 3909 "-" "Mozilla/5.0 (compatible; Barkrowler/0.9; +https://babbar.tech/crawler)"
217.113.194.253 - - [21/Jun/2025:01:28:26 +0200] "GET /actualites-logistique-2018.htm HTTP/1.1" 304 3909 "-" "Mozilla/5.0 (compatible; Barkrowler/0.9; +https://babbar.tech/crawler)"
217.113.194.226 - - [21/Jun/2025:01:28:41 +0200] "GET /poteries-persannes.htm HTTP/1.1" 304 3909 "-" "Mozilla/5.0 (compatible; Barkrowler/0.9; +https://babbar.tech/crawler)"
217.113.194.253 - - [21/Jun/2025:01:28:56 +0200] "GET /logistique-e-commerce-retail.htm HTTP/1.1" 304 3909 "-" "Mozilla/5.0 (compatible; Barkrowler/0.9; +https://babbar.tech/crawler)"
54.36.149.21 - - [21/Jun/2025:01:29:00 +0200] "GET /actualites-logistique-2020.htm HTTP/1.1" 304 3686 "-" "Mozilla/5.0 (compatible; AhrefsBot/7.0; +http://ahrefs.com/robot/)"
217.113.194.222 - - [21/Jun/2025:01:29:11 +0200] "GET /logistique-createur-mode.htm HTTP/1.1" 304 3909 "-" "Mozilla/5.0 (compatible; Barkrowler/0.9; +https://babbar.tech/crawler)"
54.36.148.243 - - [21/Jun/2025:01:29:17 +0200] "GET /logistique-e-commerce-marketplace.htm HTTP/1.1" 304 3678 "-" "Mozilla/5.0 (compatible; AhrefsBot/7.0; +http://ahrefs.com/robot/)"
37.65.26.22 - - [21/Jun/2025:01:29:26 +0200] "GET /logistique-client.htm HTTP/1.1" 200 8643 "https://www.google.com/" "Mozilla/5.0 (iPhone; CPU iPhone OS 18_5 like Mac OS X) AppleWebKit/605.1.15 (KHTML, like Gecko) Version/18.5 Mobile/15E148 Safari/604.1"
37.65.26.22 - - [21/Jun/2025:01:29:26 +0200] "GET /css/fonts/font-awesome/css/font-awesome.css HTTP/1.1" 200 4767 "https://www.endurancelogistique.fr/logistique-client.htm" "Mozilla/5.0 (iPhone; CPU iPhone OS 18_5 like Mac OS X) AppleWebKit/605.1.15 (KHTML, like Gecko) Version/18.5 Mobile/15E148 Safari/604.1"
37.65.26.22 - - [21/Jun/2025:01:29:26 +0200] "GET /css/bootstrap.css HTTP/1.1" 200 19486 "https://www.endurancelogistique.fr/logistique-client.htm" "Mozilla/5.0 (iPhone; CPU iPhone OS 18_5 like Mac OS X) AppleWebKit/605.1.15 (KHTML, like Gecko) Version/18.5 Mobile/15E148 Safari/604.1"
37.65.26.22 - - [21/Jun/2025:01:29:26 +0200] "GET /css/theme-elements.css HTTP/1.1" 200 8795 "https://www.endurancelogistique.fr/logistique-client.htm" "Mozilla/5.0 (iPhone; CPU iPhone OS 18_5 like Mac OS X) AppleWebKit/605.1.15 (KHTML, like Gecko) Version/18.5 Mobile/15E148 Safari/604.1"
37.65.26.22 - - [21/Jun/2025:01:29:26 +0200] "GET /css/theme-animate.css HTTP/1.1" 200 2809 "https://www.endurancelogistique.fr/logistique-client.htm" "Mozilla/5.0 (iPhone; CPU iPhone OS 18_5 like Mac OS X) AppleWebKit/605.1.15 (KHTML, like Gecko) Version/18.5 Mobile/15E148 Safari/604.1"
37.65.26.22 - - [21/Jun/2025:01:29:26 +0200] "GET /css/skins/blue.css HTTP/1.1" 200 1777 "https://www.endurancelogistique.fr/logistique-client.htm" "Mozilla/5.0 (iPhone; CPU iPhone OS 18_5 like Mac OS X) AppleWebKit/605.1.15 (KHTML, like Gecko) Version/18.5 Mobile/15E148 Safari/604.1"
37.65.26.22 - - [21/Jun/2025:01:29:26 +0200] "GET /vendor/owl-carousel/owl.carousel.css HTTP/1.1" 200 1004 "https://www.endurancelogistique.fr/logistique-client.htm" "Mozilla/5.0 (iPhone; CPU iPhone OS 18_5 like Mac OS X) AppleWebKit/605.1.15 (KHTML, like Gecko) Version/18.5 Mobile/15E148 Safari/604.1"
37.65.26.22 - - [21/Jun/2025:01:29:26 +0200] "GET /css/custom.css HTTP/1.1" 200 512 "https://www.endurancelogistique.fr/logistique-client.htm" "Mozilla/5.0 (iPhone; CPU iPhone OS 18_5 like Mac OS X) AppleWebKit/605.1.15 (KHTML, like Gecko) Version/18.5 Mobile/15E148 Safari/604.1"
37.65.26.22 - - [21/Jun/2025:01:29:26 +0200] "GET /css/theme-responsive.css HTTP/1.1" 200 2984 "https://www.endurancelogistique.fr/logistique-client.htm" "Mozilla/5.0 (iPhone; CPU iPhone OS 18_5 like Mac OS X) AppleWebKit/605.1.15 (KHTML, like Gecko) Version/18.5 Mobile/15E148 Safari/604.1"
37.65.26.22 - - [21/Jun/2025:01:29:26 +0200] "GET /vendor/modernizr.js HTTP/1.1" 200 4644 "https://www.endurancelogistique.fr/logistique-client.htm" "Mozilla/5.0 (iPhone; CPU iPhone OS 18_5 like Mac OS X) AppleWebKit/605.1.15 (KHTML, like Gecko) Version/18.5 Mobile/15E148 Safari/604.1"
37.65.26.22 - - [21/Jun/2025:01:29:26 +0200] "GET /vendor/magnific-popup/magnific-popup.css HTTP/1.1" 200 5062 "https://www.endurancelogistique.fr/logistique-client.htm" "Mozilla/5.0 (iPhone; CPU iPhone OS 18_5 like Mac OS X) AppleWebKit/605.1.15 (KHTML, like Gecko) Version/18.5 Mobile/15E148 Safari/604.1"
37.65.26.22 - - [21/Jun/2025:01:29:26 +0200] "GET /css/theme.css HTTP/1.1" 200 9444 "https://www.endurancelogistique.fr/logistique-client.htm" "Mozilla/5.0 (iPhone; CPU iPhone OS 18_5 like Mac OS X) AppleWebKit/605.1.15 (KHTML, like Gecko) Version/18.5 Mobile/15E148 Safari/604.1"
37.65.26.22 - - [21/Jun/2025:01:29:26 +0200] "GET /vendor/owl-carousel/owl.theme.css HTTP/1.1" 200 4022 "https://www.endurancelogistique.fr/logistique-client.htm" "Mozilla/5.0 (iPhone; CPU iPhone OS 18_5 like Mac OS X) AppleWebKit/605.1.15 (KHTML, like Gecko) Version/18.5 Mobile/15E148 Safari/604.1"
37.65.26.22 - - [21/Jun/2025:01:29:26 +0200] "GET /vendor/jquery.js HTTP/1.1" 200 33955 "https://www.endurancelogistique.fr/logistique-client.htm" "Mozilla/5.0 (iPhone; CPU iPhone OS 18_5 like Mac OS X) AppleWebKit/605.1.15 (KHTML, like Gecko) Version/18.5 Mobile/15E148 Safari/604.1"
37.65.26.22 - - [21/Jun/2025:01:29:26 +0200] "GET /vendor/jquery.easing.js HTTP/1.1" 200 1291 "https://www.endurancelogistique.fr/logistique-client.htm" "Mozilla/5.0 (iPhone; CPU iPhone OS 18_5 like Mac OS X) AppleWebKit/605.1.15 (KHTML, like Gecko) Version/18.5 Mobile/15E148 Safari/604.1"
37.65.26.22 - - [21/Jun/2025:01:29:26 +0200] "GET /js/plugins.js HTTP/1.1" 200 5468 "https://www.endurancelogistique.fr/logistique-client.htm" "Mozilla/5.0 (iPhone; CPU iPhone OS 18_5 like Mac OS X) AppleWebKit/605.1.15 (KHTML, like Gecko) Version/18.5 Mobile/15E148 Safari/604.1"
37.65.26.22 - - [21/Jun/2025:01:29:26 +0200] "GET /vendor/jquery.appear.js HTTP/1.1" 200 1140 "https://www.endurancelogistique.fr/logistique-client.htm" "Mozilla/5.0 (iPhone; CPU iPhone OS 18_5 like Mac OS X) AppleWebKit/605.1.15 (KHTML, like Gecko) Version/18.5 Mobile/15E148 Safari/604.1"
37.65.26.22 - - [21/Jun/2025:01:29:26 +0200] "GET /vendor/jquery.cookie.js HTTP/1.1" 200 1240 "https://www.endurancelogistique.fr/logistique-client.htm" "Mozilla/5.0 (iPhone; CPU iPhone OS 18_5 like Mac OS X) AppleWebKit/605.1.15 (KHTML, like Gecko) Version/18.5 Mobile/15E148 Safari/604.1"
37.65.26.22 - - [21/Jun/2025:01:29:26 +0200] "GET /vendor/bootstrap.js HTTP/1.1" 200 8087 "https://www.endurancelogistique.fr/logistique-client.htm" "Mozilla/5.0 (iPhone; CPU iPhone OS 18_5 like Mac OS X) AppleWebKit/605.1.15 (KHTML, like Gecko) Version/18.5 Mobile/15E148 Safari/604.1"
37.65.26.22 - - [21/Jun/2025:01:29:26 +0200] "GET /vendor/twitterjs/twitter.js HTTP/1.1" 200 1915 "https://www.endurancelogistique.fr/logistique-client.htm" "Mozilla/5.0 (iPhone; CPU iPhone OS 18_5 like Mac OS X) AppleWebKit/605.1.15 (KHTML, like Gecko) Version/18.5 Mobile/15E148 Safari/604.1"
37.65.26.22 - - [21/Jun/2025:01:29:26 +0200] "GET /vendor/magnific-popup/magnific-popup.js HTTP/1.1" 200 8089 "https://www.endurancelogistique.fr/logistique-client.htm" "Mozilla/5.0 (iPhone; CPU iPhone OS 18_5 like Mac OS X) AppleWebKit/605.1.15 (KHTML, like Gecko) Version/18.5 Mobile/15E148 Safari/604.1"
37.65.26.22 - - [21/Jun/2025:01:29:26 +0200] "GET /vendor/owl-carousel/owl.carousel.js HTTP/1.1" 200 7389 "https://www.endurancelogistique.fr/logistique-client.htm" "Mozilla/5.0 (iPhone; CPU iPhone OS 18_5 like Mac OS X) AppleWebKit/605.1.15 (KHTML, like Gecko) Version/18.5 Mobile/15E148 Safari/604.1"
37.65.26.22 - - [21/Jun/2025:01:29:26 +0200] "GET /js/custom.js HTTP/1.1" 200 525 "https://www.endurancelogistique.fr/logistique-client.htm" "Mozilla/5.0 (iPhone; CPU iPhone OS 18_5 like Mac OS X) AppleWebKit/605.1.15 (KHTML, like Gecko) Version/18.5 Mobile/15E148 Safari/604.1"
37.65.26.22 - - [21/Jun/2025:01:29:26 +0200] "GET /js/theme.js HTTP/1.1" 200 5262 "https://www.endurancelogistique.fr/logistique-client.htm" "Mozilla/5.0 (iPhone; CPU iPhone OS 18_5 like Mac OS X) AppleWebKit/605.1.15 (KHTML, like Gecko) Version/18.5 Mobile/15E148 Safari/604.1"
37.65.26.22 - - [21/Jun/2025:01:29:26 +0200] "GET /vendor/jquery.validate.js HTTP/1.1" 200 6830 "https://www.endurancelogistique.fr/logistique-client.htm" "Mozilla/5.0 (iPhone; CPU iPhone OS 18_5 like Mac OS X) AppleWebKit/605.1.15 (KHTML, like Gecko) Version/18.5 Mobile/15E148 Safari/604.1"
37.65.26.22 - - [21/Jun/2025:01:29:26 +0200] "GET /img/endurance-logistique.png HTTP/1.1" 200 3142 "https://www.endurancelogistique.fr/logistique-client.htm" "Mozilla/5.0 (iPhone; CPU iPhone OS 18_5 like Mac OS X) AppleWebKit/605.1.15 (KHTML, like Gecko) Version/18.5 Mobile/15E148 Safari/604.1"
37.65.26.22 - - [21/Jun/2025:01:29:26 +0200] "GET /img/flag_it.png HTTP/1.1" 200 450 "https://www.endurancelogistique.fr/logistique-client.htm" "Mozilla/5.0 (iPhone; CPU iPhone OS 18_5 like Mac OS X) AppleWebKit/605.1.15 (KHTML, like Gecko) Version/18.5 Mobile/15E148 Safari/604.1"
37.65.26.22 - - [21/Jun/2025:01:29:26 +0200] "GET /css/fonts/font-awesome/fonts/fontawesome-webfont.woff?v=4.0.3 HTTP/1.1" 200 44842 "https://www.endurancelogistique.fr/logistique-client.htm" "Mozilla/5.0 (iPhone; CPU iPhone OS 18_5 like Mac OS X) AppleWebKit/605.1.15 (KHTML, like Gecko) Version/18.5 Mobile/15E148 Safari/604.1"
37.65.26.22 - - [21/Jun/2025:01:29:26 +0200] "GET /img/endurance-logistique-logo.png HTTP/1.1" 200 2885 "https://www.endurancelogistique.fr/logistique-client.htm" "Mozilla/5.0 (iPhone; CPU iPhone OS 18_5 like Mac OS X) AppleWebKit/605.1.15 (KHTML, like Gecko) Version/18.5 Mobile/15E148 Safari/604.1"
37.65.26.22 - - [21/Jun/2025:01:29:26 +0200] "GET /img/endurance-logistique-123.png HTTP/1.1" 200 1779 "https://www.endurancelogistique.fr/logistique-client.htm" "Mozilla/5.0 (iPhone; CPU iPhone OS 18_5 like Mac OS X) AppleWebKit/605.1.15 (KHTML, like Gecko) Version/18.5 Mobile/15E148 Safari/604.1"
37.65.26.22 - - [21/Jun/2025:01:29:26 +0200] "GET /img/list-primary.png HTTP/1.1" 200 474 "https://www.endurancelogistique.fr/logistique-client.htm" "Mozilla/5.0 (iPhone; CPU iPhone OS 18_5 like Mac OS X) AppleWebKit/605.1.15 (KHTML, like Gecko) Version/18.5 Mobile/15E148 Safari/604.1"
37.65.26.22 - - [21/Jun/2025:01:29:26 +0200] "GET /favicon.ico HTTP/1.1" 200 1758 "https://www.endurancelogistique.fr/logistique-client.htm" "Mozilla/5.0 (iPhone; CPU iPhone OS 18_5 like Mac OS X) AppleWebKit/605.1.15 (KHTML, like Gecko) Version/18.5 Mobile/15E148 Safari/604.1"
217.113.194.226 - - [21/Jun/2025:01:29:26 +0200] "GET /logistique-boutique-en-ligne.html HTTP/1.1" 304 3909 "-" "Mozilla/5.0 (compatible; Barkrowler/0.9; +https://babbar.tech/crawler)"
54.36.148.230 - - [21/Jun/2025:01:29:35 +0200] "GET /e-commerce-logistique-e-commercant.htm HTTP/1.1" 304 3685 "-" "Mozilla/5.0 (compatible; AhrefsBot/7.0; +http://ahrefs.com/robot/)"
217.113.194.245 - - [21/Jun/2025:01:29:41 +0200] "GET /robots.txt HTTP/1.1" 200 4166 "-" "Mozilla/5.0 (compatible; Barkrowler/0.9; +https://babbar.tech/crawler)"
217.113.194.229 - - [21/Jun/2025:01:29:41 +0200] "GET /logistique-mode-design.htm HTTP/1.1" 304 3909 "-" "Mozilla/5.0 (compatible; Barkrowler/0.9; +https://babbar.tech/crawler)"
217.113.194.253 - - [21/Jun/2025:01:29:57 +0200] "GET /tarif-logistique-e-commerce.htm HTTP/1.1" 304 3910 "-" "Mozilla/5.0 (compatible; Barkrowler/0.9; +https://babbar.tech/crawler)"
217.113.194.245 - - [21/Jun/2025:01:29:57 +0200] "GET / HTTP/1.1" 304 3910 "-" "Mozilla/5.0 (compatible; Barkrowler/0.9; +https://babbar.tech/crawler)"
54.36.149.100 - - [21/Jun/2025:01:30:06 +0200] "GET /actualites-logistique-2013.htm HTTP/1.1" 304 3685 "-" "Mozilla/5.0 (compatible; AhrefsBot/7.0; +http://ahrefs.com/robot/)"
154.54.249.217 - - [21/Jun/2025:01:30:12 +0200] "GET /interface-client-logistique.htm HTTP/1.1" 304 3909 "-" "Mozilla/5.0 (compatible; Barkrowler/0.9; +https://babbar.tech/crawler)"
217.113.194.64 - - [21/Jun/2025:01:30:12 +0200] "GET /index.htm HTTP/1.1" 304 3910 "-" "Mozilla/5.0 (compatible; Barkrowler/0.9; +https://babbar.tech/crawler)"
217.113.194.225 - - [21/Jun/2025:01:30:27 +0200] "GET /chaussures-basketball-and1.htm HTTP/1.1" 304 3909 "-" "Mozilla/5.0 (compatible; Barkrowler/0.9; +https://babbar.tech/crawler)"
217.113.194.69 - - [21/Jun/2025:01:30:27 +0200] "GET /ita/index.htm HTTP/1.1" 200 10414 "-" "Mozilla/5.0 (compatible; Barkrowler/0.9; +https://babbar.tech/crawler)"
217.113.194.226 - - [21/Jun/2025:01:30:42 +0200] "GET /conseil-logistique-e-commerce.htm HTTP/1.1" 304 3909 "-" "Mozilla/5.0 (compatible; Barkrowler/0.9; +https://babbar.tech/crawler)"
217.113.194.70 - - [21/Jun/2025:01:30:42 +0200] "GET /ita/contatti.htm HTTP/1.1" 200 7825 "-" "Mozilla/5.0 (compatible; Barkrowler/0.9; +https://babbar.tech/crawler)"
217.113.194.229 - - [21/Jun/2025:01:30:57 +0200] "GET /actualites-logistique-2017.htm HTTP/1.1" 304 3909 "-" "Mozilla/5.0 (compatible; Barkrowler/0.9; +https://babbar.tech/crawler)"
217.113.194.70 - - [21/Jun/2025:01:30:58 +0200] "GET /erima.htm HTTP/1.1" 304 3909 "-" "Mozilla/5.0 (compatible; Barkrowler/0.9; +https://babbar.tech/crawler)"
217.113.194.227 - - [21/Jun/2025:01:31:12 +0200] "GET /actualites-logistique-2015.htm HTTP/1.1" 304 3909 "-" "Mozilla/5.0 (compatible; Barkrowler/0.9; +https://babbar.tech/crawler)"
217.113.194.64 - - [21/Jun/2025:01:31:13 +0200] "GET /mentions-legales.htm HTTP/1.1" 304 3909 "-" "Mozilla/5.0 (compatible; Barkrowler/0.9; +https://babbar.tech/crawler)"
54.36.149.59 - - [21/Jun/2025:01:31:21 +0200] "GET /stockage-essonne.htm HTTP/1.1" 304 3678 "-" "Mozilla/5.0 (compatible; AhrefsBot/7.0; +http://ahrefs.com/robot/)"
217.113.194.231 - - [21/Jun/2025:01:31:27 +0200] "GET /actualites-logistique-2013.htm HTTP/1.1" 304 3909 "-" "Mozilla/5.0 (compatible; Barkrowler/0.9; +https://babbar.tech/crawler)"
217.113.194.69 - - [21/Jun/2025:01:31:28 +0200] "GET /hypox.htm HTTP/1.1" 304 3909 "-" "Mozilla/5.0 (compatible; Barkrowler/0.9; +https://babbar.tech/crawler)"
217.113.194.225 - - [21/Jun/2025:01:31:42 +0200] "GET /actualites-logistique-2010.htm HTTP/1.1" 304 3909 "-" "Mozilla/5.0 (compatible; Barkrowler/0.9; +https://babbar.tech/crawler)"
217.113.194.64 - - [21/Jun/2025:01:31:43 +0200] "GET /boutique-and1.htm HTTP/1.1" 304 3909 "-" "Mozilla/5.0 (compatible; Barkrowler/0.9; +https://babbar.tech/crawler)"
54.36.148.181 - - [21/Jun/2025:01:31:48 +0200] "GET /stockage-yvelines.htm HTTP/1.1" 304 3685 "-" "Mozilla/5.0 (compatible; AhrefsBot/7.0; +http://ahrefs.com/robot/)"
217.113.194.228 - - [21/Jun/2025:01:31:57 +0200] "GET /actualites-logistique-2016.htm HTTP/1.1" 304 3909 "-" "Mozilla/5.0 (compatible; Barkrowler/0.9; +https://babbar.tech/crawler)"
217.113.194.69 - - [21/Jun/2025:01:31:58 +0200] "GET /services-logistiques.htm HTTP/1.1" 304 3909 "-" "Mozilla/5.0 (compatible; Barkrowler/0.9; +https://babbar.tech/crawler)"
217.113.194.222 - - [21/Jun/2025:01:32:12 +0200] "GET /actualites-logistique-2019.htm HTTP/1.1" 304 3910 "-" "Mozilla/5.0 (compatible; Barkrowler/0.9; +https://babbar.tech/crawler)"
217.113.194.67 - - [21/Jun/2025:01:32:13 +0200] "GET /stockage-yvelines.htm HTTP/1.1" 304 3909 "-" "Mozilla/5.0 (compatible; Barkrowler/0.9; +https://babbar.tech/crawler)"
217.113.194.231 - - [21/Jun/2025:01:32:27 +0200] "GET /plv-logistique-stockage.htm HTTP/1.1" 304 3909 "-" "Mozilla/5.0 (compatible; Barkrowler/0.9; +https://babbar.tech/crawler)"
217.113.194.71 - - [21/Jun/2025:01:32:28 +0200] "GET /logistique-client.htm HTTP/1.1" 304 3909 "-" "Mozilla/5.0 (compatible; Barkrowler/0.9; +https://babbar.tech/crawler)"
217.113.194.253 - - [21/Jun/2025:01:32:42 +0200] "GET /stockage-logistique-e-commerce.htm HTTP/1.1" 304 3909 "-" "Mozilla/5.0 (compatible; Barkrowler/0.9; +https://babbar.tech/crawler)"
217.113.194.64 - - [21/Jun/2025:01:32:43 +0200] "GET /logistique-yvelines.htm HTTP/1.1" 304 3909 "-" "Mozilla/5.0 (compatible; Barkrowler/0.9; +https://babbar.tech/crawler)"
54.36.148.253 - - [21/Jun/2025:01:32:55 +0200] "GET /presse-actualites-logistique.htm HTTP/1.1" 304 3685 "-" "Mozilla/5.0 (compatible; AhrefsBot/7.0; +http://ahrefs.com/robot/)"
217.113.194.226 - - [21/Jun/2025:01:32:57 +0200] "GET /logistique-decoupe-tissus.htm HTTP/1.1" 304 3909 "-" "Mozilla/5.0 (compatible; Barkrowler/0.9; +https://babbar.tech/crawler)"
217.113.194.245 - - [21/Jun/2025:01:32:58 +0200] "GET /logistique-retail.htm HTTP/1.1" 304 3909 "-" "Mozilla/5.0 (compatible; Barkrowler/0.9; +https://babbar.tech/crawler)"
54.36.148.15 - - [21/Jun/2025:01:33:06 +0200] "GET /logistique-des-marques.htm HTTP/1.1" 304 3678 "-" "Mozilla/5.0 (compatible; AhrefsBot/7.0; +http://ahrefs.com/robot/)"
217.113.194.231 - - [21/Jun/2025:01:33:12 +0200] "GET /logistique-e-commerce-luxe.htm HTTP/1.1" 304 3909 "-" "Mozilla/5.0 (compatible; Barkrowler/0.9; +https://babbar.tech/crawler)"
217.113.194.69 - - [21/Jun/2025:01:33:13 +0200] "GET /logistique-mode.htm HTTP/1.1" 304 3909 "-" "Mozilla/5.0 (compatible; Barkrowler/0.9; +https://babbar.tech/crawler)"
154.54.249.217 - - [21/Jun/2025:01:33:27 +0200] "GET /logistique-distribution-chaussures.htm HTTP/1.1" 304 3909 "-" "Mozilla/5.0 (compatible; Barkrowler/0.9; +https://babbar.tech/crawler)"
54.36.149.4 - - [21/Jun/2025:01:33:27 +0200] "GET /actualites-logistique-2015.htm HTTP/1.1" 304 3685 "-" "Mozilla/5.0 (compatible; AhrefsBot/7.0; +http://ahrefs.com/robot/)"
217.113.194.69 - - [21/Jun/2025:01:33:28 +0200] "GET /devis-logistique.htm HTTP/1.1" 304 3909 "-" "Mozilla/5.0 (compatible; Barkrowler/0.9; +https://babbar.tech/crawler)"
217.113.194.230 - - [21/Jun/2025:01:33:42 +0200] "GET /logistique-distribution-presse.htm HTTP/1.1" 304 3909 "-" "Mozilla/5.0 (compatible; Barkrowler/0.9; +https://babbar.tech/crawler)"
217.113.194.69 - - [21/Jun/2025:01:33:43 +0200] "GET /sav-logistique.htm HTTP/1.1" 304 3909 "-" "Mozilla/5.0 (compatible; Barkrowler/0.9; +https://babbar.tech/crawler)"
217.113.194.224 - - [21/Jun/2025:01:33:58 +0200] "GET /logisticien-boutique-en-ligne.htm HTTP/1.1" 304 3909 "-" "Mozilla/5.0 (compatible; Barkrowler/0.9; +https://babbar.tech/crawler)"
217.113.194.66 - - [21/Jun/2025:01:33:58 +0200] "GET /chaussures-spira.htm HTTP/1.1" 304 3909 "-" "Mozilla/5.0 (compatible; Barkrowler/0.9; +https://babbar.tech/crawler)"
34.139.87.2 - - [21/Jun/2025:01:33:59 +0200] "GET /robots.txt HTTP/1.0" 301 551 "-" "Mozilla/5.0/(X11; Linux x86_64) AppleWebKit/537.36 (KHTML, like Gecko) Chrome/125.0.0.0 Safari/537.36"
34.139.87.2 - - [21/Jun/2025:01:33:59 +0200] "GET /robots.txt HTTP/1.1" 200 3403 "-" "Mozilla/5.0/(X11; Linux x86_64) AppleWebKit/537.36 (KHTML, like Gecko) Chrome/125.0.0.0 Safari/537.36"
34.139.87.2 - - [21/Jun/2025:01:34:00 +0200] "GET / HTTP/1.0" 301 534 "-" "Mozilla/5.0/(X11; Linux x86_64) AppleWebKit/537.36 (KHTML, like Gecko) Chrome/125.0.0.0 Safari/537.36"
34.139.87.2 - - [21/Jun/2025:01:34:00 +0200] "GET /robots.txt HTTP/1.0" 200 460 "-" "Mozilla/5.0/(X11; Linux x86_64) AppleWebKit/537.36 (KHTML, like Gecko) Chrome/125.0.0.0 Safari/537.36"
34.139.87.2 - - [21/Jun/2025:01:34:01 +0200] "GET / HTTP/1.0" 200 11546 "-" "Mozilla/5.0/(X11; Linux x86_64) AppleWebKit/537.36 (KHTML, like Gecko) Chrome/125.0.0.0 Safari/537.36"
54.36.148.66 - - [21/Jun/2025:01:34:04 +0200] "GET /contact-logistique-yvelines.htm HTTP/1.1" 304 3685 "-" "Mozilla/5.0 (compatible; AhrefsBot/7.0; +http://ahrefs.com/robot/)"
217.113.194.65 - - [21/Jun/2025:01:34:14 +0200] "GET /e-logistique.htm HTTP/1.1" 304 3909 "-" "Mozilla/5.0 (compatible; Barkrowler/0.9; +https://babbar.tech/crawler)"
154.54.249.217 - - [21/Jun/2025:01:34:14 +0200] "GET /logistique-chaussures-chaussons.htm HTTP/1.1" 304 3909 "-" "Mozilla/5.0 (compatible; Barkrowler/0.9; +https://babbar.tech/crawler)"
54.36.148.98 - - [21/Jun/2025:01:34:15 +0200] "GET /logistique-vente-privee.htm HTTP/1.1" 304 3685 "-" "Mozilla/5.0 (compatible; AhrefsBot/7.0; +http://ahrefs.com/robot/)"
34.23.9.160 - - [21/Jun/2025:01:34:25 +0200] "GET /robots.txt HTTP/1.0" 200 3422 "-" "ZoominfoBot (zoominfobot at zoominfo dot com)"
34.23.9.160 - - [21/Jun/2025:01:34:26 +0200] "GET /logisticien-ile-de-france-idf.htm HTTP/1.0" 200 9122 "-" "ZoominfoBot (zoominfobot at zoominfo dot com)"
154.54.249.199 - - [21/Jun/2025:01:34:29 +0200] "GET /mode-logistique.htm HTTP/1.1" 304 3909 "-" "Mozilla/5.0 (compatible; Barkrowler/0.9; +https://babbar.tech/crawler)"
217.113.194.231 - - [21/Jun/2025:01:34:29 +0200] "GET /envois-en-nombre-colis.htm HTTP/1.1" 304 3909 "-" "Mozilla/5.0 (compatible; Barkrowler/0.9; +https://babbar.tech/crawler)"
217.113.194.64 - - [21/Jun/2025:01:34:44 +0200] "GET /ecommerce-logistique.htm HTTP/1.1" 304 3909 "-" "Mozilla/5.0 (compatible; Barkrowler/0.9; +https://babbar.tech/crawler)"
217.113.194.226 - - [21/Jun/2025:01:34:44 +0200] "GET /devis-logistique-e-commerce.htm HTTP/1.1" 304 3909 "-" "Mozilla/5.0 (compatible; Barkrowler/0.9; +https://babbar.tech/crawler)"
54.36.148.179 - - [21/Jun/2025:01:34:46 +0200] "GET /externalisation-logistique-e-commerce.htm HTTP/1.1" 304 3678 "-" "Mozilla/5.0 (compatible; AhrefsBot/7.0; +http://ahrefs.com/robot/)"
217.113.194.245 - - [21/Jun/2025:01:34:59 +0200] "GET /entrepot-yvelines.htm HTTP/1.1" 304 3909 "-" "Mozilla/5.0 (compatible; Barkrowler/0.9; +https://babbar.tech/crawler)"
217.113.194.228 - - [21/Jun/2025:01:34:59 +0200] "GET /chaussures-handball-hummel.htm HTTP/1.1" 304 3909 "-" "Mozilla/5.0 (compatible; Barkrowler/0.9; +https://babbar.tech/crawler)"
217.113.194.245 - - [21/Jun/2025:01:35:14 +0200] "GET /stockage-essonne.htm HTTP/1.1" 304 3909 "-" "Mozilla/5.0 (compatible; Barkrowler/0.9; +https://babbar.tech/crawler)"
217.113.194.223 - - [21/Jun/2025:01:35:15 +0200] "GET /preparation-commande-e-commerce.htm HTTP/1.1" 304 3909 "-" "Mozilla/5.0 (compatible; Barkrowler/0.9; +https://babbar.tech/crawler)"
88.170.20.161 - - [21/Jun/2025:01:35:18 +0200] "GET / HTTP/1.1" 200 45479 "-" "Mozilla/5.0 (Windows NT 6.1; Win64; x64; rv:47.0) Gecko/20100101 Firefox/47.0"
88.170.20.161 - - [21/Jun/2025:01:35:19 +0200] "GET /mentions-legales.htm HTTP/1.1" 200 15725 "-" "Mozilla/5.0 (Windows NT 6.1; Win64; x64; rv:47.0) Gecko/20100101 Firefox/47.0"
88.170.20.161 - - [21/Jun/2025:01:35:19 +0200] "GET /contact-logistique-yvelines.htm HTTP/1.1" 200 20716 "-" "Mozilla/5.0 (Windows NT 6.1; Win64; x64; rv:47.0) Gecko/20100101 Firefox/47.0"
34.23.9.160 - - [21/Jun/2025:01:35:27 +0200] "GET /logistique-co-packing.htm HTTP/1.0" 200 7660 "-" "ZoominfoBot (zoominfobot at zoominfo dot com)"
217.113.194.66 - - [21/Jun/2025:01:35:29 +0200] "GET /logistique-e-commerce.htm HTTP/1.1" 304 3909 "-" "Mozilla/5.0 (compatible; Barkrowler/0.9; +https://babbar.tech/crawler)"
217.113.194.225 - - [21/Jun/2025:01:35:30 +0200] "GET /externalisation-logistique-e-commerce.htm HTTP/1.1" 304 3909 "-" "Mozilla/5.0 (compatible; Barkrowler/0.9; +https://babbar.tech/crawler)"
217.113.194.68 - - [21/Jun/2025:01:35:44 +0200] "GET /logistique-des-marques.htm HTTP/1.1" 304 3909 "-" "Mozilla/5.0 (compatible; Barkrowler/0.9; +https://babbar.tech/crawler)"
154.54.249.217 - - [21/Jun/2025:01:35:45 +0200] "GET /e-cigarettes-kangertech.htm HTTP/1.1" 304 3909 "-" "Mozilla/5.0 (compatible; Barkrowler/0.9; +https://babbar.tech/crawler)"
34.23.9.160 - - [21/Jun/2025:01:35:53 +0200] "GET /stockage-logistique-e-commerce.htm HTTP/1.0" 200 10312 "-" "ZoominfoBot (zoominfobot at zoominfo dot com)"
34.23.9.160 - - [21/Jun/2025:01:35:58 +0200] "GET /stockage-essonne.htm HTTP/1.0" 200 8154 "-" "ZoominfoBot (zoominfobot at zoominfo dot com)"
217.113.194.64 - - [21/Jun/2025:01:35:59 +0200] "GET /logistique-globale.htm HTTP/1.1" 304 3909 "-" "Mozilla/5.0 (compatible; Barkrowler/0.9; +https://babbar.tech/crawler)"
34.23.9.160 - - [21/Jun/2025:01:36:01 +0200] "GET /informatique-logistique.htm HTTP/1.0" 200 7837 "-" "ZoominfoBot (zoominfobot at zoominfo dot com)"
217.113.194.227 - - [21/Jun/2025:01:36:01 +0200] "GET /logistique-esat-78-yvelines.htm HTTP/1.1" 304 3909 "-" "Mozilla/5.0 (compatible; Barkrowler/0.9; +https://babbar.tech/crawler)"
217.113.194.68 - - [21/Jun/2025:01:36:14 +0200] "GET /logistique-chaussures.htm HTTP/1.1" 304 3909 "-" "Mozilla/5.0 (compatible; Barkrowler/0.9; +https://babbar.tech/crawler)"
34.23.9.160 - - [21/Jun/2025:01:36:14 +0200] "GET /sav-logistique.htm HTTP/1.0" 200 7892 "-" "ZoominfoBot (zoominfobot at zoominfo dot com)"
217.113.194.223 - - [21/Jun/2025:01:36:16 +0200] "GET /logistique-linge-de-maison.htm HTTP/1.1" 304 3909 "-" "Mozilla/5.0 (compatible; Barkrowler/0.9; +https://babbar.tech/crawler)"
54.36.148.210 - - [21/Jun/2025:01:36:24 +0200] "GET /actualites-logistique-2019.htm HTTP/1.1" 304 3686 "-" "Mozilla/5.0 (compatible; AhrefsBot/7.0; +http://ahrefs.com/robot/)"
54.36.148.136 - - [21/Jun/2025:01:36:26 +0200] "GET /envois-en-nombre-colis.htm HTTP/1.1" 304 3678 "-" "Mozilla/5.0 (compatible; AhrefsBot/7.0; +http://ahrefs.com/robot/)"
217.113.194.64 - - [21/Jun/2025:01:36:29 +0200] "GET /logistique-chaussure.htm HTTP/1.1" 304 3909 "-" "Mozilla/5.0 (compatible; Barkrowler/0.9; +https://babbar.tech/crawler)"
217.113.194.229 - - [21/Jun/2025:01:36:32 +0200] "GET /cahier-des-charges-logistique.htm HTTP/1.1" 304 3909 "-" "Mozilla/5.0 (compatible; Barkrowler/0.9; +https://babbar.tech/crawler)"
54.36.148.135 - - [21/Jun/2025:01:36:40 +0200] "GET /informatique-logistique.htm HTTP/1.1" 304 3685 "-" "Mozilla/5.0 (compatible; AhrefsBot/7.0; +http://ahrefs.com/robot/)"
217.113.194.68 - - [21/Jun/2025:01:36:44 +0200] "GET /logistique-cosmetique.htm HTTP/1.1" 304 3909 "-" "Mozilla/5.0 (compatible; Barkrowler/0.9; +https://babbar.tech/crawler)"
217.113.194.225 - - [21/Jun/2025:01:36:47 +0200] "GET /prestataire-logistique-e-commerce.htm HTTP/1.1" 304 3909 "-" "Mozilla/5.0 (compatible; Barkrowler/0.9; +https://babbar.tech/crawler)"
217.113.194.62 - - [21/Jun/2025:01:36:59 +0200] "GET /logistique-co-packing.htm HTTP/1.1" 304 3909 "-" "Mozilla/5.0 (compatible; Barkrowler/0.9; +https://babbar.tech/crawler)"
217.113.194.226 - - [21/Jun/2025:01:37:02 +0200] "GET /e-commerce-logistique-textile.htm HTTP/1.1" 304 3909 "-" "Mozilla/5.0 (compatible; Barkrowler/0.9; +https://babbar.tech/crawler)"
217.113.194.70 - - [21/Jun/2025:01:37:14 +0200] "GET /informatique-logistique.htm HTTP/1.1" 304 3909 "-" "Mozilla/5.0 (compatible; Barkrowler/0.9; +https://babbar.tech/crawler)"
217.113.194.225 - - [21/Jun/2025:01:37:17 +0200] "GET /logistique-e-commerce-pieces-detachees.htm HTTP/1.1" 304 3909 "-" "Mozilla/5.0 (compatible; Barkrowler/0.9; +https://babbar.tech/crawler)"
217.113.194.64 - - [21/Jun/2025:01:37:29 +0200] "GET /chaussons-beaba.htm HTTP/1.1" 304 3909 "-" "Mozilla/5.0 (compatible; Barkrowler/0.9; +https://babbar.tech/crawler)"
154.54.249.217 - - [21/Jun/2025:01:37:32 +0200] "GET /logistique-e-commerce-ile-de-france.htm HTTP/1.1" 304 3909 "-" "Mozilla/5.0 (compatible; Barkrowler/0.9; +https://babbar.tech/crawler)"
54.36.148.235 - - [21/Jun/2025:01:37:37 +0200] "GET /contact-logistique-yvelines.htm HTTP/1.1" 304 3685 "-" "Mozilla/5.0 (compatible; AhrefsBot/7.0; +http://ahrefs.com/robot/)"
217.113.194.63 - - [21/Jun/2025:01:37:44 +0200] "GET /gestion-rupture-stock.htm HTTP/1.1" 304 3909 "-" "Mozilla/5.0 (compatible; Barkrowler/0.9; +https://babbar.tech/crawler)"
34.23.9.160 - - [21/Jun/2025:01:37:45 +0200] "GET /vente-en-ligne-logistique-e-commerce.htm HTTP/1.0" 200 11554 "-" "ZoominfoBot (zoominfobot at zoominfo dot com)"
54.36.149.44 - - [21/Jun/2025:01:37:47 +0200] "GET /index.htm HTTP/1.1" 304 3686 "-" "Mozilla/5.0 (compatible; AhrefsBot/7.0; +http://ahrefs.com/robot/)"
217.113.194.223 - - [21/Jun/2025:01:37:48 +0200] "GET /logistique-e-commerce-hight-tech.htm HTTP/1.1" 304 3909 "-" "Mozilla/5.0 (compatible; Barkrowler/0.9; +https://babbar.tech/crawler)"
217.113.194.63 - - [21/Jun/2025:01:38:00 +0200] "GET /actualites-logistique.htm HTTP/1.1" 304 3909 "-" "Mozilla/5.0 (compatible; Barkrowler/0.9; +https://babbar.tech/crawler)"
217.113.194.225 - - [21/Jun/2025:01:38:03 +0200] "GET /logistique-vente-en-ligne-cosmetique.htm HTTP/1.1" 304 3909 "-" "Mozilla/5.0 (compatible; Barkrowler/0.9; +https://babbar.tech/crawler)"
217.113.194.64 - - [21/Jun/2025:01:38:15 +0200] "GET /conditionnement-a-facon.htm HTTP/1.1" 304 3909 "-" "Mozilla/5.0 (compatible; Barkrowler/0.9; +https://babbar.tech/crawler)"
217.113.194.225 - - [21/Jun/2025:01:38:18 +0200] "GET /logistique-site-e-commerce-ma.htm HTTP/1.1" 304 3909 "-" "Mozilla/5.0 (compatible; Barkrowler/0.9; +https://babbar.tech/crawler)"
217.113.194.63 - - [21/Jun/2025:01:38:31 +0200] "GET /endurance-shopping.htm HTTP/1.1" 304 3909 "-" "Mozilla/5.0 (compatible; Barkrowler/0.9; +https://babbar.tech/crawler)"
217.113.194.231 - - [21/Jun/2025:01:38:33 +0200] "GET /location-bureaux-yvelines-versailles.htm HTTP/1.1" 304 3909 "-" "Mozilla/5.0 (compatible; Barkrowler/0.9; +https://babbar.tech/crawler)"
217.113.194.63 - - [21/Jun/2025:01:38:46 +0200] "GET /acces-stockage-yvelines.htm HTTP/1.1" 304 3909 "-" "Mozilla/5.0 (compatible; Barkrowler/0.9; +https://babbar.tech/crawler)"
217.113.194.227 - - [21/Jun/2025:01:38:48 +0200] "GET /ita/soluzioni-logistiche-e-commerce.htm HTTP/1.1" 304 3910 "-" "Mozilla/5.0 (compatible; Barkrowler/0.9; +https://babbar.tech/crawler)"
217.113.194.64 - - [21/Jun/2025:01:39:01 +0200] "GET /webservices-e-commerce.htm HTTP/1.1" 304 3909 "-" "Mozilla/5.0 (compatible; Barkrowler/0.9; +https://babbar.tech/crawler)"
54.36.149.44 - - [21/Jun/2025:01:39:01 +0200] "GET /services-logistiques.htm HTTP/1.1" 304 3685 "-" "Mozilla/5.0 (compatible; AhrefsBot/7.0; +http://ahrefs.com/robot/)"
217.113.194.224 - - [21/Jun/2025:01:39:03 +0200] "GET /e-commerce-logistique-objets-deco.htm HTTP/1.1" 304 3909 "-" "Mozilla/5.0 (compatible; Barkrowler/0.9; +https://babbar.tech/crawler)"
217.113.194.245 - - [21/Jun/2025:01:39:16 +0200] "GET /e-commerce-logistique.htm HTTP/1.1" 304 3909 "-" "Mozilla/5.0 (compatible; Barkrowler/0.9; +https://babbar.tech/crawler)"
54.36.148.72 - - [21/Jun/2025:01:39:17 +0200] "GET /actualites-logistique.htm HTTP/1.1" 304 3685 "-" "Mozilla/5.0 (compatible; AhrefsBot/7.0; +http://ahrefs.com/robot/)"
217.113.194.226 - - [21/Jun/2025:01:39:18 +0200] "GET /e-commerce-logistique-e-commercant.htm HTTP/1.1" 304 3909 "-" "Mozilla/5.0 (compatible; Barkrowler/0.9; +https://babbar.tech/crawler)"
54.36.148.88 - - [21/Jun/2025:01:39:26 +0200] "GET /logistique-chaussure.htm HTTP/1.1" 304 3678 "-" "Mozilla/5.0 (compatible; AhrefsBot/7.0; +http://ahrefs.com/robot/)"
217.113.194.68 - - [21/Jun/2025:01:39:31 +0200] "GET /logistique-jeux-jouets.htm HTTP/1.1" 304 3909 "-" "Mozilla/5.0 (compatible; Barkrowler/0.9; +https://babbar.tech/crawler)"
217.113.194.227 - - [21/Jun/2025:01:39:33 +0200] "GET /e-commerce-fulfillment-logistics-france.htm HTTP/1.1" 304 3909 "-" "Mozilla/5.0 (compatible; Barkrowler/0.9; +https://babbar.tech/crawler)"
54.36.148.12 - - [21/Jun/2025:01:39:35 +0200] "GET /ita/contatti.htm HTTP/1.1" 304 3685 "-" "Mozilla/5.0 (compatible; AhrefsBot/7.0; +http://ahrefs.com/robot/)"
217.113.194.69 - - [21/Jun/2025:01:39:46 +0200] "GET /logistique-multicanal.htm HTTP/1.1" 304 3909 "-" "Mozilla/5.0 (compatible; Barkrowler/0.9; +https://babbar.tech/crawler)"
217.113.194.222 - - [21/Jun/2025:01:39:48 +0200] "GET /stockage-privatif-sos-stockage.htm HTTP/1.1" 304 3909 "-" "Mozilla/5.0 (compatible; Barkrowler/0.9; +https://babbar.tech/crawler)"
217.113.194.69 - - [21/Jun/2025:01:40:01 +0200] "GET /logisticien-e-commerce.html HTTP/1.1" 304 3909 "-" "Mozilla/5.0 (compatible; Barkrowler/0.9; +https://babbar.tech/crawler)"
217.113.194.223 - - [21/Jun/2025:01:40:03 +0200] "GET /logistique-e-commerce-mode-made-in-france.htm HTTP/1.1" 304 3909 "-" "Mozilla/5.0 (compatible; Barkrowler/0.9; +https://babbar.tech/crawler)"
154.54.249.199 - - [21/Jun/2025:01:40:16 +0200] "GET /logistique-lingerie.htm HTTP/1.1" 304 3909 "-" "Mozilla/5.0 (compatible; Barkrowler/0.9; +https://babbar.tech/crawler)"
217.113.194.224 - - [21/Jun/2025:01:40:18 +0200] "GET /logistique-pret-a-porter-repetto.htm HTTP/1.1" 304 3909 "-" "Mozilla/5.0 (compatible; Barkrowler/0.9; +https://babbar.tech/crawler)"
217.113.194.70 - - [21/Jun/2025:01:40:31 +0200] "GET /logistique-vente-privee.htm HTTP/1.1" 304 3909 "-" "Mozilla/5.0 (compatible; Barkrowler/0.9; +https://babbar.tech/crawler)"
217.113.194.227 - - [21/Jun/2025:01:40:33 +0200] "GET /logistique-plv-marketing-distribution.htm HTTP/1.1" 304 3909 "-" "Mozilla/5.0 (compatible; Barkrowler/0.9; +https://babbar.tech/crawler)"
54.36.148.253 - - [21/Jun/2025:01:40:42 +0200] "GET /devis-logistique.htm HTTP/1.1" 304 3678 "-" "Mozilla/5.0 (compatible; AhrefsBot/7.0; +http://ahrefs.com/robot/)"
217.113.194.62 - - [21/Jun/2025:01:40:46 +0200] "GET /logistique-maroquinerie.htm HTTP/1.1" 304 3909 "-" "Mozilla/5.0 (compatible; Barkrowler/0.9; +https://babbar.tech/crawler)"
217.113.194.230 - - [21/Jun/2025:01:40:48 +0200] "GET /logistic-fashion-and-design-in-france.htm HTTP/1.1" 304 3909 "-" "Mozilla/5.0 (compatible; Barkrowler/0.9; +https://babbar.tech/crawler)"
217.113.194.245 - - [21/Jun/2025:01:41:01 +0200] "GET /logistique-textile.htm HTTP/1.1" 304 3909 "-" "Mozilla/5.0 (compatible; Barkrowler/0.9; +https://babbar.tech/crawler)"
217.113.194.225 - - [21/Jun/2025:01:41:03 +0200] "GET /conseil-logistique-developpement-e-commerce.htm HTTP/1.1" 304 3909 "-" "Mozilla/5.0 (compatible; Barkrowler/0.9; +https://babbar.tech/crawler)"
217.113.194.71 - - [21/Jun/2025:01:41:16 +0200] "GET /contact-logistique-yvelines.htm HTTP/1.1" 304 3909 "-" "Mozilla/5.0 (compatible; Barkrowler/0.9; +https://babbar.tech/crawler)"
217.113.194.222 - - [21/Jun/2025:01:41:18 +0200] "GET /conseil-logistique-transport-international.htm HTTP/1.1" 304 3910 "-" "Mozilla/5.0 (compatible; Barkrowler/0.9; +https://babbar.tech/crawler)"
106.75.9.58 - - [21/Jun/2025:01:41:25 +0200] "GET / HTTP/1.1" 400 3536 "-" "NTRIP GNSSInternetRadio"
106.75.9.58 - - [21/Jun/2025:01:41:25 +0200] "GET /" 404 684 "-" "-"
106.75.9.58 - - [21/Jun/2025:01:41:26 +0200] "GET /" 404 684 "-" "-"
106.75.9.58 - - [21/Jun/2025:01:41:26 +0200] "GET /" 404 684 "-" "-"
106.75.9.58 - - [21/Jun/2025:01:41:27 +0200] "GET /" 404 684 "-" "-"
106.75.9.58 - - [21/Jun/2025:01:41:28 +0200] "GET / HTTP/1.1" 200 45208 "-" "-"
17.241.219.243 - - [21/Jun/2025:01:41:30 +0200] "GET /robots.txt HTTP/1.1" 200 4110 "-" "Mozilla/5.0 (Macintosh; Intel Mac OS X 10_15_7) AppleWebKit/605.1.15 (KHTML, like Gecko) Version/17.4 Safari/605.1.15 (Applebot/0.1; +http://www.apple.com/go/applebot)"
17.241.219.243 - - [21/Jun/2025:01:41:31 +0200] "GET /chaussures-running-spira.htm HTTP/1.1" 200 5482 "-" "Mozilla/5.0 (Macintosh; Intel Mac OS X 10_15_7) AppleWebKit/605.1.15 (KHTML, like Gecko) Version/17.4 Safari/605.1.15 (Applebot/0.1; +http://www.apple.com/go/applebot)"
217.113.194.245 - - [21/Jun/2025:01:41:31 +0200] "GET /devis-logistique-plv.htm HTTP/1.1" 304 3909 "-" "Mozilla/5.0 (compatible; Barkrowler/0.9; +https://babbar.tech/crawler)"
217.113.194.224 - - [21/Jun/2025:01:41:33 +0200] "GET /ita/logistica-della-moda-design-in-francia.htm HTTP/1.1" 200 9036 "-" "Mozilla/5.0 (compatible; Barkrowler/0.9; +https://babbar.tech/crawler)"
217.113.194.63 - - [21/Jun/2025:01:41:46 +0200] "GET /gestion-stocks-e-commerce.htm HTTP/1.1" 304 3909 "-" "Mozilla/5.0 (compatible; Barkrowler/0.9; +https://babbar.tech/crawler)"
154.54.249.217 - - [21/Jun/2025:01:41:48 +0200] "GET /plateforme-logistique-mode-marques-luxe.htm HTTP/1.1" 304 3909 "-" "Mozilla/5.0 (compatible; Barkrowler/0.9; +https://babbar.tech/crawler)"
54.36.148.107 - - [21/Jun/2025:01:41:51 +0200] "GET /gestion-stocks-e-commerce.htm HTTP/1.1" 304 3685 "-" "Mozilla/5.0 (compatible; AhrefsBot/7.0; +http://ahrefs.com/robot/)"
54.36.148.70 - - [21/Jun/2025:01:41:57 +0200] "GET /actualites-logistique-2011.htm HTTP/1.1" 304 3685 "-" "Mozilla/5.0 (compatible; AhrefsBot/7.0; +http://ahrefs.com/robot/)"
66.249.64.4 - - [21/Jun/2025:01:41:59 +0200] "GET /css/skins/blue.css HTTP/1.1" 200 4958 "https://www.wordup-traduction.com/" "Mozilla/5.0 (Linux; Android 6.0.1; Nexus 5X Build/MMB29P) AppleWebKit/537.36 (KHTML, like Gecko) Chrome/137.0.7151.68 Mobile Safari/537.36 (compatible; Googlebot/2.1; +http://www.google.com/bot.html)"
66.249.64.3 - - [21/Jun/2025:01:41:59 +0200] "GET /css/theme.css HTTP/1.1" 200 9662 "https://www.wordup-traduction.com/" "Mozilla/5.0 (Linux; Android 6.0.1; Nexus 5X Build/MMB29P) AppleWebKit/537.36 (KHTML, like Gecko) Chrome/137.0.7151.68 Mobile Safari/537.36 (compatible; Googlebot/2.1; +http://www.google.com/bot.html)"
66.249.64.2 - - [21/Jun/2025:01:42:01 +0200] "GET /css/theme-responsive.css HTTP/1.1" 200 6165 "https://www.wordup-traduction.com/" "Mozilla/5.0 (Linux; Android 6.0.1; Nexus 5X Build/MMB29P) AppleWebKit/537.36 (KHTML, like Gecko) Chrome/137.0.7151.68 Mobile Safari/537.36 (compatible; Googlebot/2.1; +http://www.google.com/bot.html)"
66.249.64.3 - - [21/Jun/2025:01:42:01 +0200] "GET /vendor/owl-carousel/owl.theme.css HTTP/1.1" 200 1059 "https://www.wordup-traduction.com/" "Mozilla/5.0 (Linux; Android 6.0.1; Nexus 5X Build/MMB29P) AppleWebKit/537.36 (KHTML, like Gecko) Chrome/137.0.7151.68 Mobile Safari/537.36 (compatible; Googlebot/2.1; +http://www.google.com/bot.html)"
66.249.64.3 - - [21/Jun/2025:01:42:01 +0200] "GET /css/theme-elements.css HTTP/1.1" 200 8795 "https://www.wordup-traduction.com/" "Mozilla/5.0 (Linux; Android 6.0.1; Nexus 5X Build/MMB29P) AppleWebKit/537.36 (KHTML, like Gecko) Chrome/137.0.7151.68 Mobile Safari/537.36 (compatible; Googlebot/2.1; +http://www.google.com/bot.html)"
217.113.194.70 - - [21/Jun/2025:01:42:02 +0200] "GET /gestion-stock-e-commerce.htm HTTP/1.1" 304 3910 "-" "Mozilla/5.0 (compatible; Barkrowler/0.9; +https://babbar.tech/crawler)"
66.249.64.3 - - [21/Jun/2025:01:42:02 +0200] "GET /css/bootstrap.css HTTP/1.1" 200 16523 "https://www.wordup-traduction.com/" "Mozilla/5.0 (Linux; Android 6.0.1; Nexus 5X Build/MMB29P) AppleWebKit/537.36 (KHTML, like Gecko) Chrome/137.0.7151.68 Mobile Safari/537.36 (compatible; Googlebot/2.1; +http://www.google.com/bot.html)"
66.249.64.3 - - [21/Jun/2025:01:42:02 +0200] "GET /vendor/owl-carousel/owl.carousel.css HTTP/1.1" 200 866 "https://www.wordup-traduction.com/" "Mozilla/5.0 (Linux; Android 6.0.1; Nexus 5X Build/MMB29P) AppleWebKit/537.36 (KHTML, like Gecko) Chrome/137.0.7151.68 Mobile Safari/537.36 (compatible; Googlebot/2.1; +http://www.google.com/bot.html)"
66.249.64.3 - - [21/Jun/2025:01:42:03 +0200] "GET /css/custom.css HTTP/1.1" 200 512 "https://www.wordup-traduction.com/" "Mozilla/5.0 (Linux; Android 6.0.1; Nexus 5X Build/MMB29P) AppleWebKit/537.36 (KHTML, like Gecko) Chrome/137.0.7151.68 Mobile Safari/537.36 (compatible; Googlebot/2.1; +http://www.google.com/bot.html)"
66.249.64.3 - - [21/Jun/2025:01:42:03 +0200] "GET /vendor/jquery.js HTTP/1.1" 200 33955 "https://www.wordup-traduction.com/" "Mozilla/5.0 (Linux; Android 6.0.1; Nexus 5X Build/MMB29P) AppleWebKit/537.36 (KHTML, like Gecko) Chrome/137.0.7151.68 Mobile Safari/537.36 (compatible; Googlebot/2.1; +http://www.google.com/bot.html)"
217.113.194.225 - - [21/Jun/2025:01:42:04 +0200] "GET /logistique-e-commerce-complements-alimentaires.htm HTTP/1.1" 304 3909 "-" "Mozilla/5.0 (compatible; Barkrowler/0.9; +https://babbar.tech/crawler)"
66.249.64.2 - - [21/Jun/2025:01:42:04 +0200] "GET /vendor/owl-carousel/owl.carousel.js HTTP/1.1" 200 7389 "https://www.wordup-traduction.com/" "Mozilla/5.0 (Linux; Android 6.0.1; Nexus 5X Build/MMB29P) AppleWebKit/537.36 (KHTML, like Gecko) Chrome/137.0.7151.68 Mobile Safari/537.36 (compatible; Googlebot/2.1; +http://www.google.com/bot.html)"
66.249.64.2 - - [21/Jun/2025:01:42:04 +0200] "GET /js/views/view.home.js HTTP/1.1" 200 1420 "https://www.wordup-traduction.com/" "Mozilla/5.0 (Linux; Android 6.0.1; Nexus 5X Build/MMB29P) AppleWebKit/537.36 (KHTML, like Gecko) Chrome/137.0.7151.68 Mobile Safari/537.36 (compatible; Googlebot/2.1; +http://www.google.com/bot.html)"
66.249.64.3 - - [21/Jun/2025:01:42:05 +0200] "GET /vendor/jquery.validate.js HTTP/1.1" 200 6830 "https://www.wordup-traduction.com/" "Mozilla/5.0 (Linux; Android 6.0.1; Nexus 5X Build/MMB29P) AppleWebKit/537.36 (KHTML, like Gecko) Chrome/137.0.7151.68 Mobile Safari/537.36 (compatible; Googlebot/2.1; +http://www.google.com/bot.html)"
66.249.64.2 - - [21/Jun/2025:01:42:05 +0200] "GET /vendor/jquery.appear.js HTTP/1.1" 200 1140 "https://www.wordup-traduction.com/" "Mozilla/5.0 (Linux; Android 6.0.1; Nexus 5X Build/MMB29P) AppleWebKit/537.36 (KHTML, like Gecko) Chrome/137.0.7151.68 Mobile Safari/537.36 (compatible; Googlebot/2.1; +http://www.google.com/bot.html)"
66.249.64.3 - - [21/Jun/2025:01:42:06 +0200] "GET /c=%22js/custom.js%22 HTTP/1.1" 404 696 "https://www.wordup-traduction.com/" "Mozilla/5.0 (Linux; Android 6.0.1; Nexus 5X Build/MMB29P) AppleWebKit/537.36 (KHTML, like Gecko) Chrome/137.0.7151.68 Mobile Safari/537.36 (compatible; Googlebot/2.1; +http://www.google.com/bot.html)"
66.249.64.2 - - [21/Jun/2025:01:42:06 +0200] "GET /vendor/rs-plugin/js/jquery.themepunch.revolution.js HTTP/1.1" 200 20432 "https://www.wordup-traduction.com/" "Mozilla/5.0 (Linux; Android 6.0.1; Nexus 5X Build/MMB29P) AppleWebKit/537.36 (KHTML, like Gecko) Chrome/137.0.7151.68 Mobile Safari/537.36 (compatible; Googlebot/2.1; +http://www.google.com/bot.html)"
66.249.64.3 - - [21/Jun/2025:01:42:07 +0200] "GET /vendor/rs-plugin/js/jquery.themepunch.plugins.min.js HTTP/1.1" 200 23968 "https://www.wordup-traduction.com/" "Mozilla/5.0 (Linux; Android 6.0.1; Nexus 5X Build/MMB29P) AppleWebKit/537.36 (KHTML, like Gecko) Chrome/137.0.7151.68 Mobile Safari/537.36 (compatible; Googlebot/2.1; +http://www.google.com/bot.html)"
66.249.64.2 - - [21/Jun/2025:01:42:07 +0200] "GET /vendor/jquery.easing.js HTTP/1.1" 200 1291 "https://www.wordup-traduction.com/" "Mozilla/5.0 (Linux; Android 6.0.1; Nexus 5X Build/MMB29P) AppleWebKit/537.36 (KHTML, like Gecko) Chrome/137.0.7151.68 Mobile Safari/537.36 (compatible; Googlebot/2.1; +http://www.google.com/bot.html)"
66.249.64.2 - - [21/Jun/2025:01:42:08 +0200] "GET /js/theme.js HTTP/1.1" 200 5262 "https://www.wordup-traduction.com/" "Mozilla/5.0 (Linux; Android 6.0.1; Nexus 5X Build/MMB29P) AppleWebKit/537.36 (KHTML, like Gecko) Chrome/137.0.7151.68 Mobile Safari/537.36 (compatible; Googlebot/2.1; +http://www.google.com/bot.html)"
66.249.64.2 - - [21/Jun/2025:01:42:08 +0200] "GET /js/plugins.js HTTP/1.1" 200 5468 "https://www.wordup-traduction.com/" "Mozilla/5.0 (Linux; Android 6.0.1; Nexus 5X Build/MMB29P) AppleWebKit/537.36 (KHTML, like Gecko) Chrome/137.0.7151.68 Mobile Safari/537.36 (compatible; Googlebot/2.1; +http://www.google.com/bot.html)"
66.249.64.3 - - [21/Jun/2025:01:42:09 +0200] "GET /vendor/bootstrap.js HTTP/1.1" 200 8087 "https://www.wordup-traduction.com/" "Mozilla/5.0 (Linux; Android 6.0.1; Nexus 5X Build/MMB29P) AppleWebKit/537.36 (KHTML, like Gecko) Chrome/137.0.7151.68 Mobile Safari/537.36 (compatible; Googlebot/2.1; +http://www.google.com/bot.html)"
66.249.64.2 - - [21/Jun/2025:01:42:09 +0200] "GET /c=%22js/custom.js%22 HTTP/1.1" 404 696 "https://www.wordup-traduction.com/" "Mozilla/5.0 (Linux; Android 6.0.1; Nexus 5X Build/MMB29P) AppleWebKit/537.36 (KHTML, like Gecko) Chrome/137.0.7151.68 Mobile Safari/537.36 (compatible; Googlebot/2.1; +http://www.google.com/bot.html)"
66.249.70.68 - - [21/Jun/2025:01:42:10 +0200] "GET /favicon.ico HTTP/1.1" 200 4932 "-" "Googlebot-Image/1.0"
54.36.148.152 - - [21/Jun/2025:01:42:13 +0200] "GET /acces-stockage-yvelines.htm HTTP/1.1" 304 3685 "-" "Mozilla/5.0 (compatible; AhrefsBot/7.0; +http://ahrefs.com/robot/)"
217.113.194.68 - - [21/Jun/2025:01:42:17 +0200] "GET /chaussure-dragon-sea.htm HTTP/1.1" 304 3909 "-" "Mozilla/5.0 (compatible; Barkrowler/0.9; +https://babbar.tech/crawler)"
217.113.194.230 - - [21/Jun/2025:01:42:19 +0200] "GET /logisticien-e-commerce-tpe-pme.htm HTTP/1.1" 304 3910 "-" "Mozilla/5.0 (compatible; Barkrowler/0.9; +https://babbar.tech/crawler)"
54.36.149.54 - - [21/Jun/2025:01:42:22 +0200] "GET /acces-stockage-yvelines.htm HTTP/1.1" 304 3678 "-" "Mozilla/5.0 (compatible; AhrefsBot/7.0; +http://ahrefs.com/robot/)"
217.113.194.69 - - [21/Jun/2025:01:42:32 +0200] "GET /chaussures-running-spira.htm HTTP/1.1" 304 3909 "-" "Mozilla/5.0 (compatible; Barkrowler/0.9; +https://babbar.tech/crawler)"
217.113.194.223 - - [21/Jun/2025:01:42:34 +0200] "GET /gestion-informatisee-des-commandes-logistique.html HTTP/1.1" 304 3910 "-" "Mozilla/5.0 (compatible; Barkrowler/0.9; +https://babbar.tech/crawler)"
217.113.194.245 - - [21/Jun/2025:01:42:47 +0200] "GET /prestataire-logistique.htm HTTP/1.1" 304 3909 "-" "Mozilla/5.0 (compatible; Barkrowler/0.9; +https://babbar.tech/crawler)"
217.113.194.228 - - [21/Jun/2025:01:42:49 +0200] "GET /logistique-pour-le-e-commerce-pret-a-porter.htm HTTP/1.1" 304 3909 "-" "Mozilla/5.0 (compatible; Barkrowler/0.9; +https://babbar.tech/crawler)"
217.113.194.70 - - [21/Jun/2025:01:43:02 +0200] "GET /actualites-logistique-2018.htm HTTP/1.1" 304 3909 "-" "Mozilla/5.0 (compatible; Barkrowler/0.9; +https://babbar.tech/crawler)"
217.113.194.222 - - [21/Jun/2025:01:43:04 +0200] "GET /logistique-e-commerce-endurance-logistique.htm HTTP/1.1" 304 3909 "-" "Mozilla/5.0 (compatible; Barkrowler/0.9; +https://babbar.tech/crawler)"
