176.125.230.6 - - [22/Jun/2025:07:11:43 +0200] "GET /Wiky/index.php HTTP/1.1" 404 3851 "-" "Mozilla/5.0 [en] (X11, U; OpenVAS-VT 9.0.3)"
176.125.230.6 - - [22/Jun/2025:07:11:43 +0200] "GET /Nagios/login.php HTTP/1.1" 404 3853 "-" "Mozilla/5.0 [en] (X11, U; OpenVAS-VT 9.0.3)"
176.125.230.6 - - [22/Jun/2025:07:11:44 +0200] "GET /nagiosfusion/login.php HTTP/1.1" 404 721 "-" "Mozilla/5.0 [en] (X11, U; OpenVAS-VT 9.0.3)"
176.125.230.6 - - [22/Jun/2025:07:11:44 +0200] "GET /fusion/login.php HTTP/1.1" 404 715 "-" "Mozilla/5.0 [en] (X11, U; OpenVAS-VT 9.0.3)"
176.125.230.6 - - [22/Jun/2025:07:11:45 +0200] "GET /seportal/index.php HTTP/1.1" 404 3855 "-" "Mozilla/5.0 [en] (X11, U; OpenVAS-VT 9.0.3)"
176.125.230.6 - - [22/Jun/2025:07:11:46 +0200] "GET //admin/aindex.htm HTTP/1.1" 404 3853 "-" "Mozilla/5.0 [en] (X11, U; OpenVAS-VT 9.0.3)"
176.125.230.6 - - [22/Jun/2025:07:11:46 +0200] "GET /index.php?page=start HTTP/1.1" 404 3846 "-" "Mozilla/5.0 [en] (X11, U; OpenVAS-VT 9.0.3)"
176.125.230.6 - - [22/Jun/2025:07:11:47 +0200] "GET /vendor/index.php?page=start HTTP/1.1" 404 715 "-" "Mozilla/5.0 [en] (X11, U; OpenVAS-VT 9.0.3)"
176.125.230.6 - - [22/Jun/2025:07:11:47 +0200] "GET /vendor/owl-carousel/index.php?page=start HTTP/1.1" 404 728 "-" "Mozilla/5.0 [en] (X11, U; OpenVAS-VT 9.0.3)"
176.125.230.6 - - [22/Jun/2025:07:11:47 +0200] "GET /chklogin.cgi HTTP/1.1" 404 3812 "-" "Mozilla/5.0 [en] (X11, U; OpenVAS-VT 9.0.3)"
176.125.230.6 - - [22/Jun/2025:07:11:47 +0200] "GET /vendor/twitterjs/index.php?page=start HTTP/1.1" 404 725 "-" "Mozilla/5.0 [en] (X11, U; OpenVAS-VT 9.0.3)"
176.125.230.6 - - [22/Jun/2025:07:11:48 +0200] "GET /vendor/magnific-popup/index.php?page=start HTTP/1.1" 404 730 "-" "Mozilla/5.0 [en] (X11, U; OpenVAS-VT 9.0.3)"
176.125.230.6 - - [22/Jun/2025:07:11:48 +0200] "GET /psconsole/faces/common/ProductVersion.jsp HTTP/1.1" 404 3878 "-" "Mozilla/5.0 [en] (X11, U; OpenVAS-VT 9.0.3)"
176.125.230.6 - - [22/Jun/2025:07:11:48 +0200] "GET /presse/index.php?page=start HTTP/1.1" 404 715 "-" "Mozilla/5.0 [en] (X11, U; OpenVAS-VT 9.0.3)"
176.125.230.6 - - [22/Jun/2025:07:11:48 +0200] "GET /js/index.php?page=start HTTP/1.1" 404 711 "-" "Mozilla/5.0 [en] (X11, U; OpenVAS-VT 9.0.3)"
176.125.230.6 - - [22/Jun/2025:07:11:48 +0200] "GET /cgi-bin/chklogin.cgi HTTP/1.1" 404 3820 "-" "Mozilla/5.0 [en] (X11, U; OpenVAS-VT 9.0.3)"
176.125.230.6 - - [22/Jun/2025:07:11:48 +0200] "GET /ita/index.php?page=start HTTP/1.1" 404 712 "-" "Mozilla/5.0 [en] (X11, U; OpenVAS-VT 9.0.3)"
176.125.230.6 - - [22/Jun/2025:07:11:49 +0200] "GET /vendor/chklogin.cgi HTTP/1.1" 404 3819 "-" "Mozilla/5.0 [en] (X11, U; OpenVAS-VT 9.0.3)"
176.125.230.6 - - [22/Jun/2025:07:11:49 +0200] "GET /SiteEngine/index.php HTTP/1.1" 404 3857 "-" "Mozilla/5.0 [en] (X11, U; OpenVAS-VT 9.0.3)"
54.36.148.77 - - [22/Jun/2025:07:11:49 +0200] "GET /devis-logistique.htm HTTP/1.1" 304 3685 "-" "Mozilla/5.0 (compatible; AhrefsBot/7.0; +http://ahrefs.com/robot/)"
176.125.230.6 - - [22/Jun/2025:07:11:50 +0200] "GET /vendor/owl-carousel/chklogin.cgi HTTP/1.1" 404 3832 "-" "Mozilla/5.0 [en] (X11, U; OpenVAS-VT 9.0.3)"
176.125.230.6 - - [22/Jun/2025:07:11:51 +0200] "GET /geneald/Index2.php HTTP/1.1" 404 3855 "-" "Mozilla/5.0 [en] (X11, U; OpenVAS-VT 9.0.3)"
176.125.230.6 - - [22/Jun/2025:07:11:51 +0200] "GET /vendor/twitterjs/chklogin.cgi HTTP/1.1" 404 3829 "-" "Mozilla/5.0 [en] (X11, U; OpenVAS-VT 9.0.3)"
176.125.230.6 - - [22/Jun/2025:07:11:51 +0200] "GET /genealogie_sql/Index2.php HTTP/1.1" 404 724 "-" "Mozilla/5.0 [en] (X11, U; OpenVAS-VT 9.0.3)"
176.125.230.6 - - [22/Jun/2025:07:11:51 +0200] "GET /cgit/ HTTP/1.1" 404 3842 "-" "Mozilla/5.0 [en] (X11, U; OpenVAS-VT 9.0.3)"
176.125.230.6 - - [22/Jun/2025:07:11:51 +0200] "GET /genealogie/Index2.php HTTP/1.1" 404 720 "-" "Mozilla/5.0 [en] (X11, U; OpenVAS-VT 9.0.3)"
176.125.230.6 - - [22/Jun/2025:07:11:51 +0200] "GET /git/ HTTP/1.1" 404 703 "-" "Mozilla/5.0 [en] (X11, U; OpenVAS-VT 9.0.3)"
176.125.230.6 - - [22/Jun/2025:07:11:51 +0200] "GET /Index2.php HTTP/1.1" 404 709 "-" "Mozilla/5.0 [en] (X11, U; OpenVAS-VT 9.0.3)"
176.125.230.6 - - [22/Jun/2025:07:11:52 +0200] "GET /vendor/magnific-popup/chklogin.cgi HTTP/1.1" 404 3834 "-" "Mozilla/5.0 [en] (X11, U; OpenVAS-VT 9.0.3)"
176.125.230.6 - - [22/Jun/2025:07:11:52 +0200] "GET /vendor/Index2.php HTTP/1.1" 404 716 "-" "Mozilla/5.0 [en] (X11, U; OpenVAS-VT 9.0.3)"
176.125.230.6 - - [22/Jun/2025:07:11:52 +0200] "GET /vendor/owl-carousel/Index2.php HTTP/1.1" 404 729 "-" "Mozilla/5.0 [en] (X11, U; OpenVAS-VT 9.0.3)"
176.125.230.6 - - [22/Jun/2025:07:11:52 +0200] "GET /vendor/twitterjs/Index2.php HTTP/1.1" 404 726 "-" "Mozilla/5.0 [en] (X11, U; OpenVAS-VT 9.0.3)"
176.125.230.6 - - [22/Jun/2025:07:11:52 +0200] "GET /presse/chklogin.cgi HTTP/1.1" 404 3819 "-" "Mozilla/5.0 [en] (X11, U; OpenVAS-VT 9.0.3)"
176.125.230.6 - - [22/Jun/2025:07:11:52 +0200] "GET /vendor/magnific-popup/Index2.php HTTP/1.1" 404 731 "-" "Mozilla/5.0 [en] (X11, U; OpenVAS-VT 9.0.3)"
176.125.230.6 - - [22/Jun/2025:07:11:53 +0200] "GET /presse/Index2.php HTTP/1.1" 404 716 "-" "Mozilla/5.0 [en] (X11, U; OpenVAS-VT 9.0.3)"
176.125.230.6 - - [22/Jun/2025:07:11:53 +0200] "GET /js/Index2.php HTTP/1.1" 404 712 "-" "Mozilla/5.0 [en] (X11, U; OpenVAS-VT 9.0.3)"
176.125.230.6 - - [22/Jun/2025:07:11:53 +0200] "GET /js/chklogin.cgi HTTP/1.1" 404 3815 "-" "Mozilla/5.0 [en] (X11, U; OpenVAS-VT 9.0.3)"
176.125.230.6 - - [22/Jun/2025:07:11:53 +0200] "GET /ita/Index2.php HTTP/1.1" 404 713 "-" "Mozilla/5.0 [en] (X11, U; OpenVAS-VT 9.0.3)"
176.125.230.6 - - [22/Jun/2025:07:11:54 +0200] "GET /ita/chklogin.cgi HTTP/1.1" 404 3816 "-" "Mozilla/5.0 [en] (X11, U; OpenVAS-VT 9.0.3)"
176.125.230.6 - - [22/Jun/2025:07:11:55 +0200] "GET /smquar.nsf HTTP/1.1" 404 3847 "-" "Mozilla/5.0 [en] (X11, U; OpenVAS-VT 9.0.3)"
176.125.230.6 - - [22/Jun/2025:07:11:55 +0200] "GET /smmsg.nsf HTTP/1.1" 404 708 "-" "Mozilla/5.0 [en] (X11, U; OpenVAS-VT 9.0.3)"
176.125.230.6 - - [22/Jun/2025:07:11:55 +0200] "GET /smadmr5.nsf HTTP/1.1" 404 710 "-" "Mozilla/5.0 [en] (X11, U; OpenVAS-VT 9.0.3)"
176.125.230.6 - - [22/Jun/2025:07:11:56 +0200] "GET /smhelp.nsf HTTP/1.1" 404 709 "-" "Mozilla/5.0 [en] (X11, U; OpenVAS-VT 9.0.3)"
176.125.230.6 - - [22/Jun/2025:07:11:56 +0200] "GET /smftypes.nsf HTTP/1.1" 404 711 "-" "Mozilla/5.0 [en] (X11, U; OpenVAS-VT 9.0.3)"
176.125.230.6 - - [22/Jun/2025:07:11:56 +0200] "GET /smency.nsf HTTP/1.1" 404 709 "-" "Mozilla/5.0 [en] (X11, U; OpenVAS-VT 9.0.3)"
176.125.230.6 - - [22/Jun/2025:07:11:56 +0200] "GET /smsmvlog.nsf HTTP/1.1" 404 711 "-" "Mozilla/5.0 [en] (X11, U; OpenVAS-VT 9.0.3)"
176.125.230.6 - - [22/Jun/2025:07:11:57 +0200] "GET /smconf.nsf HTTP/1.1" 404 709 "-" "Mozilla/5.0 [en] (X11, U; OpenVAS-VT 9.0.3)"
176.125.230.6 - - [22/Jun/2025:07:11:57 +0200] "GET /smtime.nsf HTTP/1.1" 404 709 "-" "Mozilla/5.0 [en] (X11, U; OpenVAS-VT 9.0.3)"
176.125.230.6 - - [22/Jun/2025:07:11:57 +0200] "GET /search_1766615445 HTTP/1.1" 404 3854 "-" "Mozilla/5.0 [en] (X11, U; OpenVAS-VT 9.0.3)"
176.125.230.6 - - [22/Jun/2025:07:11:57 +0200] "GET /search HTTP/1.1" 404 705 "-" "Mozilla/5.0 [en] (X11, U; OpenVAS-VT 9.0.3)"
176.125.230.6 - - [22/Jun/2025:07:11:58 +0200] "GET /phpx/index.php HTTP/1.1" 404 3851 "-" "Mozilla/5.0 [en] (X11, U; OpenVAS-VT 9.0.3)"
176.125.230.6 - - [22/Jun/2025:07:11:58 +0200] "GET /vendor/search_1694412690 HTTP/1.1" 404 723 "-" "Mozilla/5.0 [en] (X11, U; OpenVAS-VT 9.0.3)"
176.125.230.6 - - [22/Jun/2025:07:11:58 +0200] "GET /vendor/search HTTP/1.1" 404 712 "-" "Mozilla/5.0 [en] (X11, U; OpenVAS-VT 9.0.3)"
176.125.230.6 - - [22/Jun/2025:07:11:58 +0200] "GET /vendor/owl-carousel/search_1824586558 HTTP/1.1" 404 736 "-" "Mozilla/5.0 [en] (X11, U; OpenVAS-VT 9.0.3)"
176.125.230.6 - - [22/Jun/2025:07:11:59 +0200] "GET /vendor/owl-carousel/search HTTP/1.1" 404 725 "-" "Mozilla/5.0 [en] (X11, U; OpenVAS-VT 9.0.3)"
176.125.230.6 - - [22/Jun/2025:07:11:59 +0200] "GET /vendor/twitterjs/search_213703038 HTTP/1.1" 404 732 "-" "Mozilla/5.0 [en] (X11, U; OpenVAS-VT 9.0.3)"
176.125.230.6 - - [22/Jun/2025:07:11:59 +0200] "GET /vendor/twitterjs/search HTTP/1.1" 404 722 "-" "Mozilla/5.0 [en] (X11, U; OpenVAS-VT 9.0.3)"
176.125.230.6 - - [22/Jun/2025:07:11:59 +0200] "GET /vendor/magnific-popup/search_1843394544 HTTP/1.1" 404 738 "-" "Mozilla/5.0 [en] (X11, U; OpenVAS-VT 9.0.3)"
176.125.230.6 - - [22/Jun/2025:07:11:59 +0200] "GET /vendor/magnific-popup/search HTTP/1.1" 404 727 "-" "Mozilla/5.0 [en] (X11, U; OpenVAS-VT 9.0.3)"
176.125.230.6 - - [22/Jun/2025:07:12:00 +0200] "GET /afterlogic/ HTTP/1.1" 404 3848 "-" "Mozilla/5.0 [en] (X11, U; OpenVAS-VT 9.0.3)"
176.125.230.6 - - [22/Jun/2025:07:12:00 +0200] "GET /presse/search_1350570844 HTTP/1.1" 404 723 "-" "Mozilla/5.0 [en] (X11, U; OpenVAS-VT 9.0.3)"
176.125.230.6 - - [22/Jun/2025:07:12:00 +0200] "GET /aurora/ HTTP/1.1" 404 706 "-" "Mozilla/5.0 [en] (X11, U; OpenVAS-VT 9.0.3)"
176.125.230.6 - - [22/Jun/2025:07:12:00 +0200] "GET /presse/search HTTP/1.1" 404 712 "-" "Mozilla/5.0 [en] (X11, U; OpenVAS-VT 9.0.3)"
176.125.230.6 - - [22/Jun/2025:07:12:00 +0200] "GET /webmailpro/ HTTP/1.1" 404 710 "-" "Mozilla/5.0 [en] (X11, U; OpenVAS-VT 9.0.3)"
176.125.230.6 - - [22/Jun/2025:07:12:00 +0200] "GET /js/search_959460437 HTTP/1.1" 404 718 "-" "Mozilla/5.0 [en] (X11, U; OpenVAS-VT 9.0.3)"
176.125.230.6 - - [22/Jun/2025:07:12:01 +0200] "GET /js/search HTTP/1.1" 404 708 "-" "Mozilla/5.0 [en] (X11, U; OpenVAS-VT 9.0.3)"
176.125.230.6 - - [22/Jun/2025:07:12:01 +0200] "GET /ita/search_1446342388 HTTP/1.1" 404 720 "-" "Mozilla/5.0 [en] (X11, U; OpenVAS-VT 9.0.3)"
176.125.230.6 - - [22/Jun/2025:07:12:01 +0200] "GET /ita/search HTTP/1.1" 404 709 "-" "Mozilla/5.0 [en] (X11, U; OpenVAS-VT 9.0.3)"
176.125.230.6 - - [22/Jun/2025:07:12:02 +0200] "GET /cgi-bin/getServerValue.cgi?id=2 HTTP/1.1" 404 3863 "-" "Mozilla/5.0 [en] (X11, U; OpenVAS-VT 9.0.3)"
176.125.230.6 - - [22/Jun/2025:07:12:04 +0200] "GET /phpwebsite/index.php?module=users&action=user&command=login_page HTTP/1.1" 404 3857 "-" "Mozilla/5.0 [en] (X11, U; OpenVAS-VT 9.0.3)"
176.125.230.6 - - [22/Jun/2025:07:12:04 +0200] "GET /cms/index.php?module=users&action=user&command=login_page HTTP/1.1" 404 712 "-" "Mozilla/5.0 [en] (X11, U; OpenVAS-VT 9.0.3)"
176.125.230.6 - - [22/Jun/2025:07:12:04 +0200] "GET /index.php?module=users&action=user&command=login_page HTTP/1.1" 404 708 "-" "Mozilla/5.0 [en] (X11, U; OpenVAS-VT 9.0.3)"
176.125.230.6 - - [22/Jun/2025:07:12:05 +0200] "GET /vendor/index.php?module=users&action=user&command=login_page HTTP/1.1" 404 715 "-" "Mozilla/5.0 [en] (X11, U; OpenVAS-VT 9.0.3)"
176.125.230.6 - - [22/Jun/2025:07:12:05 +0200] "GET /vendor/owl-carousel/index.php?module=users&action=user&command=login_page HTTP/1.1" 404 728 "-" "Mozilla/5.0 [en] (X11, U; OpenVAS-VT 9.0.3)"
176.125.230.6 - - [22/Jun/2025:07:12:05 +0200] "GET /vendor/twitterjs/index.php?module=users&action=user&command=login_page HTTP/1.1" 404 725 "-" "Mozilla/5.0 [en] (X11, U; OpenVAS-VT 9.0.3)"
176.125.230.6 - - [22/Jun/2025:07:12:05 +0200] "GET /vendor/magnific-popup/index.php?module=users&action=user&command=login_page HTTP/1.1" 404 730 "-" "Mozilla/5.0 [en] (X11, U; OpenVAS-VT 9.0.3)"
176.125.230.6 - - [22/Jun/2025:07:12:06 +0200] "GET /presse/index.php?module=users&action=user&command=login_page HTTP/1.1" 404 715 "-" "Mozilla/5.0 [en] (X11, U; OpenVAS-VT 9.0.3)"
176.125.230.6 - - [22/Jun/2025:07:12:06 +0200] "GET /js/index.php?module=users&action=user&command=login_page HTTP/1.1" 404 711 "-" "Mozilla/5.0 [en] (X11, U; OpenVAS-VT 9.0.3)"
176.125.230.6 - - [22/Jun/2025:07:12:06 +0200] "GET /ita/index.php?module=users&action=user&command=login_page HTTP/1.1" 404 712 "-" "Mozilla/5.0 [en] (X11, U; OpenVAS-VT 9.0.3)"
176.125.230.6 - - [22/Jun/2025:07:12:08 +0200] "GET /initial.do HTTP/1.1" 404 3847 "-" "Mozilla/5.0 [en] (X11, U; OpenVAS-VT 9.0.3)"
176.125.230.6 - - [22/Jun/2025:07:12:11 +0200] "GET /jaws/index.php HTTP/1.1" 404 3851 "-" "Mozilla/5.0 [en] (X11, U; OpenVAS-VT 9.0.3)"
176.125.230.6 - - [22/Jun/2025:07:12:11 +0200] "GET /vendor/jaws/index.php HTTP/1.1" 404 720 "-" "Mozilla/5.0 [en] (X11, U; OpenVAS-VT 9.0.3)"
54.36.148.65 - - [22/Jun/2025:07:12:11 +0200] "GET /logistique-envois-en-nombre.htm HTTP/1.1" 304 3678 "-" "Mozilla/5.0 (compatible; AhrefsBot/7.0; +http://ahrefs.com/robot/)"
176.125.230.6 - - [22/Jun/2025:07:12:11 +0200] "GET /vendor/owl-carousel/jaws/index.php HTTP/1.1" 404 733 "-" "Mozilla/5.0 [en] (X11, U; OpenVAS-VT 9.0.3)"
176.125.230.6 - - [22/Jun/2025:07:12:11 +0200] "GET /vendor/twitterjs/jaws/index.php HTTP/1.1" 404 730 "-" "Mozilla/5.0 [en] (X11, U; OpenVAS-VT 9.0.3)"
176.125.230.6 - - [22/Jun/2025:07:12:11 +0200] "GET /vendor/magnific-popup/jaws/index.php HTTP/1.1" 404 735 "-" "Mozilla/5.0 [en] (X11, U; OpenVAS-VT 9.0.3)"
176.125.230.6 - - [22/Jun/2025:07:12:12 +0200] "GET /axis/services/Version?method=getVersion HTTP/1.1" 404 3858 "-" "Mozilla/5.0 [en] (X11, U; OpenVAS-VT 9.0.3)"
176.125.230.6 - - [22/Jun/2025:07:12:12 +0200] "GET /presse/jaws/index.php HTTP/1.1" 404 720 "-" "Mozilla/5.0 [en] (X11, U; OpenVAS-VT 9.0.3)"
176.125.230.6 - - [22/Jun/2025:07:12:12 +0200] "GET /axis/services/non-existent HTTP/1.1" 404 725 "-" "Mozilla/5.0 [en] (X11, U; OpenVAS-VT 9.0.3)"
176.125.230.6 - - [22/Jun/2025:07:12:12 +0200] "GET /js/jaws/index.php HTTP/1.1" 404 716 "-" "Mozilla/5.0 [en] (X11, U; OpenVAS-VT 9.0.3)"
176.125.230.6 - - [22/Jun/2025:07:12:12 +0200] "GET /axis/index.jsp HTTP/1.1" 404 713 "-" "Mozilla/5.0 [en] (X11, U; OpenVAS-VT 9.0.3)"
176.125.230.6 - - [22/Jun/2025:07:12:12 +0200] "GET /ita/jaws/index.php HTTP/1.1" 404 717 "-" "Mozilla/5.0 [en] (X11, U; OpenVAS-VT 9.0.3)"
176.125.230.6 - - [22/Jun/2025:07:12:12 +0200] "GET /imcws/services/Version?method=getVersion HTTP/1.1" 404 721 "-" "Mozilla/5.0 [en] (X11, U; OpenVAS-VT 9.0.3)"
176.125.230.6 - - [22/Jun/2025:07:12:13 +0200] "GET /imcws/services/non-existent HTTP/1.1" 404 726 "-" "Mozilla/5.0 [en] (X11, U; OpenVAS-VT 9.0.3)"
176.125.230.6 - - [22/Jun/2025:07:12:13 +0200] "GET /imcws/index.jsp HTTP/1.1" 404 714 "-" "Mozilla/5.0 [en] (X11, U; OpenVAS-VT 9.0.3)"
176.125.230.6 - - [22/Jun/2025:07:12:13 +0200] "GET /sinecms/index.php HTTP/1.1" 404 3854 "-" "Mozilla/5.0 [en] (X11, U; OpenVAS-VT 9.0.3)"
176.125.230.6 - - [22/Jun/2025:07:12:13 +0200] "GET /WebServiceImpl/services/Version?method=getVersion HTTP/1.1" 404 730 "-" "Mozilla/5.0 [en] (X11, U; OpenVAS-VT 9.0.3)"
176.125.230.6 - - [22/Jun/2025:07:12:13 +0200] "GET /sine/index.php HTTP/1.1" 404 713 "-" "Mozilla/5.0 [en] (X11, U; OpenVAS-VT 9.0.3)"
176.125.230.6 - - [22/Jun/2025:07:12:13 +0200] "GET /WebServiceImpl/services/non-existent HTTP/1.1" 404 735 "-" "Mozilla/5.0 [en] (X11, U; OpenVAS-VT 9.0.3)"
176.125.230.6 - - [22/Jun/2025:07:12:13 +0200] "GET /aphpkb/index.php HTTP/1.1" 404 3853 "-" "Mozilla/5.0 [en] (X11, U; OpenVAS-VT 9.0.3)"
176.125.230.6 - - [22/Jun/2025:07:12:14 +0200] "GET /WebServiceImpl/index.jsp HTTP/1.1" 404 723 "-" "Mozilla/5.0 [en] (X11, U; OpenVAS-VT 9.0.3)"
176.125.230.6 - - [22/Jun/2025:07:12:14 +0200] "GET /kb/index.php HTTP/1.1" 404 711 "-" "Mozilla/5.0 [en] (X11, U; OpenVAS-VT 9.0.3)"
176.125.230.6 - - [22/Jun/2025:07:12:14 +0200] "GET /dswsbobje/services/Version?method=getVersion HTTP/1.1" 404 725 "-" "Mozilla/5.0 [en] (X11, U; OpenVAS-VT 9.0.3)"
176.125.230.6 - - [22/Jun/2025:07:12:14 +0200] "GET /dswsbobje/services/non-existent HTTP/1.1" 404 730 "-" "Mozilla/5.0 [en] (X11, U; OpenVAS-VT 9.0.3)"
176.125.230.6 - - [22/Jun/2025:07:12:14 +0200] "GET /dswsbobje/index.jsp HTTP/1.1" 404 718 "-" "Mozilla/5.0 [en] (X11, U; OpenVAS-VT 9.0.3)"
176.125.230.6 - - [22/Jun/2025:07:12:14 +0200] "GET /ws/services/Version?method=getVersion HTTP/1.1" 404 718 "-" "Mozilla/5.0 [en] (X11, U; OpenVAS-VT 9.0.3)"
176.125.230.6 - - [22/Jun/2025:07:12:15 +0200] "GET /ws/services/non-existent HTTP/1.1" 404 723 "-" "Mozilla/5.0 [en] (X11, U; OpenVAS-VT 9.0.3)"
176.125.230.6 - - [22/Jun/2025:07:12:15 +0200] "GET / HTTP/1.1" 200 45406 "-" "Mozilla/5.0 [en] (X11, U; OpenVAS-VT 9.0.3)"
176.125.230.6 - - [22/Jun/2025:07:12:15 +0200] "GET /ws/index.jsp HTTP/1.1" 404 711 "-" "Mozilla/5.0 [en] (X11, U; OpenVAS-VT 9.0.3)"
176.125.230.6 - - [22/Jun/2025:07:12:15 +0200] "GET /viewer HTTP/1.1" 404 3843 "-" "Mozilla/5.0 [en] (X11, U; OpenVAS-VT 9.0.3)"
176.125.230.6 - - [22/Jun/2025:07:12:15 +0200] "GET /services/Version?method=getVersion HTTP/1.1" 404 715 "-" "Mozilla/5.0 [en] (X11, U; OpenVAS-VT 9.0.3)"
176.125.230.6 - - [22/Jun/2025:07:12:15 +0200] "GET /services/non-existent HTTP/1.1" 404 720 "-" "Mozilla/5.0 [en] (X11, U; OpenVAS-VT 9.0.3)"
176.125.230.6 - - [22/Jun/2025:07:12:15 +0200] "GET /discoverer/viewer HTTP/1.1" 404 716 "-" "Mozilla/5.0 [en] (X11, U; OpenVAS-VT 9.0.3)"
176.125.230.6 - - [22/Jun/2025:07:12:16 +0200] "GET /vendor/services/Version?method=getVersion HTTP/1.1" 404 722 "-" "Mozilla/5.0 [en] (X11, U; OpenVAS-VT 9.0.3)"
176.125.230.6 - - [22/Jun/2025:07:12:16 +0200] "GET /vendor/viewer HTTP/1.1" 404 712 "-" "Mozilla/5.0 [en] (X11, U; OpenVAS-VT 9.0.3)"
176.125.230.6 - - [22/Jun/2025:07:12:16 +0200] "GET /vendor/services/non-existent HTTP/1.1" 404 727 "-" "Mozilla/5.0 [en] (X11, U; OpenVAS-VT 9.0.3)"
176.125.230.6 - - [22/Jun/2025:07:12:16 +0200] "GET /vendor/owl-carousel/services/Version?method=getVersion HTTP/1.1" 404 735 "-" "Mozilla/5.0 [en] (X11, U; OpenVAS-VT 9.0.3)"
176.125.230.6 - - [22/Jun/2025:07:12:16 +0200] "GET /vendor/owl-carousel/viewer HTTP/1.1" 404 725 "-" "Mozilla/5.0 [en] (X11, U; OpenVAS-VT 9.0.3)"
176.125.230.6 - - [22/Jun/2025:07:12:16 +0200] "GET /vendor/owl-carousel/services/non-existent HTTP/1.1" 404 740 "-" "Mozilla/5.0 [en] (X11, U; OpenVAS-VT 9.0.3)"
176.125.230.6 - - [22/Jun/2025:07:12:16 +0200] "GET /vendor/twitterjs/viewer HTTP/1.1" 404 722 "-" "Mozilla/5.0 [en] (X11, U; OpenVAS-VT 9.0.3)"
176.125.230.6 - - [22/Jun/2025:07:12:16 +0200] "GET /vendor/twitterjs/services/Version?method=getVersion HTTP/1.1" 404 732 "-" "Mozilla/5.0 [en] (X11, U; OpenVAS-VT 9.0.3)"
176.125.230.6 - - [22/Jun/2025:07:12:16 +0200] "GET /vendor/magnific-popup/viewer HTTP/1.1" 404 727 "-" "Mozilla/5.0 [en] (X11, U; OpenVAS-VT 9.0.3)"
176.125.230.6 - - [22/Jun/2025:07:12:17 +0200] "GET /phpBazar/index.php HTTP/1.1" 404 3855 "-" "Mozilla/5.0 [en] (X11, U; OpenVAS-VT 9.0.3)"
176.125.230.6 - - [22/Jun/2025:07:12:17 +0200] "GET /vendor/twitterjs/services/non-existent HTTP/1.1" 404 737 "-" "Mozilla/5.0 [en] (X11, U; OpenVAS-VT 9.0.3)"
176.125.230.6 - - [22/Jun/2025:07:12:17 +0200] "GET /presse/viewer HTTP/1.1" 404 712 "-" "Mozilla/5.0 [en] (X11, U; OpenVAS-VT 9.0.3)"
176.125.230.6 - - [22/Jun/2025:07:12:17 +0200] "GET /login.rsp HTTP/1.1" 404 3809 "-" "Mozilla/5.0 [en] (X11, U; OpenVAS-VT 9.0.3)"
176.125.230.6 - - [22/Jun/2025:07:12:17 +0200] "GET /PHPBazar/index.php HTTP/1.1" 404 717 "-" "Mozilla/5.0 [en] (X11, U; OpenVAS-VT 9.0.3)"
176.125.230.6 - - [22/Jun/2025:07:12:17 +0200] "GET /vendor/magnific-popup/services/Version?method=getVersion HTTP/1.1" 404 737 "-" "Mozilla/5.0 [en] (X11, U; OpenVAS-VT 9.0.3)"
176.125.230.6 - - [22/Jun/2025:07:12:17 +0200] "GET /js/viewer HTTP/1.1" 404 708 "-" "Mozilla/5.0 [en] (X11, U; OpenVAS-VT 9.0.3)"
176.125.230.6 - - [22/Jun/2025:07:12:17 +0200] "GET /vendor/magnific-popup/services/non-existent HTTP/1.1" 404 742 "-" "Mozilla/5.0 [en] (X11, U; OpenVAS-VT 9.0.3)"
176.125.230.6 - - [22/Jun/2025:07:12:17 +0200] "GET /ita/viewer HTTP/1.1" 404 709 "-" "Mozilla/5.0 [en] (X11, U; OpenVAS-VT 9.0.3)"
176.125.230.6 - - [22/Jun/2025:07:12:17 +0200] "GET /presse/services/Version?method=getVersion HTTP/1.1" 404 722 "-" "Mozilla/5.0 [en] (X11, U; OpenVAS-VT 9.0.3)"
176.125.230.6 - - [22/Jun/2025:07:12:18 +0200] "GET /presse/services/non-existent HTTP/1.1" 404 727 "-" "Mozilla/5.0 [en] (X11, U; OpenVAS-VT 9.0.3)"
176.125.230.6 - - [22/Jun/2025:07:12:18 +0200] "GET /js/services/Version?method=getVersion HTTP/1.1" 404 718 "-" "Mozilla/5.0 [en] (X11, U; OpenVAS-VT 9.0.3)"
176.125.230.6 - - [22/Jun/2025:07:12:18 +0200] "GET /js/services/non-existent HTTP/1.1" 404 723 "-" "Mozilla/5.0 [en] (X11, U; OpenVAS-VT 9.0.3)"
176.125.230.6 - - [22/Jun/2025:07:12:18 +0200] "GET /ita/services/Version?method=getVersion HTTP/1.1" 404 719 "-" "Mozilla/5.0 [en] (X11, U; OpenVAS-VT 9.0.3)"
176.125.230.6 - - [22/Jun/2025:07:12:18 +0200] "GET /ita/services/non-existent HTTP/1.1" 404 724 "-" "Mozilla/5.0 [en] (X11, U; OpenVAS-VT 9.0.3)"
176.125.230.6 - - [22/Jun/2025:07:12:19 +0200] "GET /management/ HTTP/1.1" 404 3848 "-" "Mozilla/5.0 [en] (X11, U; OpenVAS-VT 9.0.3)"
176.125.230.6 - - [22/Jun/2025:07:12:20 +0200] "GET root HTTP/1.0" 404 3830 "-" "-"
176.125.230.6 - - [22/Jun/2025:07:12:24 +0200] "GET /siestta/ HTTP/1.1" 404 3845 "-" "Mozilla/5.0 [en] (X11, U; OpenVAS-VT 9.0.3)"
176.125.230.6 - - [22/Jun/2025:07:12:25 +0200] "GET /Siestta/ HTTP/1.1" 404 707 "-" "Mozilla/5.0 [en] (X11, U; OpenVAS-VT 9.0.3)"
176.125.230.6 - - [22/Jun/2025:07:12:26 +0200] "GET /pem/login/pages/login.jsf HTTP/1.1" 404 3862 "-" "Mozilla/5.0 [en] (X11, U; OpenVAS-VT 9.0.3)"
176.125.230.6 - - [22/Jun/2025:07:12:26 +0200] "GET /vendor/pem/login/pages/login.jsf HTTP/1.1" 404 731 "-" "Mozilla/5.0 [en] (X11, U; OpenVAS-VT 9.0.3)"
176.125.230.6 - - [22/Jun/2025:07:12:26 +0200] "GET /vendor/owl-carousel/pem/login/pages/login.jsf HTTP/1.1" 404 744 "-" "Mozilla/5.0 [en] (X11, U; OpenVAS-VT 9.0.3)"
176.125.230.6 - - [22/Jun/2025:07:12:27 +0200] "POST /cgi-bin/api.cgi HTTP/1.1" 404 3796 "-" "Mozilla/5.0 [en] (X11, U; OpenVAS-VT 9.0.3)"
176.125.230.6 - - [22/Jun/2025:07:12:27 +0200] "GET /vendor/twitterjs/pem/login/pages/login.jsf HTTP/1.1" 404 741 "-" "Mozilla/5.0 [en] (X11, U; OpenVAS-VT 9.0.3)"
176.125.230.6 - - [22/Jun/2025:07:12:27 +0200] "GET /vendor/magnific-popup/pem/login/pages/login.jsf HTTP/1.1" 404 746 "-" "Mozilla/5.0 [en] (X11, U; OpenVAS-VT 9.0.3)"
176.125.230.6 - - [22/Jun/2025:07:12:27 +0200] "GET /presse/pem/login/pages/login.jsf HTTP/1.1" 404 731 "-" "Mozilla/5.0 [en] (X11, U; OpenVAS-VT 9.0.3)"
176.125.230.6 - - [22/Jun/2025:07:12:28 +0200] "GET /js/pem/login/pages/login.jsf HTTP/1.1" 404 727 "-" "Mozilla/5.0 [en] (X11, U; OpenVAS-VT 9.0.3)"
176.125.230.6 - - [22/Jun/2025:07:12:28 +0200] "GET /ita/pem/login/pages/login.jsf HTTP/1.1" 404 728 "-" "Mozilla/5.0 [en] (X11, U; OpenVAS-VT 9.0.3)"
176.125.230.6 - - [22/Jun/2025:07:12:29 +0200] "GET /swvm/ConsoleContainer.jsp HTTP/1.1" 404 3862 "-" "Mozilla/5.0 [en] (X11, U; OpenVAS-VT 9.0.3)"
176.125.230.6 - - [22/Jun/2025:07:12:31 +0200] "GET /pivotx/index.php HTTP/1.1" 404 3853 "-" "Mozilla/5.0 [en] (X11, U; OpenVAS-VT 9.0.3)"
176.125.230.6 - - [22/Jun/2025:07:12:31 +0200] "GET /PivotX/index.php HTTP/1.1" 404 715 "-" "Mozilla/5.0 [en] (X11, U; OpenVAS-VT 9.0.3)"
176.125.230.6 - - [22/Jun/2025:07:12:34 +0200] "GET /sysaid/Login.jsp HTTP/1.1" 404 3853 "-" "Mozilla/5.0 [en] (X11, U; OpenVAS-VT 9.0.3)"
176.125.230.6 - - [22/Jun/2025:07:12:34 +0200] "GET /vendor/Login.jsp HTTP/1.1" 404 715 "-" "Mozilla/5.0 [en] (X11, U; OpenVAS-VT 9.0.3)"
176.125.230.6 - - [22/Jun/2025:07:12:35 +0200] "GET /avarcade/index.php HTTP/1.1" 404 3855 "-" "Mozilla/5.0 [en] (X11, U; OpenVAS-VT 9.0.3)"
176.125.230.6 - - [22/Jun/2025:07:12:35 +0200] "GET /vendor/owl-carousel/Login.jsp HTTP/1.1" 404 728 "-" "Mozilla/5.0 [en] (X11, U; OpenVAS-VT 9.0.3)"
176.125.230.6 - - [22/Jun/2025:07:12:35 +0200] "GET /avarcade/upload/index.php HTTP/1.1" 404 724 "-" "Mozilla/5.0 [en] (X11, U; OpenVAS-VT 9.0.3)"
176.125.230.6 - - [22/Jun/2025:07:12:35 +0200] "GET /vendor/twitterjs/Login.jsp HTTP/1.1" 404 725 "-" "Mozilla/5.0 [en] (X11, U; OpenVAS-VT 9.0.3)"
176.125.230.6 - - [22/Jun/2025:07:12:35 +0200] "GET /vendor/magnific-popup/Login.jsp HTTP/1.1" 404 730 "-" "Mozilla/5.0 [en] (X11, U; OpenVAS-VT 9.0.3)"
176.125.230.6 - - [22/Jun/2025:07:12:36 +0200] "GET /presse/Login.jsp HTTP/1.1" 404 715 "-" "Mozilla/5.0 [en] (X11, U; OpenVAS-VT 9.0.3)"
176.125.230.6 - - [22/Jun/2025:07:12:36 +0200] "GET /js/Login.jsp HTTP/1.1" 404 711 "-" "Mozilla/5.0 [en] (X11, U; OpenVAS-VT 9.0.3)"
176.125.230.6 - - [22/Jun/2025:07:12:36 +0200] "GET /ita/Login.jsp HTTP/1.1" 404 712 "-" "Mozilla/5.0 [en] (X11, U; OpenVAS-VT 9.0.3)"
176.125.230.6 - - [22/Jun/2025:07:12:41 +0200] "GET /hui/index.html HTTP/1.1" 404 3851 "-" "Mozilla/5.0 [en] (X11, U; OpenVAS-VT 9.0.3)"
176.125.230.6 - - [22/Jun/2025:07:12:42 +0200] "GET /tcpdb/main.php HTTP/1.1" 404 3851 "-" "Mozilla/5.0 [en] (X11, U; OpenVAS-VT 9.0.3)"
176.125.230.6 - - [22/Jun/2025:07:12:43 +0200] "GET /stronghold-info HTTP/1.1" 404 3852 "-" "Mozilla/5.0 [en] (X11, U; OpenVAS-VT 9.0.3)"
176.125.230.6 - - [22/Jun/2025:07:12:43 +0200] "GET /stronghold-status HTTP/1.1" 404 716 "-" "Mozilla/5.0 [en] (X11, U; OpenVAS-VT 9.0.3)"
176.125.230.6 - - [22/Jun/2025:07:12:48 +0200] "GET /olt/Login.do HTTP/1.1" 404 3849 "-" "Mozilla/5.0 [en] (X11, U; OpenVAS-VT 9.0.3)"
176.125.230.6 - - [22/Jun/2025:07:12:49 +0200] "GET /bblog/index.php HTTP/1.1" 404 3852 "-" "Mozilla/5.0 [en] (X11, U; OpenVAS-VT 9.0.3)"
176.125.230.6 - - [22/Jun/2025:07:12:52 +0200] "GET /nagioslogserver/login HTTP/1.1" 404 3858 "-" "Mozilla/5.0 [en] (X11, U; OpenVAS-VT 9.0.3)"
176.125.230.6 - - [22/Jun/2025:07:12:52 +0200] "GET /nagios/login HTTP/1.1" 404 711 "-" "Mozilla/5.0 [en] (X11, U; OpenVAS-VT 9.0.3)"
176.125.230.6 - - [22/Jun/2025:07:12:52 +0200] "GET / HTTP/1.1" 200 11758 "-" "Mozilla/5.0 [en] (X11, U; OpenVAS-VT 9.0.3)"
176.125.230.6 - - [22/Jun/2025:07:12:53 +0200] "GET /merchant-sdk-php/composer.json HTTP/1.1" 404 3867 "-" "Mozilla/5.0 [en] (X11, U; OpenVAS-VT 9.0.3)"
176.125.230.6 - - [22/Jun/2025:07:12:53 +0200] "GET /paypal/composer.json HTTP/1.1" 404 719 "-" "Mozilla/5.0 [en] (X11, U; OpenVAS-VT 9.0.3)"
176.125.230.6 - - [22/Jun/2025:07:12:53 +0200] "GET /sdcard/cpt/app/signin.php HTTP/1.1" 404 3862 "-" "Mozilla/5.0 [en] (X11, U; OpenVAS-VT 9.0.3)"
176.125.230.6 - - [22/Jun/2025:07:12:57 +0200] "GET /printenv_1257055068 HTTP/1.1" 404 3856 "-" "Mozilla/5.0 [en] (X11, U; OpenVAS-VT 9.0.3)"
176.125.230.6 - - [22/Jun/2025:07:12:57 +0200] "GET /printenv HTTP/1.1" 404 707 "-" "Mozilla/5.0 [en] (X11, U; OpenVAS-VT 9.0.3)"
176.125.230.6 - - [22/Jun/2025:07:12:57 +0200] "GET /vendor/printenv_852136781 HTTP/1.1" 404 724 "-" "Mozilla/5.0 [en] (X11, U; OpenVAS-VT 9.0.3)"
176.125.230.6 - - [22/Jun/2025:07:12:57 +0200] "GET /vendor/printenv HTTP/1.1" 404 714 "-" "Mozilla/5.0 [en] (X11, U; OpenVAS-VT 9.0.3)"
176.125.230.6 - - [22/Jun/2025:07:12:58 +0200] "GET /vendor/owl-carousel/printenv_1435431901 HTTP/1.1" 404 738 "-" "Mozilla/5.0 [en] (X11, U; OpenVAS-VT 9.0.3)"
176.125.230.6 - - [22/Jun/2025:07:12:58 +0200] "GET /vendor/owl-carousel/printenv HTTP/1.1" 404 727 "-" "Mozilla/5.0 [en] (X11, U; OpenVAS-VT 9.0.3)"
176.125.230.6 - - [22/Jun/2025:07:12:58 +0200] "GET /vendor/twitterjs/printenv_1315082033 HTTP/1.1" 404 735 "-" "Mozilla/5.0 [en] (X11, U; OpenVAS-VT 9.0.3)"
176.125.230.6 - - [22/Jun/2025:07:12:58 +0200] "GET /vendor/twitterjs/printenv HTTP/1.1" 404 724 "-" "Mozilla/5.0 [en] (X11, U; OpenVAS-VT 9.0.3)"
165.22.222.185 - - [22/Jun/2025:07:12:58 +0200] "GET /xmlrpc.php?rsd HTTP/1.1" 301 654 "-" "Mozilla/5.0 (Windows NT 10.0; Win64; x64) AppleWebKit/537.36 (KHTML, like Gecko) Chrome/89.0.4389.114 Safari/537.36"
176.125.230.6 - - [22/Jun/2025:07:12:58 +0200] "GET /vendor/magnific-popup/printenv_2108761895 HTTP/1.1" 404 740 "-" "Mozilla/5.0 [en] (X11, U; OpenVAS-VT 9.0.3)"
165.22.222.185 - - [22/Jun/2025:07:12:59 +0200] "GET / HTTP/1.1" 301 625 "-" "Mozilla/5.0 (Windows NT 10.0; Win64; x64) AppleWebKit/537.36 (KHTML, like Gecko) Chrome/89.0.4389.114 Safari/537.36"
165.22.222.185 - - [22/Jun/2025:07:12:59 +0200] "GET /blog/wp-includes/wlwmanifest.xml HTTP/1.1" 301 689 "-" "Mozilla/5.0 (Windows NT 10.0; Win64; x64) AppleWebKit/537.36 (KHTML, like Gecko) Chrome/89.0.4389.114 Safari/537.36"
176.125.230.6 - - [22/Jun/2025:07:12:59 +0200] "GET /vendor/magnific-popup/printenv HTTP/1.1" 404 729 "-" "Mozilla/5.0 [en] (X11, U; OpenVAS-VT 9.0.3)"
165.22.222.185 - - [22/Jun/2025:07:12:59 +0200] "GET /web/wp-includes/wlwmanifest.xml HTTP/1.1" 301 687 "-" "Mozilla/5.0 (Windows NT 10.0; Win64; x64) AppleWebKit/537.36 (KHTML, like Gecko) Chrome/89.0.4389.114 Safari/537.36"
165.22.222.185 - - [22/Jun/2025:07:12:59 +0200] "GET /wordpress/wp-includes/wlwmanifest.xml HTTP/1.1" 301 699 "-" "Mozilla/5.0 (Windows NT 10.0; Win64; x64) AppleWebKit/537.36 (KHTML, like Gecko) Chrome/89.0.4389.114 Safari/537.36"
176.125.230.6 - - [22/Jun/2025:07:12:59 +0200] "GET /presse/printenv_900765639 HTTP/1.1" 404 724 "-" "Mozilla/5.0 [en] (X11, U; OpenVAS-VT 9.0.3)"
165.22.222.185 - - [22/Jun/2025:07:12:59 +0200] "GET /website/wp-includes/wlwmanifest.xml HTTP/1.1" 301 695 "-" "Mozilla/5.0 (Windows NT 10.0; Win64; x64) AppleWebKit/537.36 (KHTML, like Gecko) Chrome/89.0.4389.114 Safari/537.36"
176.125.230.6 - - [22/Jun/2025:07:12:59 +0200] "GET /presse/printenv HTTP/1.1" 404 714 "-" "Mozilla/5.0 [en] (X11, U; OpenVAS-VT 9.0.3)"
165.22.222.185 - - [22/Jun/2025:07:12:59 +0200] "GET /wp/wp-includes/wlwmanifest.xml HTTP/1.1" 301 685 "-" "Mozilla/5.0 (Windows NT 10.0; Win64; x64) AppleWebKit/537.36 (KHTML, like Gecko) Chrome/89.0.4389.114 Safari/537.36"
176.125.230.6 - - [22/Jun/2025:07:12:59 +0200] "GET /js/printenv_1114945508 HTTP/1.1" 404 721 "-" "Mozilla/5.0 [en] (X11, U; OpenVAS-VT 9.0.3)"
165.22.222.185 - - [22/Jun/2025:07:12:59 +0200] "GET /news/wp-includes/wlwmanifest.xml HTTP/1.1" 301 689 "-" "Mozilla/5.0 (Windows NT 10.0; Win64; x64) AppleWebKit/537.36 (KHTML, like Gecko) Chrome/89.0.4389.114 Safari/537.36"
176.125.230.6 - - [22/Jun/2025:07:13:00 +0200] "GET /js/printenv HTTP/1.1" 404 710 "-" "Mozilla/5.0 [en] (X11, U; OpenVAS-VT 9.0.3)"
165.22.222.185 - - [22/Jun/2025:07:13:00 +0200] "GET /2020/wp-includes/wlwmanifest.xml HTTP/1.1" 301 689 "-" "Mozilla/5.0 (Windows NT 10.0; Win64; x64) AppleWebKit/537.36 (KHTML, like Gecko) Chrome/89.0.4389.114 Safari/537.36"
176.125.230.6 - - [22/Jun/2025:07:13:00 +0200] "GET /ita/printenv_543681751 HTTP/1.1" 404 721 "-" "Mozilla/5.0 [en] (X11, U; OpenVAS-VT 9.0.3)"
176.125.230.6 - - [22/Jun/2025:07:13:00 +0200] "GET /ita/printenv HTTP/1.1" 404 711 "-" "Mozilla/5.0 [en] (X11, U; OpenVAS-VT 9.0.3)"
165.22.222.185 - - [22/Jun/2025:07:13:00 +0200] "GET /2019/wp-includes/wlwmanifest.xml HTTP/1.1" 301 689 "-" "Mozilla/5.0 (Windows NT 10.0; Win64; x64) AppleWebKit/537.36 (KHTML, like Gecko) Chrome/89.0.4389.114 Safari/537.36"
165.22.222.185 - - [22/Jun/2025:07:13:00 +0200] "GET /shop/wp-includes/wlwmanifest.xml HTTP/1.1" 301 689 "-" "Mozilla/5.0 (Windows NT 10.0; Win64; x64) AppleWebKit/537.36 (KHTML, like Gecko) Chrome/89.0.4389.114 Safari/537.36"
165.22.222.185 - - [22/Jun/2025:07:13:01 +0200] "GET /wp1/wp-includes/wlwmanifest.xml HTTP/1.1" 301 687 "-" "Mozilla/5.0 (Windows NT 10.0; Win64; x64) AppleWebKit/537.36 (KHTML, like Gecko) Chrome/89.0.4389.114 Safari/537.36"
165.22.222.185 - - [22/Jun/2025:07:13:01 +0200] "GET /test/wp-includes/wlwmanifest.xml HTTP/1.1" 301 689 "-" "Mozilla/5.0 (Windows NT 10.0; Win64; x64) AppleWebKit/537.36 (KHTML, like Gecko) Chrome/89.0.4389.114 Safari/537.36"
165.22.222.185 - - [22/Jun/2025:07:13:01 +0200] "GET /wp2/wp-includes/wlwmanifest.xml HTTP/1.1" 301 687 "-" "Mozilla/5.0 (Windows NT 10.0; Win64; x64) AppleWebKit/537.36 (KHTML, like Gecko) Chrome/89.0.4389.114 Safari/537.36"
165.22.222.185 - - [22/Jun/2025:07:13:01 +0200] "GET /site/wp-includes/wlwmanifest.xml HTTP/1.1" 301 689 "-" "Mozilla/5.0 (Windows NT 10.0; Win64; x64) AppleWebKit/537.36 (KHTML, like Gecko) Chrome/89.0.4389.114 Safari/537.36"
165.22.222.185 - - [22/Jun/2025:07:13:01 +0200] "GET /cms/wp-includes/wlwmanifest.xml HTTP/1.1" 301 687 "-" "Mozilla/5.0 (Windows NT 10.0; Win64; x64) AppleWebKit/537.36 (KHTML, like Gecko) Chrome/89.0.4389.114 Safari/537.36"
165.22.222.185 - - [22/Jun/2025:07:13:01 +0200] "GET /sito/wp-includes/wlwmanifest.xml HTTP/1.1" 301 689 "-" "Mozilla/5.0 (Windows NT 10.0; Win64; x64) AppleWebKit/537.36 (KHTML, like Gecko) Chrome/89.0.4389.114 Safari/537.36"
176.125.230.6 - - [22/Jun/2025:07:13:06 +0200] "PROPFIND / HTTP/1.0" 404 3871 "-" "-"
176.125.230.6 - - [22/Jun/2025:07:13:06 +0200] "GET /F3Site/SYSTEM/index.php HTTP/1.1" 404 3860 "-" "Mozilla/5.0 [en] (X11, U; OpenVAS-VT 9.0.3)"
176.125.230.6 - - [22/Jun/2025:07:13:06 +0200] "GET /F3Site/index.php HTTP/1.1" 404 715 "-" "Mozilla/5.0 [en] (X11, U; OpenVAS-VT 9.0.3)"
176.125.230.6 - - [22/Jun/2025:07:13:12 +0200] "GET /qcenter/qcenter/index.html HTTP/1.1" 404 3863 "-" "Mozilla/5.0 [en] (X11, U; OpenVAS-VT 9.0.3)"
176.125.230.6 - - [22/Jun/2025:07:13:12 +0200] "GET /fm/index.php HTTP/1.1" 404 3849 "-" "Mozilla/5.0 [en] (X11, U; OpenVAS-VT 9.0.3)"
66.249.64.34 - - [22/Jun/2025:07:13:14 +0200] "GET /ita/soluzioni-logistiche-e-commerce.htm HTTP/1.1" 200 9279 "-" "Mozilla/5.0 (Linux; Android 6.0.1; Nexus 5X Build/MMB29P) AppleWebKit/537.36 (KHTML, like Gecko) Chrome/137.0.7151.103 Mobile Safari/537.36 (compatible; Googlebot/2.1; +http://www.google.com/bot.html)"
176.125.230.6 - - [22/Jun/2025:07:13:15 +0200] "GET /content/nonexistant9479468032033185441189035991.mp3 HTTP/1.0" 404 3855 "-" "-"
176.125.230.6 - - [22/Jun/2025:07:13:15 +0200] "GET /non-existent-714549763. HTTP/1.1" 404 3860 "-" "Mozilla/5.0 [en] (X11, U; OpenVAS-VT 9.0.3)"
176.125.230.6 - - [22/Jun/2025:07:13:15 +0200] "GET /non-existent-605909608/ HTTP/1.1" 404 722 "-" "Mozilla/5.0 [en] (X11, U; OpenVAS-VT 9.0.3)"
176.125.230.6 - - [22/Jun/2025:07:13:15 +0200] "GET /non-existent-556676188.html HTTP/1.1" 404 726 "-" "Mozilla/5.0 [en] (X11, U; OpenVAS-VT 9.0.3)"
176.125.230.6 - - [22/Jun/2025:07:13:16 +0200] "GET /non-existent-741809988.htm HTTP/1.1" 404 725 "-" "Mozilla/5.0 [en] (X11, U; OpenVAS-VT 9.0.3)"
176.125.230.6 - - [22/Jun/2025:07:13:16 +0200] "GET /non-existent-908562750.jsp HTTP/1.1" 404 725 "-" "Mozilla/5.0 [en] (X11, U; OpenVAS-VT 9.0.3)"
176.125.230.6 - - [22/Jun/2025:07:13:16 +0200] "GET /non-existent-1654680978.shtm HTTP/1.1" 404 727 "-" "Mozilla/5.0 [en] (X11, U; OpenVAS-VT 9.0.3)"
176.125.230.6 - - [22/Jun/2025:07:13:17 +0200] "GET /non-existent-2144018771.shtml HTTP/1.1" 404 728 "-" "Mozilla/5.0 [en] (X11, U; OpenVAS-VT 9.0.3)"
176.125.230.6 - - [22/Jun/2025:07:13:17 +0200] "GET /non-existent-1430293274.cfm HTTP/1.1" 404 726 "-" "Mozilla/5.0 [en] (X11, U; OpenVAS-VT 9.0.3)"
176.125.230.6 - - [22/Jun/2025:07:13:17 +0200] "GET /non-existent-365231232.php HTTP/1.1" 404 725 "-" "Mozilla/5.0 [en] (X11, U; OpenVAS-VT 9.0.3)"
176.125.230.6 - - [22/Jun/2025:07:13:18 +0200] "GET /non-existent-1493863627.php3 HTTP/1.1" 404 727 "-" "Mozilla/5.0 [en] (X11, U; OpenVAS-VT 9.0.3)"
176.125.230.6 - - [22/Jun/2025:07:13:18 +0200] "GET /non-existent-1722285385.php4 HTTP/1.1" 404 727 "-" "Mozilla/5.0 [en] (X11, U; OpenVAS-VT 9.0.3)"
176.125.230.6 - - [22/Jun/2025:07:13:18 +0200] "GET /non-existent-336830943.php5 HTTP/1.1" 404 726 "-" "Mozilla/5.0 [en] (X11, U; OpenVAS-VT 9.0.3)"
176.125.230.6 - - [22/Jun/2025:07:13:18 +0200] "GET /non-existent-468762793.php7 HTTP/1.1" 404 726 "-" "Mozilla/5.0 [en] (X11, U; OpenVAS-VT 9.0.3)"
20.168.0.218 - - [22/Jun/2025:07:13:19 +0200] "GET /owa/auth/logon.aspx HTTP/1.1" 404 3568 "-" "Mozilla/5.0 zgrab/0.x"
176.125.230.6 - - [22/Jun/2025:07:13:19 +0200] "GET /SilverStream HTTP/1.1" 404 3849 "-" "Mozilla/5.0 [en] (X11, U; OpenVAS-VT 9.0.3)"
176.125.230.6 - - [22/Jun/2025:07:13:21 +0200] "GET /vicidial/welcome.php HTTP/1.1" 404 3857 "-" "Mozilla/5.0 [en] (X11, U; OpenVAS-VT 9.0.3)"
176.125.230.6 - - [22/Jun/2025:07:13:23 +0200] "GET /dragon/login.jsp HTTP/1.1" 404 3853 "-" "Mozilla/5.0 [en] (X11, U; OpenVAS-VT 9.0.3)"
176.125.230.6 - - [22/Jun/2025:07:13:24 +0200] "GET /taskfreak/login.php HTTP/1.1" 404 3856 "-" "Mozilla/5.0 [en] (X11, U; OpenVAS-VT 9.0.3)"
176.125.230.6 - - [22/Jun/2025:07:13:24 +0200] "GET /taskfreak/login HTTP/1.1" 404 714 "-" "Mozilla/5.0 [en] (X11, U; OpenVAS-VT 9.0.3)"
176.125.230.6 - - [22/Jun/2025:07:13:24 +0200] "GET /cgiwrap_635659487 HTTP/1.1" 404 3854 "-" "Mozilla/5.0 [en] (X11, U; OpenVAS-VT 9.0.3)"
176.125.230.6 - - [22/Jun/2025:07:13:24 +0200] "GET /Taskfreak/login.php HTTP/1.1" 404 718 "-" "Mozilla/5.0 [en] (X11, U; OpenVAS-VT 9.0.3)"
176.125.230.6 - - [22/Jun/2025:07:13:24 +0200] "GET /cgiwrap HTTP/1.1" 404 706 "-" "Mozilla/5.0 [en] (X11, U; OpenVAS-VT 9.0.3)"
176.125.230.6 - - [22/Jun/2025:07:13:24 +0200] "GET /Taskfreak/login HTTP/1.1" 404 714 "-" "Mozilla/5.0 [en] (X11, U; OpenVAS-VT 9.0.3)"
176.125.230.6 - - [22/Jun/2025:07:13:25 +0200] "GET /vendor/cgiwrap_1003337437 HTTP/1.1" 404 724 "-" "Mozilla/5.0 [en] (X11, U; OpenVAS-VT 9.0.3)"
176.125.230.6 - - [22/Jun/2025:07:13:25 +0200] "GET /vendor/cgiwrap HTTP/1.1" 404 713 "-" "Mozilla/5.0 [en] (X11, U; OpenVAS-VT 9.0.3)"
176.125.230.6 - - [22/Jun/2025:07:13:25 +0200] "GET /task/login.php HTTP/1.1" 404 713 "-" "Mozilla/5.0 [en] (X11, U; OpenVAS-VT 9.0.3)"
176.125.230.6 - - [22/Jun/2025:07:13:25 +0200] "GET /vendor/owl-carousel/cgiwrap_370076515 HTTP/1.1" 404 736 "-" "Mozilla/5.0 [en] (X11, U; OpenVAS-VT 9.0.3)"
176.125.230.6 - - [22/Jun/2025:07:13:25 +0200] "GET /task/login HTTP/1.1" 404 709 "-" "Mozilla/5.0 [en] (X11, U; OpenVAS-VT 9.0.3)"
176.125.230.6 - - [22/Jun/2025:07:13:25 +0200] "GET /vendor/owl-carousel/cgiwrap HTTP/1.1" 404 726 "-" "Mozilla/5.0 [en] (X11, U; OpenVAS-VT 9.0.3)"
176.125.230.6 - - [22/Jun/2025:07:13:26 +0200] "GET /vendor/twitterjs/cgiwrap_272616054 HTTP/1.1" 404 733 "-" "Mozilla/5.0 [en] (X11, U; OpenVAS-VT 9.0.3)"
176.125.230.6 - - [22/Jun/2025:07:13:26 +0200] "GET /vendor/twitterjs/cgiwrap HTTP/1.1" 404 723 "-" "Mozilla/5.0 [en] (X11, U; OpenVAS-VT 9.0.3)"
176.125.230.6 - - [22/Jun/2025:07:13:26 +0200] "GET /vendor/magnific-popup/cgiwrap_1447620177 HTTP/1.1" 404 739 "-" "Mozilla/5.0 [en] (X11, U; OpenVAS-VT 9.0.3)"
66.249.64.34 - - [22/Jun/2025:07:13:26 +0200] "GET /ita/css/theme.css HTTP/1.1" 200 10240 "https://memoplanning.com/ita/soluzioni-logistiche-e-commerce.htm" "Mozilla/5.0 (Linux; Android 6.0.1; Nexus 5X Build/MMB29P) AppleWebKit/537.36 (KHTML, like Gecko) Chrome/137.0.7151.68 Mobile Safari/537.36 (compatible; Googlebot/2.1; +http://www.google.com/bot.html)"
176.125.230.6 - - [22/Jun/2025:07:13:27 +0200] "GET /vendor/magnific-popup/cgiwrap HTTP/1.1" 404 728 "-" "Mozilla/5.0 [en] (X11, U; OpenVAS-VT 9.0.3)"
66.249.64.34 - - [22/Jun/2025:07:13:27 +0200] "GET /ita/css/theme-responsive.css HTTP/1.1" 200 2984 "https://memoplanning.com/ita/soluzioni-logistiche-e-commerce.htm" "Mozilla/5.0 (Linux; Android 6.0.1; Nexus 5X Build/MMB29P) AppleWebKit/537.36 (KHTML, like Gecko) Chrome/137.0.7151.68 Mobile Safari/537.36 (compatible; Googlebot/2.1; +http://www.google.com/bot.html)"
176.125.230.6 - - [22/Jun/2025:07:13:27 +0200] "GET /presse/cgiwrap_1097765855 HTTP/1.1" 404 724 "-" "Mozilla/5.0 [en] (X11, U; OpenVAS-VT 9.0.3)"
176.125.230.6 - - [22/Jun/2025:07:13:27 +0200] "GET /presse/cgiwrap HTTP/1.1" 404 713 "-" "Mozilla/5.0 [en] (X11, U; OpenVAS-VT 9.0.3)"
66.249.64.33 - - [22/Jun/2025:07:13:27 +0200] "GET /ita/vendor/modernizr.js HTTP/1.1" 200 7809 "https://memoplanning.com/ita/soluzioni-logistiche-e-commerce.htm" "Mozilla/5.0 (Linux; Android 6.0.1; Nexus 5X Build/MMB29P) AppleWebKit/537.36 (KHTML, like Gecko) Chrome/137.0.7151.68 Mobile Safari/537.36 (compatible; Googlebot/2.1; +http://www.google.com/bot.html)"
176.125.230.6 - - [22/Jun/2025:07:13:27 +0200] "GET /js/cgiwrap_409801042 HTTP/1.1" 404 719 "-" "Mozilla/5.0 [en] (X11, U; OpenVAS-VT 9.0.3)"
66.249.64.33 - - [22/Jun/2025:07:13:28 +0200] "GET /ita/js/plugins.js HTTP/1.1" 200 9252 "https://memoplanning.com/ita/soluzioni-logistiche-e-commerce.htm" "Mozilla/5.0 (Linux; Android 6.0.1; Nexus 5X Build/MMB29P) AppleWebKit/537.36 (KHTML, like Gecko) Chrome/137.0.7151.68 Mobile Safari/537.36 (compatible; Googlebot/2.1; +http://www.google.com/bot.html)"
176.125.230.6 - - [22/Jun/2025:07:13:28 +0200] "GET /js/cgiwrap HTTP/1.1" 404 709 "-" "Mozilla/5.0 [en] (X11, U; OpenVAS-VT 9.0.3)"
66.249.64.33 - - [22/Jun/2025:07:13:28 +0200] "GET /ita/css/theme-elements.css HTTP/1.1" 200 8797 "https://memoplanning.com/ita/soluzioni-logistiche-e-commerce.htm" "Mozilla/5.0 (Linux; Android 6.0.1; Nexus 5X Build/MMB29P) AppleWebKit/537.36 (KHTML, like Gecko) Chrome/137.0.7151.68 Mobile Safari/537.36 (compatible; Googlebot/2.1; +http://www.google.com/bot.html)"
176.125.230.6 - - [22/Jun/2025:07:13:28 +0200] "GET /ita/cgiwrap_542984163 HTTP/1.1" 404 720 "-" "Mozilla/5.0 [en] (X11, U; OpenVAS-VT 9.0.3)"
176.125.230.6 - - [22/Jun/2025:07:13:28 +0200] "GET /ita/cgiwrap HTTP/1.1" 404 710 "-" "Mozilla/5.0 [en] (X11, U; OpenVAS-VT 9.0.3)"
66.249.64.34 - - [22/Jun/2025:07:13:28 +0200] "GET /ita/vendor/owl-carousel/owl.carousel.css HTTP/1.1" 200 980 "https://memoplanning.com/ita/soluzioni-logistiche-e-commerce.htm" "Mozilla/5.0 (Linux; Android 6.0.1; Nexus 5X Build/MMB29P) AppleWebKit/537.36 (KHTML, like Gecko) Chrome/137.0.7151.68 Mobile Safari/537.36 (compatible; Googlebot/2.1; +http://www.google.com/bot.html)"
66.249.64.34 - - [22/Jun/2025:07:13:29 +0200] "GET /ita/vendor/jquery.js HTTP/1.1" 200 33955 "https://memoplanning.com/ita/soluzioni-logistiche-e-commerce.htm" "Mozilla/5.0 (Linux; Android 6.0.1; Nexus 5X Build/MMB29P) AppleWebKit/537.36 (KHTML, like Gecko) Chrome/137.0.7151.68 Mobile Safari/537.36 (compatible; Googlebot/2.1; +http://www.google.com/bot.html)"
176.125.230.6 - - [22/Jun/2025:07:13:29 +0200] "GET /iem/admin/index.php HTTP/1.1" 404 3856 "-" "Mozilla/5.0 [en] (X11, U; OpenVAS-VT 9.0.3)"
176.125.230.6 - - [22/Jun/2025:07:13:29 +0200] "GET /IEM/admin/index.php HTTP/1.1" 404 718 "-" "Mozilla/5.0 [en] (X11, U; OpenVAS-VT 9.0.3)"
66.249.64.33 - - [22/Jun/2025:07:13:29 +0200] "GET /ita/css/theme-animate.css HTTP/1.1" 200 3756 "https://memoplanning.com/ita/soluzioni-logistiche-e-commerce.htm" "Mozilla/5.0 (Linux; Android 6.0.1; Nexus 5X Build/MMB29P) AppleWebKit/537.36 (KHTML, like Gecko) Chrome/137.0.7151.68 Mobile Safari/537.36 (compatible; Googlebot/2.1; +http://www.google.com/bot.html)"
66.249.64.34 - - [22/Jun/2025:07:13:30 +0200] "GET /ita/css/bootstrap.css HTTP/1.1" 200 15738 "https://memoplanning.com/ita/soluzioni-logistiche-e-commerce.htm" "Mozilla/5.0 (Linux; Android 6.0.1; Nexus 5X Build/MMB29P) AppleWebKit/537.36 (KHTML, like Gecko) Chrome/137.0.7151.68 Mobile Safari/537.36 (compatible; Googlebot/2.1; +http://www.google.com/bot.html)"
66.249.64.33 - - [22/Jun/2025:07:13:30 +0200] "GET /ita/css/custom.css HTTP/1.1" 200 512 "https://memoplanning.com/ita/soluzioni-logistiche-e-commerce.htm" "Mozilla/5.0 (Linux; Android 6.0.1; Nexus 5X Build/MMB29P) AppleWebKit/537.36 (KHTML, like Gecko) Chrome/137.0.7151.68 Mobile Safari/537.36 (compatible; Googlebot/2.1; +http://www.google.com/bot.html)"
66.249.64.33 - - [22/Jun/2025:07:13:31 +0200] "GET /ita/vendor/magnific-popup/magnific-popup.css HTTP/1.1" 200 2324 "https://memoplanning.com/ita/soluzioni-logistiche-e-commerce.htm" "Mozilla/5.0 (Linux; Android 6.0.1; Nexus 5X Build/MMB29P) AppleWebKit/537.36 (KHTML, like Gecko) Chrome/137.0.7151.68 Mobile Safari/537.36 (compatible; Googlebot/2.1; +http://www.google.com/bot.html)"
66.249.64.33 - - [22/Jun/2025:07:13:31 +0200] "GET /ita/css/fonts/font-awesome/css/font-awesome.css HTTP/1.1" 200 4767 "https://memoplanning.com/ita/soluzioni-logistiche-e-commerce.htm" "Mozilla/5.0 (Linux; Android 6.0.1; Nexus 5X Build/MMB29P) AppleWebKit/537.36 (KHTML, like Gecko) Chrome/137.0.7151.68 Mobile Safari/537.36 (compatible; Googlebot/2.1; +http://www.google.com/bot.html)"
66.249.64.33 - - [22/Jun/2025:07:13:32 +0200] "GET /ita/css/skins/blue.css HTTP/1.1" 200 1777 "https://memoplanning.com/ita/soluzioni-logistiche-e-commerce.htm" "Mozilla/5.0 (Linux; Android 6.0.1; Nexus 5X Build/MMB29P) AppleWebKit/537.36 (KHTML, like Gecko) Chrome/137.0.7151.68 Mobile Safari/537.36 (compatible; Googlebot/2.1; +http://www.google.com/bot.html)"
66.249.64.33 - - [22/Jun/2025:07:13:32 +0200] "GET /ita/vendor/owl-carousel/owl.theme.css HTTP/1.1" 200 1059 "https://memoplanning.com/ita/soluzioni-logistiche-e-commerce.htm" "Mozilla/5.0 (Linux; Android 6.0.1; Nexus 5X Build/MMB29P) AppleWebKit/537.36 (KHTML, like Gecko) Chrome/137.0.7151.68 Mobile Safari/537.36 (compatible; Googlebot/2.1; +http://www.google.com/bot.html)"
66.249.64.33 - - [22/Jun/2025:07:13:33 +0200] "GET /ita/vendor/jquery.easing.js HTTP/1.1" 200 2454 "https://memoplanning.com/ita/soluzioni-logistiche-e-commerce.htm" "Mozilla/5.0 (Linux; Android 6.0.1; Nexus 5X Build/MMB29P) AppleWebKit/537.36 (KHTML, like Gecko) Chrome/137.0.7151.68 Mobile Safari/537.36 (compatible; Googlebot/2.1; +http://www.google.com/bot.html)"
66.249.64.33 - - [22/Jun/2025:07:13:33 +0200] "GET /ita/vendor/jquery.appear.js HTTP/1.1" 200 1827 "https://memoplanning.com/ita/soluzioni-logistiche-e-commerce.htm" "Mozilla/5.0 (Linux; Android 6.0.1; Nexus 5X Build/MMB29P) AppleWebKit/537.36 (KHTML, like Gecko) Chrome/137.0.7151.68 Mobile Safari/537.36 (compatible; Googlebot/2.1; +http://www.google.com/bot.html)"
176.125.230.6 - - [22/Jun/2025:07:13:33 +0200] "GET /about.html HTTP/1.1" 404 3847 "-" "Mozilla/5.0 [en] (X11, U; OpenVAS-VT 9.0.3)"
176.125.230.6 - - [22/Jun/2025:07:13:34 +0200] "GET /cpassman/index.php HTTP/1.1" 404 3855 "-" "Mozilla/5.0 [en] (X11, U; OpenVAS-VT 9.0.3)"
66.249.64.33 - - [22/Jun/2025:07:13:34 +0200] "GET /ita/vendor/bootstrap.js HTTP/1.1" 200 8087 "https://memoplanning.com/ita/soluzioni-logistiche-e-commerce.htm" "Mozilla/5.0 (Linux; Android 6.0.1; Nexus 5X Build/MMB29P) AppleWebKit/537.36 (KHTML, like Gecko) Chrome/137.0.7151.68 Mobile Safari/537.36 (compatible; Googlebot/2.1; +http://www.google.com/bot.html)"
176.125.230.6 - - [22/Jun/2025:07:13:34 +0200] "GET /cPassMan/index.php HTTP/1.1" 404 717 "-" "Mozilla/5.0 [en] (X11, U; OpenVAS-VT 9.0.3)"
66.249.64.33 - - [22/Jun/2025:07:13:34 +0200] "GET /ita/js/custom.js HTTP/1.1" 200 525 "https://memoplanning.com/ita/soluzioni-logistiche-e-commerce.htm" "Mozilla/5.0 (Linux; Android 6.0.1; Nexus 5X Build/MMB29P) AppleWebKit/537.36 (KHTML, like Gecko) Chrome/137.0.7151.68 Mobile Safari/537.36 (compatible; Googlebot/2.1; +http://www.google.com/bot.html)"
176.125.230.6 - - [22/Jun/2025:07:13:34 +0200] "GET /passman/index.php HTTP/1.1" 404 716 "-" "Mozilla/5.0 [en] (X11, U; OpenVAS-VT 9.0.3)"
66.249.64.33 - - [22/Jun/2025:07:13:35 +0200] "GET /ita/vendor/jquery.cookie.js HTTP/1.1" 200 1823 "https://memoplanning.com/ita/soluzioni-logistiche-e-commerce.htm" "Mozilla/5.0 (Linux; Android 6.0.1; Nexus 5X Build/MMB29P) AppleWebKit/537.36 (KHTML, like Gecko) Chrome/137.0.7151.68 Mobile Safari/537.36 (compatible; Googlebot/2.1; +http://www.google.com/bot.html)"
66.249.64.33 - - [22/Jun/2025:07:13:35 +0200] "GET /ita/vendor/twitterjs/twitter.js HTTP/1.1" 200 1915 "https://memoplanning.com/ita/soluzioni-logistiche-e-commerce.htm" "Mozilla/5.0 (Linux; Android 6.0.1; Nexus 5X Build/MMB29P) AppleWebKit/537.36 (KHTML, like Gecko) Chrome/137.0.7151.68 Mobile Safari/537.36 (compatible; Googlebot/2.1; +http://www.google.com/bot.html)"
66.249.64.33 - - [22/Jun/2025:07:13:36 +0200] "GET /ita/vendor/jflickrfeed/jflickrfeed.js HTTP/1.1" 200 1428 "https://memoplanning.com/ita/soluzioni-logistiche-e-commerce.htm" "Mozilla/5.0 (Linux; Android 6.0.1; Nexus 5X Build/MMB29P) AppleWebKit/537.36 (KHTML, like Gecko) Chrome/137.0.7151.68 Mobile Safari/537.36 (compatible; Googlebot/2.1; +http://www.google.com/bot.html)"
66.249.64.33 - - [22/Jun/2025:07:13:36 +0200] "GET /ita/vendor/jquery.validate.js HTTP/1.1" 200 6830 "https://memoplanning.com/ita/soluzioni-logistiche-e-commerce.htm" "Mozilla/5.0 (Linux; Android 6.0.1; Nexus 5X Build/MMB29P) AppleWebKit/537.36 (KHTML, like Gecko) Chrome/137.0.7151.68 Mobile Safari/537.36 (compatible; Googlebot/2.1; +http://www.google.com/bot.html)"
66.249.64.33 - - [22/Jun/2025:07:13:37 +0200] "GET /ita/vendor/owl-carousel/owl.carousel.js HTTP/1.1" 200 9249 "https://memoplanning.com/ita/soluzioni-logistiche-e-commerce.htm" "Mozilla/5.0 (Linux; Android 6.0.1; Nexus 5X Build/MMB29P) AppleWebKit/537.36 (KHTML, like Gecko) Chrome/137.0.7151.68 Mobile Safari/537.36 (compatible; Googlebot/2.1; +http://www.google.com/bot.html)"
66.249.64.33 - - [22/Jun/2025:07:13:37 +0200] "GET /ita/js/theme.js HTTP/1.1" 200 6535 "https://memoplanning.com/ita/soluzioni-logistiche-e-commerce.htm" "Mozilla/5.0 (Linux; Android 6.0.1; Nexus 5X Build/MMB29P) AppleWebKit/537.36 (KHTML, like Gecko) Chrome/137.0.7151.68 Mobile Safari/537.36 (compatible; Googlebot/2.1; +http://www.google.com/bot.html)"
54.36.148.137 - - [22/Jun/2025:07:13:38 +0200] "GET /interface-informatique-logistique.htm HTTP/1.1" 304 3685 "-" "Mozilla/5.0 (compatible; AhrefsBot/7.0; +http://ahrefs.com/robot/)"
66.249.64.33 - - [22/Jun/2025:07:13:38 +0200] "GET /ita/vendor/magnific-popup/magnific-popup.js HTTP/1.1" 200 8089 "https://memoplanning.com/ita/soluzioni-logistiche-e-commerce.htm" "Mozilla/5.0 (Linux; Android 6.0.1; Nexus 5X Build/MMB29P) AppleWebKit/537.36 (KHTML, like Gecko) Chrome/137.0.7151.68 Mobile Safari/537.36 (compatible; Googlebot/2.1; +http://www.google.com/bot.html)"
176.125.230.6 - - [22/Jun/2025:07:13:38 +0200] "GET /xoopscelepar/index.php HTTP/1.1" 404 3859 "-" "Mozilla/5.0 [en] (X11, U; OpenVAS-VT 9.0.3)"
176.125.230.6 - - [22/Jun/2025:07:13:38 +0200] "GET /glFusion/index.php HTTP/1.1" 404 3855 "-" "Mozilla/5.0 [en] (X11, U; OpenVAS-VT 9.0.3)"
176.125.230.6 - - [22/Jun/2025:07:13:38 +0200] "GET /glfusion/public_html/index.php HTTP/1.1" 404 729 "-" "Mozilla/5.0 [en] (X11, U; OpenVAS-VT 9.0.3)"
176.125.230.6 - - [22/Jun/2025:07:13:47 +0200] "GET /vimbadmin/auth/login HTTP/1.1" 404 3857 "-" "Mozilla/5.0 [en] (X11, U; OpenVAS-VT 9.0.3)"
176.125.230.6 - - [22/Jun/2025:07:13:48 +0200] "GET /auth/login HTTP/1.1" 404 709 "-" "Mozilla/5.0 [en] (X11, U; OpenVAS-VT 9.0.3)"
176.125.230.6 - - [22/Jun/2025:07:13:48 +0200] "GET /vendor/auth/login HTTP/1.1" 404 716 "-" "Mozilla/5.0 [en] (X11, U; OpenVAS-VT 9.0.3)"
176.125.230.6 - - [22/Jun/2025:07:13:48 +0200] "GET /vendor/owl-carousel/auth/login HTTP/1.1" 404 729 "-" "Mozilla/5.0 [en] (X11, U; OpenVAS-VT 9.0.3)"
176.125.230.6 - - [22/Jun/2025:07:13:48 +0200] "GET /vendor/twitterjs/auth/login HTTP/1.1" 404 726 "-" "Mozilla/5.0 [en] (X11, U; OpenVAS-VT 9.0.3)"
