217.113.194.54 - - [15/Aug/2025:12:18:54 +0200] "GET /logistique-e-commerce-epicerie-fine.htm HTTP/1.1" 304 3909 "-" "Mozilla/5.0 (compatible; Barkrowler/0.9; +https://babbar.tech/crawler)"
217.113.194.213 - - [15/Aug/2025:12:19:14 +0200] "GET /logistique-plv-marketing-distribution.htm HTTP/1.1" 304 3909 "-" "Mozilla/5.0 (compatible; Barkrowler/0.9; +https://babbar.tech/crawler)"
66.249.73.200 - - [15/Aug/2025:12:19:31 +0200] "GET /robots.txt HTTP/1.1" 200 3661 "-" "Mozilla/5.0 (compatible; Googlebot/2.1; +http://www.google.com/bot.html)"
66.249.73.201 - - [15/Aug/2025:12:19:32 +0200] "GET / HTTP/1.1" 200 11785 "-" "Mozilla/5.0 (Linux; Android 6.0.1; Nexus 5X Build/MMB29P) AppleWebKit/537.36 (KHTML, like Gecko) Chrome/138.0.7204.183 Mobile Safari/537.36 (compatible; Googlebot/2.1; +http://www.google.com/bot.html)"
217.113.194.53 - - [15/Aug/2025:12:19:34 +0200] "GET /ita/logistica-della-moda-design-in-francia.htm HTTP/1.1" 304 3909 "-" "Mozilla/5.0 (compatible; Barkrowler/0.9; +https://babbar.tech/crawler)"
217.113.194.54 - - [15/Aug/2025:12:19:54 +0200] "GET /ita/logistica-distribuzione-francia.htm HTTP/1.1" 304 3909 "-" "Mozilla/5.0 (compatible; Barkrowler/0.9; +https://babbar.tech/crawler)"
217.113.194.61 - - [15/Aug/2025:12:20:17 +0200] "GET /e-commerce-logistique-endurance-logistique.htm HTTP/1.1" 304 3909 "-" "Mozilla/5.0 (compatible; Barkrowler/0.9; +https://babbar.tech/crawler)"
85.208.96.211 - - [15/Aug/2025:12:22:01 +0200] "GET /robots.txt HTTP/1.1" 200 3720 "-" "Mozilla/5.0 (compatible; SemrushBot/7~bl; +http://www.semrush.com/bot.html)"
185.191.171.1 - - [15/Aug/2025:12:22:02 +0200] "GET /robots.txt HTTP/1.1" 200 3720 "-" "Mozilla/5.0 (compatible; SemrushBot/7~bl; +http://www.semrush.com/bot.html)"
185.191.171.17 - - [15/Aug/2025:12:22:02 +0200] "GET /logistique-e-commerce-endurance-logistique.htm HTTP/1.1" 200 9224 "-" "Mozilla/5.0 (compatible; SemrushBot/7~bl; +http://www.semrush.com/bot.html)"
85.208.96.199 - - [15/Aug/2025:12:22:02 +0200] "GET /hypox.htm HTTP/1.1" 200 8248 "-" "Mozilla/5.0 (compatible; SemrushBot/7~bl; +http://www.semrush.com/bot.html)"
43.164.197.224 - - [15/Aug/2025:12:22:03 +0200] "GET /" 404 684 "-" "-"
54.36.148.29 - - [15/Aug/2025:12:22:16 +0200] "GET /ita/logistica-ecommerce-francia.htm HTTP/1.1" 304 3685 "-" "Mozilla/5.0 (compatible; AhrefsBot/7.0; +http://ahrefs.com/robot/)"
5.255.231.71 - - [15/Aug/2025:12:22:33 +0200] "GET /robots.txt HTTP/1.1" 200 3896 "-" "Mozilla/5.0 (compatible; YandexBot/3.0; +http://yandex.com/bots)"
213.180.203.132 - - [15/Aug/2025:12:22:34 +0200] "GET /ita/soluzioni-logistiche-e-commerce.htm HTTP/1.1" 200 9616 "-" "Mozilla/5.0 (compatible; YandexBot/3.0; +http://yandex.com/bots)"
185.191.171.12 - - [15/Aug/2025:12:23:02 +0200] "GET /ita/logistica-distribuzione-francia.htm HTTP/1.1" 200 7752 "-" "Mozilla/5.0 (compatible; SemrushBot/7~bl; +http://www.semrush.com/bot.html)"
66.249.74.168 - - [15/Aug/2025:12:24:32 +0200] "GET /index.htm HTTP/1.1" 200 11785 "-" "Mozilla/5.0 (Linux; Android 6.0.1; Nexus 5X Build/MMB29P) AppleWebKit/537.36 (KHTML, like Gecko) Chrome/138.0.7204.183 Mobile Safari/537.36 (compatible; Googlebot/2.1; +http://www.google.com/bot.html)"
85.208.96.196 - - [15/Aug/2025:12:24:37 +0200] "GET /robots.txt HTTP/1.1" 200 3736 "-" "Mozilla/5.0 (compatible; SemrushBot/7~bl; +http://www.semrush.com/bot.html)"
185.191.171.17 - - [15/Aug/2025:12:24:38 +0200] "GET /interface-informatique-logistique.htm HTTP/1.1" 200 8680 "-" "Mozilla/5.0 (compatible; SemrushBot/7~bl; +http://www.semrush.com/bot.html)"
217.113.194.193 - - [15/Aug/2025:12:26:59 +0200] "GET /robots.txt HTTP/1.1" 200 4166 "-" "Mozilla/5.0 (compatible; Barkrowler/0.9; +https://babbar.tech/crawler)"
217.113.194.199 - - [15/Aug/2025:12:27:15 +0200] "GET / HTTP/1.1" 304 3910 "-" "Mozilla/5.0 (compatible; Barkrowler/0.9; +https://babbar.tech/crawler)"
217.113.194.198 - - [15/Aug/2025:12:27:30 +0200] "GET /index.htm HTTP/1.1" 304 3910 "-" "Mozilla/5.0 (compatible; Barkrowler/0.9; +https://babbar.tech/crawler)"
52.167.144.191 - - [15/Aug/2025:12:27:38 +0200] "GET /logistique-jeux-jouets.htm HTTP/1.1" 200 8723 "-" "Mozilla/5.0 AppleWebKit/537.36 (KHTML, like Gecko; compatible; bingbot/2.0; +http://www.bing.com/bingbot.htm) Chrome/116.0.1938.76 Safari/537.36"
217.113.194.199 - - [15/Aug/2025:12:27:46 +0200] "GET /erima.htm HTTP/1.1" 304 3909 "-" "Mozilla/5.0 (compatible; Barkrowler/0.9; +https://babbar.tech/crawler)"
217.113.194.197 - - [15/Aug/2025:12:28:03 +0200] "GET /stockage-yvelines.htm HTTP/1.1" 304 3909 "-" "Mozilla/5.0 (compatible; Barkrowler/0.9; +https://babbar.tech/crawler)"
85.208.96.206 - - [15/Aug/2025:12:28:13 +0200] "GET /e-cigarettes-kangertech.htm HTTP/1.1" 200 9384 "-" "Mozilla/5.0 (compatible; SemrushBot/7~bl; +http://www.semrush.com/bot.html)"
217.113.194.200 - - [15/Aug/2025:12:28:19 +0200] "GET /logistique-client.htm HTTP/1.1" 304 3909 "-" "Mozilla/5.0 (compatible; Barkrowler/0.9; +https://babbar.tech/crawler)"
85.208.96.198 - - [15/Aug/2025:12:28:27 +0200] "GET /robots.txt HTTP/1.1" 200 3720 "-" "Mozilla/5.0 (compatible; SemrushBot/7~bl; +http://www.semrush.com/bot.html)"
185.191.171.12 - - [15/Aug/2025:12:28:28 +0200] "GET /logistique-lingerie.htm HTTP/1.1" 200 10360 "-" "Mozilla/5.0 (compatible; SemrushBot/7~bl; +http://www.semrush.com/bot.html)"
217.113.194.200 - - [15/Aug/2025:12:28:36 +0200] "GET /logistique-yvelines.htm HTTP/1.1" 304 3909 "-" "Mozilla/5.0 (compatible; Barkrowler/0.9; +https://babbar.tech/crawler)"
185.191.171.13 - - [15/Aug/2025:12:28:37 +0200] "GET /sitemap.xml HTTP/1.1" 200 5896 "-" "Mozilla/5.0 (compatible; SemrushBot/7~bl; +http://www.semrush.com/bot.html)"
217.113.194.241 - - [15/Aug/2025:12:28:54 +0200] "GET /logistique-mode.htm HTTP/1.1" 304 3909 "-" "Mozilla/5.0 (compatible; Barkrowler/0.9; +https://babbar.tech/crawler)"
217.113.194.254 - - [15/Aug/2025:12:29:10 +0200] "GET /devis-logistique.htm HTTP/1.1" 304 3909 "-" "Mozilla/5.0 (compatible; Barkrowler/0.9; +https://babbar.tech/crawler)"
217.113.194.198 - - [15/Aug/2025:12:29:26 +0200] "GET /mode-logistique.htm HTTP/1.1" 304 3909 "-" "Mozilla/5.0 (compatible; Barkrowler/0.9; +https://babbar.tech/crawler)"
66.249.73.5 - - [15/Aug/2025:12:29:33 +0200] "GET /logisticien-boutique-en-ligne.htm HTTP/1.1" 200 9425 "-" "Mozilla/5.0 (Linux; Android 6.0.1; Nexus 5X Build/MMB29P) AppleWebKit/537.36 (KHTML, like Gecko) Chrome/138.0.7204.183 Mobile Safari/537.36 (compatible; Googlebot/2.1; +http://www.google.com/bot.html)"
217.113.194.201 - - [15/Aug/2025:12:29:42 +0200] "GET /entrepot-yvelines.htm HTTP/1.1" 304 3909 "-" "Mozilla/5.0 (compatible; Barkrowler/0.9; +https://babbar.tech/crawler)"
85.208.96.197 - - [15/Aug/2025:12:29:45 +0200] "GET /logistique-e-commerce-personnalisation-des-envois.htm HTTP/1.1" 200 9128 "-" "Mozilla/5.0 (compatible; SemrushBot/7~bl; +http://www.semrush.com/bot.html)"
217.113.194.195 - - [15/Aug/2025:12:29:58 +0200] "GET /logistique-des-marques.htm HTTP/1.1" 304 3909 "-" "Mozilla/5.0 (compatible; Barkrowler/0.9; +https://babbar.tech/crawler)"
217.113.194.195 - - [15/Aug/2025:12:30:16 +0200] "GET /logistique-co-packing.htm HTTP/1.1" 304 3909 "-" "Mozilla/5.0 (compatible; Barkrowler/0.9; +https://babbar.tech/crawler)"
217.113.194.194 - - [15/Aug/2025:12:30:32 +0200] "GET /informatique-logistique.htm HTTP/1.1" 304 3909 "-" "Mozilla/5.0 (compatible; Barkrowler/0.9; +https://babbar.tech/crawler)"
217.113.194.194 - - [15/Aug/2025:12:30:48 +0200] "GET /actualites-logistique.htm HTTP/1.1" 304 3909 "-" "Mozilla/5.0 (compatible; Barkrowler/0.9; +https://babbar.tech/crawler)"
217.113.194.254 - - [15/Aug/2025:12:31:04 +0200] "GET /webservices-e-commerce.htm HTTP/1.1" 304 3909 "-" "Mozilla/5.0 (compatible; Barkrowler/0.9; +https://babbar.tech/crawler)"
217.113.194.199 - - [15/Aug/2025:12:31:21 +0200] "GET /e-commerce-logistique.htm HTTP/1.1" 304 3909 "-" "Mozilla/5.0 (compatible; Barkrowler/0.9; +https://babbar.tech/crawler)"
185.191.171.7 - - [15/Aug/2025:12:31:31 +0200] "GET /logistique-mode-textile-sportswear.htm HTTP/1.1" 200 8232 "-" "Mozilla/5.0 (compatible; SemrushBot/7~bl; +http://www.semrush.com/bot.html)"
154.54.249.214 - - [15/Aug/2025:12:31:36 +0200] "GET /logistique-jeux-jouets.htm HTTP/1.1" 304 3909 "-" "Mozilla/5.0 (compatible; Barkrowler/0.9; +https://babbar.tech/crawler)"
217.113.194.254 - - [15/Aug/2025:12:31:53 +0200] "GET /logistique-lingerie.htm HTTP/1.1" 304 3909 "-" "Mozilla/5.0 (compatible; Barkrowler/0.9; +https://babbar.tech/crawler)"
217.113.194.192 - - [15/Aug/2025:12:32:08 +0200] "GET /devis-logistique-plv.htm HTTP/1.1" 304 3909 "-" "Mozilla/5.0 (compatible; Barkrowler/0.9; +https://babbar.tech/crawler)"
217.113.194.199 - - [15/Aug/2025:12:32:24 +0200] "GET /gestion-stocks-e-commerce.htm HTTP/1.1" 304 3909 "-" "Mozilla/5.0 (compatible; Barkrowler/0.9; +https://babbar.tech/crawler)"
43.165.135.242 - - [15/Aug/2025:12:32:33 +0200] "GET /" 404 684 "-" "-"
217.113.194.197 - - [15/Aug/2025:12:32:42 +0200] "GET /chaussure-dragon-sea.htm HTTP/1.1" 304 3909 "-" "Mozilla/5.0 (compatible; Barkrowler/0.9; +https://babbar.tech/crawler)"
217.113.194.193 - - [15/Aug/2025:12:32:59 +0200] "GET /chaussures-running-spira.htm HTTP/1.1" 304 3909 "-" "Mozilla/5.0 (compatible; Barkrowler/0.9; +https://babbar.tech/crawler)"
217.113.194.198 - - [15/Aug/2025:12:33:14 +0200] "GET /prestataire-logistique.htm HTTP/1.1" 304 3908 "-" "Mozilla/5.0 (compatible; Barkrowler/0.9; +https://babbar.tech/crawler)"
217.113.194.192 - - [15/Aug/2025:12:33:30 +0200] "GET /actualites-logistique-2018.htm HTTP/1.1" 304 3909 "-" "Mozilla/5.0 (compatible; Barkrowler/0.9; +https://babbar.tech/crawler)"
217.113.194.200 - - [15/Aug/2025:12:33:46 +0200] "GET /ita/news-logistica-2016.htm HTTP/1.1" 304 3909 "-" "Mozilla/5.0 (compatible; Barkrowler/0.9; +https://babbar.tech/crawler)"
217.113.194.195 - - [15/Aug/2025:12:34:02 +0200] "GET /presse-actualites-logistique.htm HTTP/1.1" 304 3909 "-" "Mozilla/5.0 (compatible; Barkrowler/0.9; +https://babbar.tech/crawler)"
154.54.249.214 - - [15/Aug/2025:12:34:18 +0200] "GET /poteries-persannes.htm HTTP/1.1" 304 3909 "-" "Mozilla/5.0 (compatible; Barkrowler/0.9; +https://babbar.tech/crawler)"
217.113.194.254 - - [15/Aug/2025:12:34:35 +0200] "GET /logistique-createur-mode.htm HTTP/1.1" 304 3909 "-" "Mozilla/5.0 (compatible; Barkrowler/0.9; +https://babbar.tech/crawler)"
217.113.194.200 - - [15/Aug/2025:12:34:50 +0200] "GET /logistique-boutique-en-ligne.html HTTP/1.1" 304 3909 "-" "Mozilla/5.0 (compatible; Barkrowler/0.9; +https://babbar.tech/crawler)"
217.113.194.196 - - [15/Aug/2025:12:35:09 +0200] "GET /tarif-logistique-e-commerce.htm HTTP/1.1" 304 3910 "-" "Mozilla/5.0 (compatible; Barkrowler/0.9; +https://babbar.tech/crawler)"
85.208.96.193 - - [15/Aug/2025:12:35:11 +0200] "GET /robots.txt HTTP/1.1" 200 3720 "-" "Mozilla/5.0 (compatible; SemrushBot/7~bl; +http://www.semrush.com/bot.html)"
185.191.171.13 - - [15/Aug/2025:12:35:11 +0200] "GET /envois-en-nombre-colis.htm HTTP/1.1" 200 8328 "-" "Mozilla/5.0 (compatible; SemrushBot/7~bl; +http://www.semrush.com/bot.html)"
185.191.171.2 - - [15/Aug/2025:12:35:26 +0200] "GET /logistique-e-commerce-retail.htm HTTP/1.1" 200 8504 "-" "Mozilla/5.0 (compatible; SemrushBot/7~bl; +http://www.semrush.com/bot.html)"
217.113.194.241 - - [15/Aug/2025:12:35:29 +0200] "GET /gestion-logistique-des-retours.htm HTTP/1.1" 304 3909 "-" "Mozilla/5.0 (compatible; Barkrowler/0.9; +https://babbar.tech/crawler)"
217.113.194.199 - - [15/Aug/2025:12:35:47 +0200] "GET /chaussures-basketball-and1.htm HTTP/1.1" 304 3909 "-" "Mozilla/5.0 (compatible; Barkrowler/0.9; +https://babbar.tech/crawler)"
217.113.194.254 - - [15/Aug/2025:12:36:06 +0200] "GET /conseil-logistique-e-commerce.htm HTTP/1.1" 304 3909 "-" "Mozilla/5.0 (compatible; Barkrowler/0.9; +https://babbar.tech/crawler)"
185.191.171.13 - - [15/Aug/2025:12:36:21 +0200] "GET /logistique-lingerie.htm HTTP/1.1" 200 10360 "-" "Mozilla/5.0 (compatible; SemrushBot/7~bl; +http://www.semrush.com/bot.html)"
217.113.194.240 - - [15/Aug/2025:12:36:23 +0200] "GET /actualites-logistique-2013.htm HTTP/1.1" 304 3909 "-" "Mozilla/5.0 (compatible; Barkrowler/0.9; +https://babbar.tech/crawler)"
102.135.95.19 - - [15/Aug/2025:12:36:35 +0200] "GET / HTTP/1.1" 200 11553 "-" "Mozilla/5.0 (Windows NT 10.0; Win64; x64; rv:140.0) Gecko/20100101 Firefox/140.0"
217.113.194.254 - - [15/Aug/2025:12:36:39 +0200] "GET /actualites-logistique-2010.htm HTTP/1.1" 304 3909 "-" "Mozilla/5.0 (compatible; Barkrowler/0.9; +https://babbar.tech/crawler)"
217.113.194.200 - - [15/Aug/2025:12:36:56 +0200] "GET /actualites-logistique-2012.htm HTTP/1.1" 304 3909 "-" "Mozilla/5.0 (compatible; Barkrowler/0.9; +https://babbar.tech/crawler)"
54.36.149.46 - - [15/Aug/2025:12:37:00 +0200] "GET /ita/logistica-francia-prodotti.htm HTTP/1.1" 304 3685 "-" "Mozilla/5.0 (compatible; AhrefsBot/7.0; +http://ahrefs.com/robot/)"
185.191.171.14 - - [15/Aug/2025:12:37:12 +0200] "GET /preparation-commande-e-commerce.htm HTTP/1.1" 200 9880 "-" "Mozilla/5.0 (compatible; SemrushBot/7~bl; +http://www.semrush.com/bot.html)"
154.54.249.214 - - [15/Aug/2025:12:37:13 +0200] "GET /plv-logistique-stockage.htm HTTP/1.1" 304 3909 "-" "Mozilla/5.0 (compatible; Barkrowler/0.9; +https://babbar.tech/crawler)"
217.113.194.241 - - [15/Aug/2025:12:37:29 +0200] "GET /stockage-logistique-e-commerce.htm HTTP/1.1" 304 3909 "-" "Mozilla/5.0 (compatible; Barkrowler/0.9; +https://babbar.tech/crawler)"
217.113.194.199 - - [15/Aug/2025:12:37:45 +0200] "GET /logistique-decoupe-tissus.htm HTTP/1.1" 304 3909 "-" "Mozilla/5.0 (compatible; Barkrowler/0.9; +https://babbar.tech/crawler)"
217.113.194.193 - - [15/Aug/2025:12:38:01 +0200] "GET /logistique-pour-un-e-shop.html HTTP/1.1" 304 3909 "-" "Mozilla/5.0 (compatible; Barkrowler/0.9; +https://babbar.tech/crawler)"
217.113.194.241 - - [15/Aug/2025:12:38:20 +0200] "GET /logistique-e-commerce-luxe.htm HTTP/1.1" 304 3909 "-" "Mozilla/5.0 (compatible; Barkrowler/0.9; +https://babbar.tech/crawler)"
85.208.96.204 - - [15/Aug/2025:12:38:22 +0200] "GET /ita/contatti.htm HTTP/1.1" 200 7384 "-" "Mozilla/5.0 (compatible; SemrushBot/7~bl; +http://www.semrush.com/bot.html)"
217.113.194.197 - - [15/Aug/2025:12:38:36 +0200] "GET /logistique-des-produits-cosmetiques.htm HTTP/1.1" 304 3909 "-" "Mozilla/5.0 (compatible; Barkrowler/0.9; +https://babbar.tech/crawler)"
217.113.194.192 - - [15/Aug/2025:12:38:51 +0200] "GET /logistique-agences-communication.htm HTTP/1.1" 304 3909 "-" "Mozilla/5.0 (compatible; Barkrowler/0.9; +https://babbar.tech/crawler)"
217.113.194.192 - - [15/Aug/2025:12:39:07 +0200] "GET /logistique-organisation-salon.htm HTTP/1.1" 304 3909 "-" "Mozilla/5.0 (compatible; Barkrowler/0.9; +https://babbar.tech/crawler)"
217.113.194.241 - - [15/Aug/2025:12:39:23 +0200] "GET /logisticien-boutique-en-ligne.htm HTTP/1.1" 304 3909 "-" "Mozilla/5.0 (compatible; Barkrowler/0.9; +https://babbar.tech/crawler)"
217.113.194.199 - - [15/Aug/2025:12:39:39 +0200] "GET /logisticien-marque-cosmetique.htm HTTP/1.1" 304 3909 "-" "Mozilla/5.0 (compatible; Barkrowler/0.9; +https://babbar.tech/crawler)"
154.54.249.214 - - [15/Aug/2025:12:39:54 +0200] "GET /logistique-parapharmacie.htm HTTP/1.1" 304 3909 "-" "Mozilla/5.0 (compatible; Barkrowler/0.9; +https://babbar.tech/crawler)"
217.113.194.192 - - [15/Aug/2025:12:40:11 +0200] "GET /logistique-site-e-commerce.htm HTTP/1.1" 304 3909 "-" "Mozilla/5.0 (compatible; Barkrowler/0.9; +https://babbar.tech/crawler)"
217.113.194.254 - - [15/Aug/2025:12:40:27 +0200] "GET /chaine-logistique-e-commerce.htm HTTP/1.1" 304 3909 "-" "Mozilla/5.0 (compatible; Barkrowler/0.9; +https://babbar.tech/crawler)"
85.208.96.208 - - [15/Aug/2025:12:40:31 +0200] "GET /logistique-parfum-cosmetique.htm HTTP/1.1" 200 8376 "-" "Mozilla/5.0 (compatible; SemrushBot/7~bl; +http://www.semrush.com/bot.html)"
43.157.50.58 - - [15/Aug/2025:12:40:41 +0200] "GET /" 404 684 "-" "-"
217.113.194.197 - - [15/Aug/2025:12:40:43 +0200] "GET /envois-colis-e-commerce.htm HTTP/1.1" 304 3909 "-" "Mozilla/5.0 (compatible; Barkrowler/0.9; +https://babbar.tech/crawler)"
217.113.194.194 - - [15/Aug/2025:12:40:58 +0200] "GET /chaussures-handball-hummel.htm HTTP/1.1" 304 3909 "-" "Mozilla/5.0 (compatible; Barkrowler/0.9; +https://babbar.tech/crawler)"
217.113.194.194 - - [15/Aug/2025:12:41:16 +0200] "GET /actualites-logistique-2020.htm HTTP/1.1" 304 3910 "-" "Mozilla/5.0 (compatible; Barkrowler/0.9; +https://babbar.tech/crawler)"
217.113.194.254 - - [15/Aug/2025:12:41:32 +0200] "GET /vente-en-ligne-logistique-e-commerce.htm HTTP/1.1" 304 3910 "-" "Mozilla/5.0 (compatible; Barkrowler/0.9; +https://babbar.tech/crawler)"
217.113.194.194 - - [15/Aug/2025:12:41:48 +0200] "GET /vente-privee-chaussures-petit-bateau.htm HTTP/1.1" 304 3909 "-" "Mozilla/5.0 (compatible; Barkrowler/0.9; +https://babbar.tech/crawler)"
52.204.81.148 - - [15/Aug/2025:12:41:53 +0200] "GET /e-logistique.htm HTTP/1.1" 200 10776 "-" "Mozilla/5.0 AppleWebKit/537.36 (KHTML, like Gecko; compatible; Amazonbot/0.1; +https://developer.amazon.com/support/amazonbot) Chrome/119.0.6045.214 Safari/537.36"
217.113.194.240 - - [15/Aug/2025:12:42:05 +0200] "GET /vente-privee-polo-de-deauville.htm HTTP/1.1" 304 3909 "-" "Mozilla/5.0 (compatible; Barkrowler/0.9; +https://babbar.tech/crawler)"
217.113.194.198 - - [15/Aug/2025:12:42:21 +0200] "GET /externalisation-preparation-de-commandes.htm HTTP/1.1" 304 3909 "-" "Mozilla/5.0 (compatible; Barkrowler/0.9; +https://babbar.tech/crawler)"
51.222.253.3 - - [15/Aug/2025:12:42:31 +0200] "GET /robots.txt HTTP/1.1" 200 3942 "-" "Mozilla/5.0 (compatible; AhrefsBot/7.0; +http://ahrefs.com/robot/)"
54.36.149.43 - - [15/Aug/2025:12:42:32 +0200] "GET / HTTP/1.1" 304 3686 "-" "Mozilla/5.0 (compatible; AhrefsBot/7.0; +http://ahrefs.com/robot/)"
185.191.171.6 - - [15/Aug/2025:12:42:36 +0200] "GET /logisticien-e-commerce.html HTTP/1.1" 200 9000 "-" "Mozilla/5.0 (compatible; SemrushBot/7~bl; +http://www.semrush.com/bot.html)"
217.113.194.193 - - [15/Aug/2025:12:42:38 +0200] "GET /e-cigarettes-kangertech.htm HTTP/1.1" 304 3909 "-" "Mozilla/5.0 (compatible; Barkrowler/0.9; +https://babbar.tech/crawler)"
217.113.194.241 - - [15/Aug/2025:12:42:54 +0200] "GET /logistique-esat-78-yvelines.htm HTTP/1.1" 304 3909 "-" "Mozilla/5.0 (compatible; Barkrowler/0.9; +https://babbar.tech/crawler)"
172.202.117.171 - - [15/Aug/2025:12:43:00 +0200] "GET /version HTTP/1.1" 404 3557 "-" "Mozilla/5.0 zgrab/0.x"
217.113.194.195 - - [15/Aug/2025:12:43:12 +0200] "GET /logistique-e-commerce-international.htm HTTP/1.1" 304 3909 "-" "Mozilla/5.0 (compatible; Barkrowler/0.9; +https://babbar.tech/crawler)"
217.113.194.197 - - [15/Aug/2025:12:43:27 +0200] "GET /logistique-e-commerce-marketplace.htm HTTP/1.1" 304 3909 "-" "Mozilla/5.0 (compatible; Barkrowler/0.9; +https://babbar.tech/crawler)"
217.113.194.193 - - [15/Aug/2025:12:43:42 +0200] "GET /logistique-e-commerce-multicanal.htm HTTP/1.1" 304 3909 "-" "Mozilla/5.0 (compatible; Barkrowler/0.9; +https://babbar.tech/crawler)"
185.191.171.11 - - [15/Aug/2025:12:43:51 +0200] "GET /ita/logistica-della-moda-design-in-francia.htm HTTP/1.1" 200 8600 "-" "Mozilla/5.0 (compatible; SemrushBot/7~bl; +http://www.semrush.com/bot.html)"
217.113.194.200 - - [15/Aug/2025:12:43:58 +0200] "GET /logistique-e-commerce-cosmetique.html HTTP/1.1" 304 3909 "-" "Mozilla/5.0 (compatible; Barkrowler/0.9; +https://babbar.tech/crawler)"
85.208.96.201 - - [15/Aug/2025:12:44:03 +0200] "GET /ita/index.htm HTTP/1.1" 200 9976 "-" "Mozilla/5.0 (compatible; SemrushBot/7~bl; +http://www.semrush.com/bot.html)"
185.191.171.11 - - [15/Aug/2025:12:44:13 +0200] "GET /logistique-e-commerce.htm HTTP/1.1" 200 11720 "-" "Mozilla/5.0 (compatible; SemrushBot/7~bl; +http://www.semrush.com/bot.html)"
217.113.194.196 - - [15/Aug/2025:12:44:13 +0200] "GET /logistique-e-commerce-editeur.htm HTTP/1.1" 304 3909 "-" "Mozilla/5.0 (compatible; Barkrowler/0.9; +https://babbar.tech/crawler)"
85.208.96.197 - - [15/Aug/2025:12:44:25 +0200] "GET /logistique-organisation-salon.htm HTTP/1.1" 200 8968 "-" "Mozilla/5.0 (compatible; SemrushBot/7~bl; +http://www.semrush.com/bot.html)"
217.113.194.200 - - [15/Aug/2025:12:44:29 +0200] "GET /logistique-des-marques-et-de-la-mode.htm HTTP/1.1" 304 3909 "-" "Mozilla/5.0 (compatible; Barkrowler/0.9; +https://babbar.tech/crawler)"
154.54.249.214 - - [15/Aug/2025:12:44:44 +0200] "GET /logistique-distribution-cosmetique.htm HTTP/1.1" 304 3909 "-" "Mozilla/5.0 (compatible; Barkrowler/0.9; +https://babbar.tech/crawler)"
217.113.194.199 - - [15/Aug/2025:12:44:59 +0200] "GET /logisticien-ile-de-france-idf.htm HTTP/1.1" 304 3909 "-" "Mozilla/5.0 (compatible; Barkrowler/0.9; +https://babbar.tech/crawler)"
54.36.149.20 - - [15/Aug/2025:12:45:02 +0200] "GET /logistique-distribution-cosmetique.htm HTTP/1.1" 304 3685 "-" "Mozilla/5.0 (compatible; AhrefsBot/7.0; +http://ahrefs.com/robot/)"
217.113.194.192 - - [15/Aug/2025:12:45:14 +0200] "GET /logistique-linge-de-maison.htm HTTP/1.1" 304 3909 "-" "Mozilla/5.0 (compatible; Barkrowler/0.9; +https://babbar.tech/crawler)"
217.113.194.201 - - [15/Aug/2025:12:45:29 +0200] "GET /logistique-habillement-mode.htm HTTP/1.1" 304 3909 "-" "Mozilla/5.0 (compatible; Barkrowler/0.9; +https://babbar.tech/crawler)"
217.113.194.196 - - [15/Aug/2025:12:45:45 +0200] "GET /logistique-velos-electriques.htm HTTP/1.1" 304 3909 "-" "Mozilla/5.0 (compatible; Barkrowler/0.9; +https://babbar.tech/crawler)"
217.113.194.193 - - [15/Aug/2025:12:46:00 +0200] "GET /logistique-parfum-cosmetique.htm HTTP/1.1" 304 3909 "-" "Mozilla/5.0 (compatible; Barkrowler/0.9; +https://babbar.tech/crawler)"
217.113.194.241 - - [15/Aug/2025:12:46:15 +0200] "GET /entreprise-logistique-e-commerce.htm HTTP/1.1" 304 3909 "-" "Mozilla/5.0 (compatible; Barkrowler/0.9; +https://babbar.tech/crawler)"
217.113.194.241 - - [15/Aug/2025:12:46:31 +0200] "GET /demande-devis-logistique-en-ligne.htm HTTP/1.1" 304 3909 "-" "Mozilla/5.0 (compatible; Barkrowler/0.9; +https://babbar.tech/crawler)"
217.113.194.193 - - [15/Aug/2025:12:46:46 +0200] "GET /ita/logistica-ecommerce-francia.htm HTTP/1.1" 304 3909 "-" "Mozilla/5.0 (compatible; Barkrowler/0.9; +https://babbar.tech/crawler)"
217.113.194.192 - - [15/Aug/2025:12:47:02 +0200] "GET /endurance-logistique-externalisation.htm HTTP/1.1" 304 3909 "-" "Mozilla/5.0 (compatible; Barkrowler/0.9; +https://babbar.tech/crawler)"
154.54.249.214 - - [15/Aug/2025:12:47:18 +0200] "GET /plateforme-logistique-e-commerce.htm HTTP/1.1" 304 3909 "-" "Mozilla/5.0 (compatible; Barkrowler/0.9; +https://babbar.tech/crawler)"
217.113.194.196 - - [15/Aug/2025:12:47:33 +0200] "GET /solutions-logistiques-e-commerce.htm HTTP/1.1" 304 3909 "-" "Mozilla/5.0 (compatible; Barkrowler/0.9; +https://babbar.tech/crawler)"
85.208.96.196 - - [15/Aug/2025:12:47:41 +0200] "GET /module-logistique-e-commerce.htm HTTP/1.1" 200 9736 "-" "Mozilla/5.0 (compatible; SemrushBot/7~bl; +http://www.semrush.com/bot.html)"
217.113.194.199 - - [15/Aug/2025:12:47:48 +0200] "GET /logistique-e-commerce-mode-decoration.htm HTTP/1.1" 304 3909 "-" "Mozilla/5.0 (compatible; Barkrowler/0.9; +https://babbar.tech/crawler)"
217.113.194.193 - - [15/Aug/2025:12:48:04 +0200] "GET /logistique-e-commerce-pieces-detachees.htm HTTP/1.1" 304 3909 "-" "Mozilla/5.0 (compatible; Barkrowler/0.9; +https://babbar.tech/crawler)"
217.113.194.199 - - [15/Aug/2025:12:48:21 +0200] "GET /logistique-e-commerce-ile-de-france.htm HTTP/1.1" 304 3909 "-" "Mozilla/5.0 (compatible; Barkrowler/0.9; +https://babbar.tech/crawler)"
217.113.194.254 - - [15/Aug/2025:12:48:37 +0200] "GET /logistique-distribution-materiel-medical.htm HTTP/1.1" 304 3909 "-" "Mozilla/5.0 (compatible; Barkrowler/0.9; +https://babbar.tech/crawler)"
217.113.194.197 - - [15/Aug/2025:12:48:52 +0200] "GET /logisticien-specialiste-e-commerce.htm HTTP/1.1" 304 3910 "-" "Mozilla/5.0 (compatible; Barkrowler/0.9; +https://babbar.tech/crawler)"
217.113.194.193 - - [15/Aug/2025:12:49:08 +0200] "GET /logistique-de-la-mode-haut-de-gamme.htm HTTP/1.1" 304 3909 "-" "Mozilla/5.0 (compatible; Barkrowler/0.9; +https://babbar.tech/crawler)"
43.159.149.56 - - [15/Aug/2025:12:49:13 +0200] "GET /logistique-des-marques.htm HTTP/1.1" 200 8283 "-" "Mozilla/5.0 (iPhone; CPU iPhone OS 13_2_3 like Mac OS X) AppleWebKit/605.1.15 (KHTML, like Gecko) Version/13.0.3 Mobile/15E148 Safari/604.1"
217.113.194.240 - - [15/Aug/2025:12:49:23 +0200] "GET /logistique-site-e-commerce-ma.htm HTTP/1.1" 304 3909 "-" "Mozilla/5.0 (compatible; Barkrowler/0.9; +https://babbar.tech/crawler)"
217.113.194.192 - - [15/Aug/2025:12:49:38 +0200] "GET /ita/la-logistica-in-francia.htm HTTP/1.1" 304 3909 "-" "Mozilla/5.0 (compatible; Barkrowler/0.9; +https://babbar.tech/crawler)"
18.224.31.51 - - [15/Aug/2025:12:49:43 +0200] "GET /robots.txt HTTP/1.1" 301 588 "http://www.endurancelogistique.fr/robots.txt" "Mozilla/5.0 (X11; Linux i686; rv:109.0) Gecko/20100101 Firefox/122.0"
18.224.31.51 - - [15/Aug/2025:12:49:44 +0200] "GET /robots.txt HTTP/1.1" 200 4202 "https://www.endurancelogistique.fr/robots.txt" "Mozilla/5.0 (X11; Linux i686; rv:109.0) Gecko/20100101 Firefox/122.0"
18.224.31.51 - - [15/Aug/2025:12:49:44 +0200] "GET /robots.txt HTTP/1.1" 200 4202 "https://www.endurancelogistique.fr/robots.txt" "Mozilla/5.0 (X11; Linux i686; rv:109.0) Gecko/20100101 Firefox/122.0"
217.113.194.198 - - [15/Aug/2025:12:49:53 +0200] "GET /e-commerce-logistique-objets-deco.htm HTTP/1.1" 304 3909 "-" "Mozilla/5.0 (compatible; Barkrowler/0.9; +https://babbar.tech/crawler)"
217.113.194.197 - - [15/Aug/2025:12:50:09 +0200] "GET /logistique-e-commerce-pieces-rechange.htm HTTP/1.1" 304 3909 "-" "Mozilla/5.0 (compatible; Barkrowler/0.9; +https://babbar.tech/crawler)"
217.113.194.254 - - [15/Aug/2025:12:50:24 +0200] "GET /logistique-e-commerce-epicerie-fine.htm HTTP/1.1" 304 3909 "-" "Mozilla/5.0 (compatible; Barkrowler/0.9; +https://babbar.tech/crawler)"
217.113.194.200 - - [15/Aug/2025:12:50:39 +0200] "GET /logistique-e-commerce-externalisation.htm HTTP/1.1" 304 3909 "-" "Mozilla/5.0 (compatible; Barkrowler/0.9; +https://babbar.tech/crawler)"
185.191.171.4 - - [15/Aug/2025:12:50:48 +0200] "GET /robots.txt HTTP/1.1" 200 3736 "-" "Mozilla/5.0 (compatible; SemrushBot/7~bl; +http://www.semrush.com/bot.html)"
85.208.96.198 - - [15/Aug/2025:12:50:49 +0200] "GET /ita/index.htm HTTP/1.1" 200 9992 "-" "Mozilla/5.0 (compatible; SemrushBot/7~bl; +http://www.semrush.com/bot.html)"
217.113.194.192 - - [15/Aug/2025:12:50:55 +0200] "GET /logistique-e_commercant-e_commerce.htm HTTP/1.1" 304 3909 "-" "Mozilla/5.0 (compatible; Barkrowler/0.9; +https://babbar.tech/crawler)"
217.113.194.198 - - [15/Aug/2025:12:51:10 +0200] "GET /logistique-edition-diffuseur-livres.htm HTTP/1.1" 304 3909 "-" "Mozilla/5.0 (compatible; Barkrowler/0.9; +https://babbar.tech/crawler)"
217.113.194.197 - - [15/Aug/2025:12:51:26 +0200] "GET /logistique-pret-a-porter-repetto.htm HTTP/1.1" 304 3909 "-" "Mozilla/5.0 (compatible; Barkrowler/0.9; +https://babbar.tech/crawler)"
43.157.38.131 - - [15/Aug/2025:12:51:36 +0200] "GET /" 404 684 "-" "-"
217.113.194.254 - - [15/Aug/2025:12:51:41 +0200] "GET /logistique-plv-marketing-distribution.htm HTTP/1.1" 304 3909 "-" "Mozilla/5.0 (compatible; Barkrowler/0.9; +https://babbar.tech/crawler)"
217.113.194.193 - - [15/Aug/2025:12:51:57 +0200] "GET /logisticien-grossiste-distributeur.htm HTTP/1.1" 304 3909 "-" "Mozilla/5.0 (compatible; Barkrowler/0.9; +https://babbar.tech/crawler)"
217.113.194.254 - - [15/Aug/2025:12:52:13 +0200] "GET /logistique-marque-linge-de-maison.htm HTTP/1.1" 304 3909 "-" "Mozilla/5.0 (compatible; Barkrowler/0.9; +https://babbar.tech/crawler)"
217.113.194.199 - - [15/Aug/2025:12:52:29 +0200] "GET /logistique-nouveau-site-e-commerce.htm HTTP/1.1" 304 3910 "-" "Mozilla/5.0 (compatible; Barkrowler/0.9; +https://babbar.tech/crawler)"
217.113.194.193 - - [15/Aug/2025:12:52:44 +0200] "GET /barons-papillom-marque-de-sneakers.htm HTTP/1.1" 304 3909 "-" "Mozilla/5.0 (compatible; Barkrowler/0.9; +https://babbar.tech/crawler)"
217.113.194.192 - - [15/Aug/2025:12:53:00 +0200] "GET /logistique-btob-distribution-paris.htm HTTP/1.1" 304 3909 "-" "Mozilla/5.0 (compatible; Barkrowler/0.9; +https://babbar.tech/crawler)"
217.113.194.240 - - [15/Aug/2025:12:53:16 +0200] "GET /logistique-mode-textile-sportswear.htm HTTP/1.1" 304 3909 "-" "Mozilla/5.0 (compatible; Barkrowler/0.9; +https://babbar.tech/crawler)"
217.113.194.241 - - [15/Aug/2025:12:53:31 +0200] "GET /nouvelle-plateforme-logistique-e-commerce.htm HTTP/1.1" 304 3910 "-" "Mozilla/5.0 (compatible; Barkrowler/0.9; +https://babbar.tech/crawler)"
194.50.16.252 - - [15/Aug/2025:12:53:33 +0200] "GET /_ignition/health-check HTTP/1.1" 404 3985 "-" "Mozilla/5.0 (Macintosh; Intel Mac OS X 12_1_3) AppleWebKit/605.1.15 (KHTML, like Gecko) Version/17.3.5 Safari/605.1.15"
217.113.194.197 - - [15/Aug/2025:12:53:48 +0200] "GET /prestataire-logistique-e-commerce-web.htm HTTP/1.1" 304 3909 "-" "Mozilla/5.0 (compatible; Barkrowler/0.9; +https://babbar.tech/crawler)"
217.113.194.193 - - [15/Aug/2025:12:54:04 +0200] "GET /ita/logistica-distribuzione-francia.htm HTTP/1.1" 304 3909 "-" "Mozilla/5.0 (compatible; Barkrowler/0.9; +https://babbar.tech/crawler)"
217.113.194.195 - - [15/Aug/2025:12:54:21 +0200] "GET /e-commerce-logistique-endurance-logistique.htm HTTP/1.1" 304 3909 "-" "Mozilla/5.0 (compatible; Barkrowler/0.9; +https://babbar.tech/crawler)"
217.113.194.198 - - [15/Aug/2025:12:54:38 +0200] "GET /cahier-des-charges-logistique-e-commerce.htm HTTP/1.1" 304 3909 "-" "Mozilla/5.0 (compatible; Barkrowler/0.9; +https://babbar.tech/crawler)"
217.113.194.193 - - [15/Aug/2025:12:54:53 +0200] "GET /solutions-augmenter-ses-ventes-sur-amazon.htm HTTP/1.1" 304 3909 "-" "Mozilla/5.0 (compatible; Barkrowler/0.9; +https://babbar.tech/crawler)"
85.208.96.199 - - [15/Aug/2025:12:55:08 +0200] "GET /stockage-yvelines.htm HTTP/1.1" 200 8536 "-" "Mozilla/5.0 (compatible; SemrushBot/7~bl; +http://www.semrush.com/bot.html)"
217.113.194.254 - - [15/Aug/2025:12:55:09 +0200] "GET /logistique-open-house-mobilier-velizy.htm HTTP/1.1" 304 3909 "-" "Mozilla/5.0 (compatible; Barkrowler/0.9; +https://babbar.tech/crawler)"
217.113.194.193 - - [15/Aug/2025:12:55:24 +0200] "GET /logisticien-specialiste-e-commerce-mode-textile.htm HTTP/1.1" 304 3909 "-" "Mozilla/5.0 (compatible; Barkrowler/0.9; +https://babbar.tech/crawler)"
185.191.171.4 - - [15/Aug/2025:12:55:27 +0200] "GET /logistique-marque-linge-de-maison.htm HTTP/1.1" 200 8568 "-" "Mozilla/5.0 (compatible; SemrushBot/7~bl; +http://www.semrush.com/bot.html)"
217.113.194.201 - - [15/Aug/2025:12:55:39 +0200] "GET /logistique-b-to-b-et-logistique-b-to-c.htm HTTP/1.1" 304 3909 "-" "Mozilla/5.0 (compatible; Barkrowler/0.9; +https://babbar.tech/crawler)"
154.54.249.214 - - [15/Aug/2025:12:55:55 +0200] "GET /logistique-vente-en-ligne-cigarettes-electroniques.htm HTTP/1.1" 304 3909 "-" "Mozilla/5.0 (compatible; Barkrowler/0.9; +https://babbar.tech/crawler)"
217.113.194.197 - - [15/Aug/2025:12:56:10 +0200] "GET /la-logistique-au-service-de-sweet-caddy-accessoires-de-golf.htm HTTP/1.1" 304 3908 "-" "Mozilla/5.0 (compatible; Barkrowler/0.9; +https://babbar.tech/crawler)"
185.191.171.19 - - [15/Aug/2025:12:56:31 +0200] "GET /robots.txt HTTP/1.1" 200 3720 "-" "Mozilla/5.0 (compatible; SemrushBot/7~bl; +http://www.semrush.com/bot.html)"
185.191.171.19 - - [15/Aug/2025:12:56:31 +0200] "GET /logistique-organisation-salon.htm HTTP/1.1" 200 8952 "-" "Mozilla/5.0 (compatible; SemrushBot/7~bl; +http://www.semrush.com/bot.html)"
85.208.96.205 - - [15/Aug/2025:12:56:35 +0200] "GET /logisticien-boutique-en-ligne.htm HTTP/1.1" 200 9480 "-" "Mozilla/5.0 (compatible; SemrushBot/7~bl; +http://www.semrush.com/bot.html)"
3.146.37.78 - - [15/Aug/2025:12:57:24 +0200] "GET /robots.txt HTTP/1.1" 301 588 "http://www.endurancelogistique.fr/robots.txt" "Mozilla/5.0 (X11; Ubuntu; Linux i686; rv:115.0) Gecko/20100101 Firefox/115.0"
3.146.37.78 - - [15/Aug/2025:12:57:25 +0200] "GET /robots.txt HTTP/1.1" 200 4202 "https://www.endurancelogistique.fr/robots.txt" "Mozilla/5.0 (X11; Ubuntu; Linux i686; rv:115.0) Gecko/20100101 Firefox/115.0"
3.146.37.78 - - [15/Aug/2025:12:57:25 +0200] "GET /robots.txt HTTP/1.1" 200 4202 "https://www.endurancelogistique.fr/robots.txt" "Mozilla/5.0 (X11; Ubuntu; Linux i686; rv:115.0) Gecko/20100101 Firefox/115.0"
3.146.37.78 - - [15/Aug/2025:12:57:25 +0200] "GET / HTTP/1.1" 200 8620 "https://www.endurancelogistique.fr" "Mozilla/5.0 (X11; Ubuntu; Linux i686; rv:115.0) Gecko/20100101 Firefox/115.0"
3.146.37.78 - - [15/Aug/2025:12:57:25 +0200] "GET /preparation-commande-e-commerce.htm HTTP/1.1" 200 6633 "https://www.endurancelogistique.fr/preparation-commande-e-commerce.htm" "Mozilla/5.0 (X11; Ubuntu; Linux i686; rv:115.0) Gecko/20100101 Firefox/115.0"
3.146.37.78 - - [15/Aug/2025:12:57:25 +0200] "GET /gestion-informatisee-des-commandes-logistique.html HTTP/1.1" 200 6907 "https://www.endurancelogistique.fr/gestion-informatisee-des-commandes-logistique.html" "Mozilla/5.0 (X11; Ubuntu; Linux i686; rv:115.0) Gecko/20100101 Firefox/115.0"
3.146.37.78 - - [15/Aug/2025:12:57:26 +0200] "GET /webservices-e-commerce.htm HTTP/1.1" 200 9450 "https://www.endurancelogistique.fr/webservices-e-commerce.htm" "Mozilla/5.0 (X11; Ubuntu; Linux i686; rv:115.0) Gecko/20100101 Firefox/115.0"
3.146.37.78 - - [15/Aug/2025:12:57:26 +0200] "GET /logisticien-e-commerce-tpe-pme.htm HTTP/1.1" 200 10740 "https://www.endurancelogistique.fr/logisticien-e-commerce-tpe-pme.htm" "Mozilla/5.0 (X11; Ubuntu; Linux i686; rv:115.0) Gecko/20100101 Firefox/115.0"
3.146.37.78 - - [15/Aug/2025:12:57:26 +0200] "GET /vente-en-ligne-logistique-e-commerce.htm HTTP/1.1" 200 12334 "https://www.endurancelogistique.fr/vente-en-ligne-logistique-e-commerce.htm" "Mozilla/5.0 (X11; Ubuntu; Linux i686; rv:115.0) Gecko/20100101 Firefox/115.0"
3.146.37.78 - - [15/Aug/2025:12:57:26 +0200] "GET /logistique-expedition-colis-en-nombre.htm HTTP/1.1" 200 11035 "https://www.endurancelogistique.fr/logistique-expedition-colis-en-nombre.htm" "Mozilla/5.0 (X11; Ubuntu; Linux i686; rv:115.0) Gecko/20100101 Firefox/115.0"
3.146.37.78 - - [15/Aug/2025:12:57:26 +0200] "GET /stockage-logistique-e-commerce.htm HTTP/1.1" 200 11092 "https://www.endurancelogistique.fr/stockage-logistique-e-commerce.htm" "Mozilla/5.0 (X11; Ubuntu; Linux i686; rv:115.0) Gecko/20100101 Firefox/115.0"
3.146.37.78 - - [15/Aug/2025:12:57:27 +0200] "GET /logistique-nouveau-site-e-commerce.htm HTTP/1.1" 200 9838 "https://www.endurancelogistique.fr/logistique-nouveau-site-e-commerce.htm" "Mozilla/5.0 (X11; Ubuntu; Linux i686; rv:115.0) Gecko/20100101 Firefox/115.0"
3.146.37.78 - - [15/Aug/2025:12:57:27 +0200] "GET /informatique-logistique.htm HTTP/1.1" 200 8617 "https://www.endurancelogistique.fr/informatique-logistique.htm" "Mozilla/5.0 (X11; Ubuntu; Linux i686; rv:115.0) Gecko/20100101 Firefox/115.0"
3.146.37.78 - - [15/Aug/2025:12:57:28 +0200] "GET /plateforme-logistique-mode-marques-luxe.htm HTTP/1.1" 200 12217 "https://www.endurancelogistique.fr/plateforme-logistique-mode-marques-luxe.htm" "Mozilla/5.0 (X11; Ubuntu; Linux i686; rv:115.0) Gecko/20100101 Firefox/115.0"
3.146.37.78 - - [15/Aug/2025:12:57:28 +0200] "GET /services-logistiques.htm HTTP/1.1" 200 4946 "https://www.endurancelogistique.fr/services-logistiques.htm" "Mozilla/5.0 (X11; Ubuntu; Linux i686; rv:115.0) Gecko/20100101 Firefox/115.0"
3.146.37.78 - - [15/Aug/2025:12:57:28 +0200] "GET /interface-informatique-logistique.htm HTTP/1.1" 200 5435 "https://www.endurancelogistique.fr/interface-informatique-logistique.htm" "Mozilla/5.0 (X11; Ubuntu; Linux i686; rv:115.0) Gecko/20100101 Firefox/115.0"
3.146.37.78 - - [15/Aug/2025:12:57:28 +0200] "GET /module-logistique-e-commerce.htm HTTP/1.1" 200 6501 "https://www.endurancelogistique.fr/module-logistique-e-commerce.htm" "Mozilla/5.0 (X11; Ubuntu; Linux i686; rv:115.0) Gecko/20100101 Firefox/115.0"
3.146.37.78 - - [15/Aug/2025:12:57:28 +0200] "GET /plateforme-logistique-e-commerce.htm HTTP/1.1" 200 5460 "https://www.endurancelogistique.fr/plateforme-logistique-e-commerce.htm" "Mozilla/5.0 (X11; Ubuntu; Linux i686; rv:115.0) Gecko/20100101 Firefox/115.0"
3.146.37.78 - - [15/Aug/2025:12:57:28 +0200] "GET /contact-logistique-yvelines.htm HTTP/1.1" 200 5351 "https://www.endurancelogistique.fr/contact-logistique-yvelines.htm" "Mozilla/5.0 (X11; Ubuntu; Linux i686; rv:115.0) Gecko/20100101 Firefox/115.0"
3.146.37.78 - - [15/Aug/2025:12:57:30 +0200] "GET /prestataire-logistique-e-commerce-web.htm HTTP/1.1" 200 9704 "https://www.endurancelogistique.fr/prestataire-logistique-e-commerce-web.htm" "Mozilla/5.0 (X11; Ubuntu; Linux i686; rv:115.0) Gecko/20100101 Firefox/115.0"
164.52.0.92 - - [15/Aug/2025:12:58:15 +0200] "-" 408 3696 "-" "-"
164.52.0.92 - - [15/Aug/2025:12:59:08 +0200] "-" 408 3696 "-" "-"
164.52.0.92 - - [15/Aug/2025:12:59:18 +0200] "{\"id\": 1, \"jsonrpc\": \"2.0\", \"method\": \"login\", \"params\": { \"login\": \"48edfHu7V9Z84YzzMa6fUueoELZ9ZRXq9VetWzYGzKt52XU5xvqgzYnDK9URnRoJMk1j8nLwEVsaSWJ4fhdUyZijBGUicoD\", \"pass\": \"x\", \"agent\": \"XMRig/2.6.0-beta2 (Linux x86_64) libuv/1.8.0 gcc/5.4.0\"}}" 400 3669 "-" "-"
164.52.0.92 - - [15/Aug/2025:12:59:22 +0200] "{\"id\": 1, \"method\": \"eth_submitLogin\", \"params\": []}" 400 3669 "-" "-"
164.52.0.92 - - [15/Aug/2025:12:59:26 +0200] "{\"id\": 1, \"method\": \"mining.subscribe\", \"params\": [\"EthereumStratum/1.0.0\"]}" 400 3669 "-" "-"
164.52.0.92 - - [15/Aug/2025:12:59:30 +0200] "{\"id\": 1, \"method\": \"mining.hello\", \"params\": {\"agent\":\"ethminer-0.17\",\"host\":\"92.243.30.84\", \"port\":\"1bb\",\"proto\":\"EthereumStratum/2.0.0\"}}" 400 3669 "-" "-"
164.52.0.92 - - [15/Aug/2025:13:01:24 +0200] "-" 408 3696 "-" "-"
85.208.96.193 - - [15/Aug/2025:13:02:20 +0200] "GET /devis-logistique-e-commerce.htm HTTP/1.1" 200 9320 "-" "Mozilla/5.0 (compatible; SemrushBot/7~bl; +http://www.semrush.com/bot.html)"
49.51.204.74 - - [15/Aug/2025:13:03:19 +0200] "GET /" 404 684 "-" "-"
185.191.171.16 - - [15/Aug/2025:13:06:16 +0200] "GET /logistique-e-commerce-endurance-logistique.htm HTTP/1.1" 200 9224 "-" "Mozilla/5.0 (compatible; SemrushBot/7~bl; +http://www.semrush.com/bot.html)"
43.159.135.203 - - [15/Aug/2025:13:06:31 +0200] "GET /logistique-e-commerce-pieces-rechange.htm HTTP/1.1" 200 9174 "-" "Mozilla/5.0 (iPhone; CPU iPhone OS 13_2_3 like Mac OS X) AppleWebKit/605.1.15 (KHTML, like Gecko) Version/13.0.3 Mobile/15E148 Safari/604.1"
51.68.111.207 - - [15/Aug/2025:13:08:08 +0200] "GET /robots.txt HTTP/1.1" 200 3661 "-" "Mozilla/5.0 (compatible; MJ12bot/v2.0.4; http://mj12bot.com/)"
51.68.111.207 - - [15/Aug/2025:13:08:08 +0200] "GET / HTTP/1.1" 200 8620 "-" "Mozilla/5.0 (compatible; MJ12bot/v2.0.4; http://mj12bot.com/)"
66.249.73.5 - - [15/Aug/2025:13:09:31 +0200] "GET /logistique-des-marques-et-de-la-mode.htm HTTP/1.1" 200 9208 "-" "Mozilla/5.0 (Linux; Android 6.0.1; Nexus 5X Build/MMB29P) AppleWebKit/537.36 (KHTML, like Gecko) Chrome/139.0.7258.127 Mobile Safari/537.36 (compatible; Googlebot/2.1; +http://www.google.com/bot.html)"
51.68.107.141 - - [15/Aug/2025:13:09:44 +0200] "GET /robots.txt HTTP/1.1" 200 3654 "-" "Mozilla/5.0 (compatible; MJ12bot/v2.0.4; http://mj12bot.com/)"
51.68.107.141 - - [15/Aug/2025:13:09:44 +0200] "GET / HTTP/1.1" 200 8620 "-" "Mozilla/5.0 (compatible; MJ12bot/v2.0.4; http://mj12bot.com/)"
185.191.171.8 - - [15/Aug/2025:13:09:49 +0200] "GET /robots.txt HTTP/1.1" 200 3720 "-" "Mozilla/5.0 (compatible; SemrushBot/7~bl; +http://www.semrush.com/bot.html)"
85.208.96.200 - - [15/Aug/2025:13:09:50 +0200] "GET /logistique-btob-distribution-paris.htm HTTP/1.1" 200 9192 "-" "Mozilla/5.0 (compatible; SemrushBot/7~bl; +http://www.semrush.com/bot.html)"
217.182.92.119 - - [15/Aug/2025:13:09:58 +0200] "GET /robots.txt HTTP/1.1" 200 4202 "-" "BUbiNG (+http://law.di.unimi.it/BUbiNG.html)"
217.182.92.119 - - [15/Aug/2025:13:09:58 +0200] "GET /plateforme-logistique-mode-marques-luxe.htm HTTP/1.1" 200 8511 "-" "BUbiNG (+http://law.di.unimi.it/BUbiNG.html)"
85.208.96.200 - - [15/Aug/2025:13:10:58 +0200] "GET /conseil-logistique-e-commerce.htm HTTP/1.1" 200 8712 "-" "Mozilla/5.0 (compatible; SemrushBot/7~bl; +http://www.semrush.com/bot.html)"
85.208.96.201 - - [15/Aug/2025:13:13:04 +0200] "GET /robots.txt HTTP/1.1" 200 3720 "-" "Mozilla/5.0 (compatible; SemrushBot/7~bl; +http://www.semrush.com/bot.html)"
85.208.96.200 - - [15/Aug/2025:13:13:04 +0200] "GET /devis-logistique.htm HTTP/1.1" 200 7304 "-" "Mozilla/5.0 (compatible; SemrushBot/7~bl; +http://www.semrush.com/bot.html)"
54.36.148.109 - - [15/Aug/2025:13:15:22 +0200] "GET /logistique-vente-privee.htm HTTP/1.1" 304 3685 "-" "Mozilla/5.0 (compatible; AhrefsBot/7.0; +http://ahrefs.com/robot/)"
157.55.39.10 - - [15/Aug/2025:13:16:02 +0200] "GET /plv-logistique-stockage.htm HTTP/1.1" 301 558 "-" "Mozilla/5.0 AppleWebKit/537.36 (KHTML, like Gecko; compatible; bingbot/2.0; +http://www.bing.com/bingbot.htm) Chrome/116.0.1938.76 Safari/537.36"
170.106.110.146 - - [15/Aug/2025:13:17:08 +0200] "GET /logistique-e-commerce-mode-made-in-france.htm HTTP/1.1" 200 8959 "-" "Mozilla/5.0 (iPhone; CPU iPhone OS 13_2_3 like Mac OS X) AppleWebKit/605.1.15 (KHTML, like Gecko) Version/13.0.3 Mobile/15E148 Safari/604.1"
54.36.148.3 - - [15/Aug/2025:13:18:25 +0200] "GET /actualites-logistique-2018.htm HTTP/1.1" 304 3685 "-" "Mozilla/5.0 (compatible; AhrefsBot/7.0; +http://ahrefs.com/robot/)"
172.213.11.150 - - [15/Aug/2025:13:18:37 +0200] "GET /entrepot-yvelines.htm HTTP/1.1" 200 10043 "-" "Mozilla/5.0 AppleWebKit/537.36 (KHTML, like Gecko); compatible; ChatGPT-User/1.0; +https://openai.com/bot"
85.208.96.201 - - [15/Aug/2025:13:18:47 +0200] "GET /robots.txt HTTP/1.1" 200 3720 "-" "Mozilla/5.0 (compatible; SemrushBot/7~bl; +http://www.semrush.com/bot.html)"
85.208.96.201 - - [15/Aug/2025:13:18:48 +0200] "GET /logistique-chaussures-chaussons.htm HTTP/1.1" 200 9016 "-" "Mozilla/5.0 (compatible; SemrushBot/7~bl; +http://www.semrush.com/bot.html)"
85.208.96.203 - - [15/Aug/2025:13:19:57 +0200] "GET /robots.txt HTTP/1.1" 200 3736 "-" "Mozilla/5.0 (compatible; SemrushBot/7~bl; +http://www.semrush.com/bot.html)"
185.191.171.18 - - [15/Aug/2025:13:19:58 +0200] "GET /logistique-marque-cosmetique.htm HTTP/1.1" 200 8056 "-" "Mozilla/5.0 (compatible; SemrushBot/7~bl; +http://www.semrush.com/bot.html)"
54.36.149.94 - - [15/Aug/2025:13:20:12 +0200] "GET /logistique-decoupe-tissus.htm HTTP/1.1" 304 3685 "-" "Mozilla/5.0 (compatible; AhrefsBot/7.0; +http://ahrefs.com/robot/)"
85.208.96.200 - - [15/Aug/2025:13:20:59 +0200] "GET /robots.txt HTTP/1.1" 200 3729 "-" "Mozilla/5.0 (compatible; SemrushBot/7~bl; +http://www.semrush.com/bot.html)"
85.208.96.197 - - [15/Aug/2025:13:20:59 +0200] "GET /logistique-e-commerce-personnalisation-des-envois.htm HTTP/1.1" 200 9137 "-" "Mozilla/5.0 (compatible; SemrushBot/7~bl; +http://www.semrush.com/bot.html)"
85.208.96.195 - - [15/Aug/2025:13:22:07 +0200] "GET /robots.txt HTTP/1.1" 200 3720 "-" "Mozilla/5.0 (compatible; SemrushBot/7~bl; +http://www.semrush.com/bot.html)"
85.208.96.200 - - [15/Aug/2025:13:22:07 +0200] "GET /e-commerce-fulfillment-logistics-france.htm HTTP/1.1" 200 8360 "-" "Mozilla/5.0 (compatible; SemrushBot/7~bl; +http://www.semrush.com/bot.html)"
138.246.253.24 - - [15/Aug/2025:13:22:27 +0200] "GET /robots.txt HTTP/1.1" 200 3529 "-" "Mozilla/5.0 (Windows NT 10.0; Win64; x64) AppleWebKit/537.36 (KHTML, like Gecko) Chrome/103.0.5060.134 Safari/537.36"
185.191.171.3 - - [15/Aug/2025:13:23:04 +0200] "GET /logistique-des-marques-et-de-la-mode.htm HTTP/1.1" 200 9272 "-" "Mozilla/5.0 (compatible; SemrushBot/7~bl; +http://www.semrush.com/bot.html)"
54.36.148.212 - - [15/Aug/2025:13:26:47 +0200] "GET /sav-logistique.htm HTTP/1.1" 304 3685 "-" "Mozilla/5.0 (compatible; AhrefsBot/7.0; +http://ahrefs.com/robot/)"
185.191.171.3 - - [15/Aug/2025:13:27:18 +0200] "GET /robots.txt HTTP/1.1" 200 3720 "-" "Mozilla/5.0 (compatible; SemrushBot/7~bl; +http://www.semrush.com/bot.html)"
85.208.96.197 - - [15/Aug/2025:13:27:20 +0200] "GET /logistique-e-commerce-personnalisation-des-envois.htm HTTP/1.1" 200 9128 "-" "Mozilla/5.0 (compatible; SemrushBot/7~bl; +http://www.semrush.com/bot.html)"
85.208.96.200 - - [15/Aug/2025:13:29:46 +0200] "GET /robots.txt HTTP/1.1" 200 3736 "-" "Mozilla/5.0 (compatible; SemrushBot/7~bl; +http://www.semrush.com/bot.html)"
185.191.171.4 - - [15/Aug/2025:13:29:47 +0200] "GET /entrepot-yvelines.htm HTTP/1.1" 200 10168 "-" "Mozilla/5.0 (compatible; SemrushBot/7~bl; +http://www.semrush.com/bot.html)"
85.208.96.193 - - [15/Aug/2025:13:30:14 +0200] "GET /robots.txt HTTP/1.1" 200 3736 "-" "Mozilla/5.0 (compatible; SemrushBot/7~bl; +http://www.semrush.com/bot.html)"
85.208.96.200 - - [15/Aug/2025:13:30:14 +0200] "GET /boutique-and1.htm HTTP/1.1" 200 8648 "-" "Mozilla/5.0 (compatible; SemrushBot/7~bl; +http://www.semrush.com/bot.html)"
85.208.96.196 - - [15/Aug/2025:13:31:38 +0200] "GET /logistique-retail.htm HTTP/1.1" 200 8680 "-" "Mozilla/5.0 (compatible; SemrushBot/7~bl; +http://www.semrush.com/bot.html)"
66.249.65.71 - - [15/Aug/2025:13:32:21 +0200] "GET /robots.txt HTTP/1.1" 200 3661 "-" "Mozilla/5.0 (compatible; Googlebot/2.1; +http://www.google.com/bot.html)"
66.249.65.71 - - [15/Aug/2025:13:32:21 +0200] "GET /ita/img/logos/minimx.png HTTP/1.1" 200 31026 "-" "Googlebot-Image/1.0"
85.208.96.199 - - [15/Aug/2025:13:34:21 +0200] "GET /robots.txt HTTP/1.1" 200 3720 "-" "Mozilla/5.0 (compatible; SemrushBot/7~bl; +http://www.semrush.com/bot.html)"
185.191.171.3 - - [15/Aug/2025:13:34:21 +0200] "GET /envois-en-nombre-colis.htm HTTP/1.1" 200 8328 "-" "Mozilla/5.0 (compatible; SemrushBot/7~bl; +http://www.semrush.com/bot.html)"
43.165.65.180 - - [15/Aug/2025:13:37:29 +0200] "GET /logistique-des-marques.htm HTTP/1.1" 200 8283 "-" "Mozilla/5.0 (iPhone; CPU iPhone OS 13_2_3 like Mac OS X) AppleWebKit/605.1.15 (KHTML, like Gecko) Version/13.0.3 Mobile/15E148 Safari/604.1"
3.143.252.77 - - [15/Aug/2025:13:38:36 +0200] "GET / HTTP/1.1" 301 571 "-" "Mozilla/5.0 (Macintosh; Intel Mac OS X 10_15_7) AppleWebKit/537.36 (KHTML, like Gecko) Chrome/121.0.0.0 Safari/537.36"
3.143.252.77 - - [15/Aug/2025:13:38:36 +0200] "GET / HTTP/1.1" 301 571 "-" "Mozilla/5.0 (Macintosh; Intel Mac OS X 10_15_7) AppleWebKit/537.36 (KHTML, like Gecko) Chrome/121.0.0.0 Safari/537.36"
3.143.252.77 - - [15/Aug/2025:13:38:40 +0200] "GET / HTTP/1.1" 200 11778 "-" "Mozilla/5.0 (Macintosh; Intel Mac OS X 10_15_7) AppleWebKit/537.36 (KHTML, like Gecko) Chrome/121.0.0.0 Safari/537.36"
3.143.252.77 - - [15/Aug/2025:13:38:40 +0200] "GET /css/bootstrap.css HTTP/1.1" 200 16523 "https://endurancelogistique.fr/" "Mozilla/5.0 (Macintosh; Intel Mac OS X 10_15_7) AppleWebKit/537.36 (KHTML, like Gecko) Chrome/121.0.0.0 Safari/537.36"
3.143.252.77 - - [15/Aug/2025:13:38:40 +0200] "GET /vendor/owl-carousel/owl.carousel.css HTTP/1.1" 200 1004 "https://endurancelogistique.fr/" "Mozilla/5.0 (Macintosh; Intel Mac OS X 10_15_7) AppleWebKit/537.36 (KHTML, like Gecko) Chrome/121.0.0.0 Safari/537.36"
3.143.252.77 - - [15/Aug/2025:13:38:40 +0200] "GET /vendor/owl-carousel/owl.theme.css HTTP/1.1" 200 1197 "https://endurancelogistique.fr/" "Mozilla/5.0 (Macintosh; Intel Mac OS X 10_15_7) AppleWebKit/537.36 (KHTML, like Gecko) Chrome/121.0.0.0 Safari/537.36"
3.143.252.77 - - [15/Aug/2025:13:38:40 +0200] "GET /css/theme.css HTTP/1.1" 200 6619 "https://endurancelogistique.fr/" "Mozilla/5.0 (Macintosh; Intel Mac OS X 10_15_7) AppleWebKit/537.36 (KHTML, like Gecko) Chrome/121.0.0.0 Safari/537.36"
3.143.252.77 - - [15/Aug/2025:13:38:40 +0200] "GET /css/custom.css HTTP/1.1" 200 650 "https://endurancelogistique.fr/" "Mozilla/5.0 (Macintosh; Intel Mac OS X 10_15_7) AppleWebKit/537.36 (KHTML, like Gecko) Chrome/121.0.0.0 Safari/537.36"
3.143.252.77 - - [15/Aug/2025:13:38:40 +0200] "GET /css/skins/blue.css HTTP/1.1" 200 1915 "https://endurancelogistique.fr/" "Mozilla/5.0 (Macintosh; Intel Mac OS X 10_15_7) AppleWebKit/537.36 (KHTML, like Gecko) Chrome/121.0.0.0 Safari/537.36"
3.143.252.77 - - [15/Aug/2025:13:38:40 +0200] "GET /css/theme-elements.css HTTP/1.1" 200 8795 "https://endurancelogistique.fr/" "Mozilla/5.0 (Macintosh; Intel Mac OS X 10_15_7) AppleWebKit/537.36 (KHTML, like Gecko) Chrome/121.0.0.0 Safari/537.36"
3.143.252.77 - - [15/Aug/2025:13:38:40 +0200] "GET /css/theme-responsive.css HTTP/1.1" 200 2984 "https://endurancelogistique.fr/" "Mozilla/5.0 (Macintosh; Intel Mac OS X 10_15_7) AppleWebKit/537.36 (KHTML, like Gecko) Chrome/121.0.0.0 Safari/537.36"
3.143.252.77 - - [15/Aug/2025:13:38:40 +0200] "GET /vendor/jquery.js HTTP/1.1" 200 33955 "https://endurancelogistique.fr/" "Mozilla/5.0 (Macintosh; Intel Mac OS X 10_15_7) AppleWebKit/537.36 (KHTML, like Gecko) Chrome/121.0.0.0 Safari/537.36"
3.143.252.77 - - [15/Aug/2025:13:38:40 +0200] "GET /js/plugins.js HTTP/1.1" 200 5468 "https://endurancelogistique.fr/" "Mozilla/5.0 (Macintosh; Intel Mac OS X 10_15_7) AppleWebKit/537.36 (KHTML, like Gecko) Chrome/121.0.0.0 Safari/537.36"
3.143.252.77 - - [15/Aug/2025:13:38:40 +0200] "GET /vendor/jquery.easing.js HTTP/1.1" 200 1291 "https://endurancelogistique.fr/" "Mozilla/5.0 (Macintosh; Intel Mac OS X 10_15_7) AppleWebKit/537.36 (KHTML, like Gecko) Chrome/121.0.0.0 Safari/537.36"
3.143.252.77 - - [15/Aug/2025:13:38:40 +0200] "GET /vendor/jquery.appear.js HTTP/1.1" 200 1140 "https://endurancelogistique.fr/" "Mozilla/5.0 (Macintosh; Intel Mac OS X 10_15_7) AppleWebKit/537.36 (KHTML, like Gecko) Chrome/121.0.0.0 Safari/537.36"
3.143.252.77 - - [15/Aug/2025:13:38:40 +0200] "GET /vendor/bootstrap.js HTTP/1.1" 200 8087 "https://endurancelogistique.fr/" "Mozilla/5.0 (Macintosh; Intel Mac OS X 10_15_7) AppleWebKit/537.36 (KHTML, like Gecko) Chrome/121.0.0.0 Safari/537.36"
3.143.252.77 - - [15/Aug/2025:13:38:40 +0200] "GET /vendor/rs-plugin/js/jquery.themepunch.plugins.min.js HTTP/1.1" 200 23968 "https://endurancelogistique.fr/" "Mozilla/5.0 (Macintosh; Intel Mac OS X 10_15_7) AppleWebKit/537.36 (KHTML, like Gecko) Chrome/121.0.0.0 Safari/537.36"
