34.222.35.2 - - [15/Aug/2025:10:29:47 +0200] "GET /js/plugins.js HTTP/1.1" 200 5468 "https://catalog.lepetitcoindeparadis.com/" "Mozilla/5.0 (Windows NT 10.0; Win64; x64) AppleWebKit/537.36 (KHTML, like Gecko) Chrome/70.0.3538.102 Safari/537.36 Edge/18.19582"
34.222.35.2 - - [15/Aug/2025:10:29:47 +0200] "GET /vendor/jquery.appear.js HTTP/1.1" 200 1140 "https://catalog.lepetitcoindeparadis.com/" "Mozilla/5.0 (Windows NT 10.0; Win64; x64) AppleWebKit/537.36 (KHTML, like Gecko) Chrome/70.0.3538.102 Safari/537.36 Edge/18.19582"
34.222.35.2 - - [15/Aug/2025:10:29:47 +0200] "GET /vendor/jquery.easing.js HTTP/1.1" 200 1291 "https://catalog.lepetitcoindeparadis.com/" "Mozilla/5.0 (Windows NT 10.0; Win64; x64) AppleWebKit/537.36 (KHTML, like Gecko) Chrome/70.0.3538.102 Safari/537.36 Edge/18.19582"
34.222.35.2 - - [15/Aug/2025:10:29:47 +0200] "GET /vendor/bootstrap.js HTTP/1.1" 200 8087 "https://catalog.lepetitcoindeparadis.com/" "Mozilla/5.0 (Windows NT 10.0; Win64; x64) AppleWebKit/537.36 (KHTML, like Gecko) Chrome/70.0.3538.102 Safari/537.36 Edge/18.19582"
34.222.35.2 - - [15/Aug/2025:10:29:47 +0200] "GET /vendor/rs-plugin/js/jquery.themepunch.plugins.min.js HTTP/1.1" 200 23968 "https://catalog.lepetitcoindeparadis.com/" "Mozilla/5.0 (Windows NT 10.0; Win64; x64) AppleWebKit/537.36 (KHTML, like Gecko) Chrome/70.0.3538.102 Safari/537.36 Edge/18.19582"
34.222.35.2 - - [15/Aug/2025:10:29:48 +0200] "GET /vendor/owl-carousel/owl.carousel.js HTTP/1.1" 200 7389 "https://catalog.lepetitcoindeparadis.com/" "Mozilla/5.0 (Windows NT 10.0; Win64; x64) AppleWebKit/537.36 (KHTML, like Gecko) Chrome/70.0.3538.102 Safari/537.36 Edge/18.19582"
34.222.35.2 - - [15/Aug/2025:10:29:48 +0200] "GET /vendor/rs-plugin/js/jquery.themepunch.revolution.js HTTP/1.1" 200 20432 "https://catalog.lepetitcoindeparadis.com/" "Mozilla/5.0 (Windows NT 10.0; Win64; x64) AppleWebKit/537.36 (KHTML, like Gecko) Chrome/70.0.3538.102 Safari/537.36 Edge/18.19582"
34.222.35.2 - - [15/Aug/2025:10:29:48 +0200] "GET /vendor/jquery.validate.js HTTP/1.1" 200 6830 "https://catalog.lepetitcoindeparadis.com/" "Mozilla/5.0 (Windows NT 10.0; Win64; x64) AppleWebKit/537.36 (KHTML, like Gecko) Chrome/70.0.3538.102 Safari/537.36 Edge/18.19582"
34.222.35.2 - - [15/Aug/2025:10:29:48 +0200] "GET /js/views/view.home.js HTTP/1.1" 200 1420 "https://catalog.lepetitcoindeparadis.com/" "Mozilla/5.0 (Windows NT 10.0; Win64; x64) AppleWebKit/537.36 (KHTML, like Gecko) Chrome/70.0.3538.102 Safari/537.36 Edge/18.19582"
34.222.35.2 - - [15/Aug/2025:10:29:48 +0200] "GET /c=%22js/custom.js%22 HTTP/1.1" 404 700 "https://catalog.lepetitcoindeparadis.com/" "Mozilla/5.0 (Windows NT 10.0; Win64; x64) AppleWebKit/537.36 (KHTML, like Gecko) Chrome/70.0.3538.102 Safari/537.36 Edge/18.19582"
34.222.35.2 - - [15/Aug/2025:10:29:48 +0200] "GET /js/theme.js HTTP/1.1" 200 5262 "https://catalog.lepetitcoindeparadis.com/" "Mozilla/5.0 (Windows NT 10.0; Win64; x64) AppleWebKit/537.36 (KHTML, like Gecko) Chrome/70.0.3538.102 Safari/537.36 Edge/18.19582"
34.222.35.2 - - [15/Aug/2025:10:29:48 +0200] "GET /img/map-bottom.png HTTP/1.1" 200 1440 "https://catalog.lepetitcoindeparadis.com/css/theme.css" "Mozilla/5.0 (Windows NT 10.0; Win64; x64) AppleWebKit/537.36 (KHTML, like Gecko) Chrome/70.0.3538.102 Safari/537.36 Edge/18.19582"
34.222.35.2 - - [15/Aug/2025:10:29:48 +0200] "GET /img/map-top.png HTTP/1.1" 200 4426 "https://catalog.lepetitcoindeparadis.com/css/theme.css" "Mozilla/5.0 (Windows NT 10.0; Win64; x64) AppleWebKit/537.36 (KHTML, like Gecko) Chrome/70.0.3538.102 Safari/537.36 Edge/18.19582"
34.222.35.2 - - [15/Aug/2025:10:29:49 +0200] "GET /favicon.ico HTTP/1.1" 200 4932 "https://catalog.lepetitcoindeparadis.com/" "Mozilla/5.0 (Windows NT 10.0; Win64; x64) AppleWebKit/537.36 (KHTML, like Gecko) Chrome/70.0.3538.102 Safari/537.36 Edge/18.19582"
34.222.35.2 - - [15/Aug/2025:10:29:50 +0200] "GET /img/ecommerce-logistique.jpg HTTP/1.1" 200 7604 "https://catalog.lepetitcoindeparadis.com/" "Mozilla/5.0 (Windows NT 10.0; Win64; x64) AppleWebKit/537.36 (KHTML, like Gecko) Chrome/70.0.3538.102 Safari/537.36 Edge/18.19582"
34.222.35.2 - - [15/Aug/2025:10:29:50 +0200] "GET /img/logistique-spedition.jpg HTTP/1.1" 200 9930 "https://catalog.lepetitcoindeparadis.com/" "Mozilla/5.0 (Windows NT 10.0; Win64; x64) AppleWebKit/537.36 (KHTML, like Gecko) Chrome/70.0.3538.102 Safari/537.36 Edge/18.19582"
34.222.35.2 - - [15/Aug/2025:10:29:50 +0200] "GET /img/vente-en-ligne-logistique-e-commerce.jpg HTTP/1.1" 200 26380 "https://catalog.lepetitcoindeparadis.com/" "Mozilla/5.0 (Windows NT 10.0; Win64; x64) AppleWebKit/537.36 (KHTML, like Gecko) Chrome/70.0.3538.102 Safari/537.36 Edge/18.19582"
34.222.35.2 - - [15/Aug/2025:10:29:50 +0200] "GET /img/envois-colis-e-commerce.jpg HTTP/1.1" 200 9130 "https://catalog.lepetitcoindeparadis.com/" "Mozilla/5.0 (Windows NT 10.0; Win64; x64) AppleWebKit/537.36 (KHTML, like Gecko) Chrome/70.0.3538.102 Safari/537.36 Edge/18.19582"
34.222.35.2 - - [15/Aug/2025:10:29:50 +0200] "GET /img/actualite-clients/externalisation-preparation-commandes.jpg HTTP/1.1" 200 20244 "https://catalog.lepetitcoindeparadis.com/" "Mozilla/5.0 (Windows NT 10.0; Win64; x64) AppleWebKit/537.36 (KHTML, like Gecko) Chrome/70.0.3538.102 Safari/537.36 Edge/18.19582"
34.222.35.2 - - [15/Aug/2025:10:29:50 +0200] "GET /img/e-logistique-logistique-e-commerce.jpg HTTP/1.1" 200 5026 "https://catalog.lepetitcoindeparadis.com/" "Mozilla/5.0 (Windows NT 10.0; Win64; x64) AppleWebKit/537.36 (KHTML, like Gecko) Chrome/70.0.3538.102 Safari/537.36 Edge/18.19582"
34.222.35.2 - - [15/Aug/2025:10:29:50 +0200] "GET /img/entrepot/logistique%20e-commerce.jpg HTTP/1.1" 200 24304 "https://catalog.lepetitcoindeparadis.com/" "Mozilla/5.0 (Windows NT 10.0; Win64; x64) AppleWebKit/537.36 (KHTML, like Gecko) Chrome/70.0.3538.102 Safari/537.36 Edge/18.19582"
34.222.35.2 - - [15/Aug/2025:10:29:50 +0200] "GET /img/actualites/logistique-international.jpg HTTP/1.1" 200 28874 "https://catalog.lepetitcoindeparadis.com/" "Mozilla/5.0 (Windows NT 10.0; Win64; x64) AppleWebKit/537.36 (KHTML, like Gecko) Chrome/70.0.3538.102 Safari/537.36 Edge/18.19582"
34.222.35.2 - - [15/Aug/2025:10:29:50 +0200] "GET /img/entrepot/stockage-logistique-site-e-commerce.jpg HTTP/1.1" 200 45758 "https://catalog.lepetitcoindeparadis.com/" "Mozilla/5.0 (Windows NT 10.0; Win64; x64) AppleWebKit/537.36 (KHTML, like Gecko) Chrome/70.0.3538.102 Safari/537.36 Edge/18.19582"
34.222.35.2 - - [15/Aug/2025:10:29:50 +0200] "GET /img/actualites/logistique-e-commerce-preparation-de-commandes.jpg HTTP/1.1" 200 79317 "https://catalog.lepetitcoindeparadis.com/" "Mozilla/5.0 (Windows NT 10.0; Win64; x64) AppleWebKit/537.36 (KHTML, like Gecko) Chrome/70.0.3538.102 Safari/537.36 Edge/18.19582"
34.222.35.2 - - [15/Aug/2025:10:29:50 +0200] "GET /img/actualite-clients/logistique-e-commerce-nouveau-site.jpg HTTP/1.1" 200 14258 "https://catalog.lepetitcoindeparadis.com/" "Mozilla/5.0 (Windows NT 10.0; Win64; x64) AppleWebKit/537.36 (KHTML, like Gecko) Chrome/70.0.3538.102 Safari/537.36 Edge/18.19582"
34.222.35.2 - - [15/Aug/2025:10:29:50 +0200] "GET /img/actualite-clients/preparation-commande-site-e-commerce.jpg HTTP/1.1" 200 10058 "https://catalog.lepetitcoindeparadis.com/" "Mozilla/5.0 (Windows NT 10.0; Win64; x64) AppleWebKit/537.36 (KHTML, like Gecko) Chrome/70.0.3538.102 Safari/537.36 Edge/18.19582"
34.222.35.2 - - [15/Aug/2025:10:29:50 +0200] "GET /img/actualites/logistique-e-commerce-hiht-tech.jpg HTTP/1.1" 200 11449 "https://catalog.lepetitcoindeparadis.com/" "Mozilla/5.0 (Windows NT 10.0; Win64; x64) AppleWebKit/537.36 (KHTML, like Gecko) Chrome/70.0.3538.102 Safari/537.36 Edge/18.19582"
34.222.35.2 - - [15/Aug/2025:10:29:50 +0200] "GET /img/actualites/expedition-conditionnement-a-fa%C3%A7on-manuel.JPG HTTP/1.1" 200 97202 "https://catalog.lepetitcoindeparadis.com/" "Mozilla/5.0 (Windows NT 10.0; Win64; x64) AppleWebKit/537.36 (KHTML, like Gecko) Chrome/70.0.3538.102 Safari/537.36 Edge/18.19582"
34.222.35.2 - - [15/Aug/2025:10:29:50 +0200] "GET /img/donnees/logo-endurance-logistique-fb.jpg HTTP/1.1" 200 95705 "https://catalog.lepetitcoindeparadis.com/" "Mozilla/5.0 (Windows NT 10.0; Win64; x64) AppleWebKit/537.36 (KHTML, like Gecko) Chrome/70.0.3538.102 Safari/537.36 Edge/18.19582"
34.222.35.2 - - [15/Aug/2025:10:29:50 +0200] "GET /img/prestataire/mode-et-marque-de-luxe.jpg HTTP/1.1" 200 46473 "https://catalog.lepetitcoindeparadis.com/" "Mozilla/5.0 (Windows NT 10.0; Win64; x64) AppleWebKit/537.36 (KHTML, like Gecko) Chrome/70.0.3538.102 Safari/537.36 Edge/18.19582"
185.191.171.11 - - [15/Aug/2025:10:35:24 +0200] "GET /logistique-jeux-jouets.htm HTTP/1.1" 200 8296 "-" "Mozilla/5.0 (compatible; SemrushBot/7~bl; +http://www.semrush.com/bot.html)"
85.208.96.197 - - [15/Aug/2025:10:36:50 +0200] "GET /robots.txt HTTP/1.1" 200 3736 "-" "Mozilla/5.0 (compatible; SemrushBot/7~bl; +http://www.semrush.com/bot.html)"
185.191.171.1 - - [15/Aug/2025:10:36:51 +0200] "GET /logistique-pret-a-porter-repetto.htm HTTP/1.1" 200 8264 "-" "Mozilla/5.0 (compatible; SemrushBot/7~bl; +http://www.semrush.com/bot.html)"
85.208.96.197 - - [15/Aug/2025:10:37:24 +0200] "GET /robots.txt HTTP/1.1" 200 3720 "-" "Mozilla/5.0 (compatible; SemrushBot/7~bl; +http://www.semrush.com/bot.html)"
85.208.96.208 - - [15/Aug/2025:10:37:25 +0200] "GET /tarif-logistique-e-commerce.htm HTTP/1.1" 200 12445 "-" "Mozilla/5.0 (compatible; SemrushBot/7~bl; +http://www.semrush.com/bot.html)"
52.204.81.148 - - [15/Aug/2025:10:38:53 +0200] "GET /robots.txt HTTP/1.1" 200 3954 "-" "Mozilla/5.0 AppleWebKit/537.36 (KHTML, like Gecko; compatible; Amazonbot/0.1; +https://developer.amazon.com/support/amazonbot) Chrome/119.0.6045.214 Safari/537.36"
18.205.91.101 - - [15/Aug/2025:10:38:56 +0200] "GET /acces-stockage-yvelines.htm HTTP/1.1" 200 7425 "-" "Mozilla/5.0 AppleWebKit/537.36 (KHTML, like Gecko; compatible; Amazonbot/0.1; +https://developer.amazon.com/support/amazonbot) Chrome/119.0.6045.214 Safari/537.36"
54.36.149.55 - - [15/Aug/2025:10:41:57 +0200] "GET /logistique-createur-mode.htm HTTP/1.1" 304 3685 "-" "Mozilla/5.0 (compatible; AhrefsBot/7.0; +http://ahrefs.com/robot/)"
185.191.171.11 - - [15/Aug/2025:10:42:30 +0200] "GET /logistique-open-house-mobilier-velizy.htm HTTP/1.1" 200 8280 "-" "Mozilla/5.0 (compatible; SemrushBot/7~bl; +http://www.semrush.com/bot.html)"
108.128.105.141 - - [15/Aug/2025:10:44:48 +0200] "GET /ita/la-logistica-in-francia.htm HTTP/1.1" 200 8638 "https://www.endurancelogistique.fr/ita/logistica-in-francia.htm" "Mozilla/5.0 (Macintosh; Intel Mac OS X 10_15_5) AppleWebKit/537.36 (KHTML, like Gecko) Chrome/83.0.4103.61 Safari/537.36"
108.128.105.141 - - [15/Aug/2025:10:44:52 +0200] "GET /logistique-multicanal.htm HTTP/1.1" 200 9230 "https://www.endurancelogistique.fr/ita/logistica-in-francia.htm" "Mozilla/5.0 (Macintosh; Intel Mac OS X 10_15_5) AppleWebKit/537.36 (KHTML, like Gecko) Chrome/83.0.4103.61 Safari/537.36"
108.128.105.141 - - [15/Aug/2025:10:44:57 +0200] "GET /logistique-vente-privee.htm HTTP/1.1" 200 9521 "https://www.endurancelogistique.fr/ita/logistica-in-francia.htm" "Mozilla/5.0 (Macintosh; Intel Mac OS X 10_15_5) AppleWebKit/537.36 (KHTML, like Gecko) Chrome/83.0.4103.61 Safari/537.36"
108.128.105.141 - - [15/Aug/2025:10:45:01 +0200] "GET /logistique-envois-en-nombre.htm HTTP/1.1" 200 8611 "https://www.endurancelogistique.fr/ita/logistica-in-francia.htm" "Mozilla/5.0 (Macintosh; Intel Mac OS X 10_15_5) AppleWebKit/537.36 (KHTML, like Gecko) Chrome/83.0.4103.61 Safari/537.36"
108.128.105.141 - - [15/Aug/2025:10:45:05 +0200] "GET /plv-logistique-stockage.htm HTTP/1.1" 200 8562 "https://www.endurancelogistique.fr/ita/logistica-in-francia.htm" "Mozilla/5.0 (Macintosh; Intel Mac OS X 10_15_5) AppleWebKit/537.36 (KHTML, like Gecko) Chrome/83.0.4103.61 Safari/537.36"
108.128.105.141 - - [15/Aug/2025:10:45:10 +0200] "GET /interface-client-logistique.htm HTTP/1.1" 200 8408 "https://www.endurancelogistique.fr/ita/logistica-in-francia.htm" "Mozilla/5.0 (Macintosh; Intel Mac OS X 10_15_5) AppleWebKit/537.36 (KHTML, like Gecko) Chrome/83.0.4103.61 Safari/537.36"
108.128.105.141 - - [15/Aug/2025:10:45:15 +0200] "GET /conseil-logistique-developpement-e-commerce.htm HTTP/1.1" 200 9582 "https://www.endurancelogistique.fr/ita/logistica-in-francia.htm" "Mozilla/5.0 (Macintosh; Intel Mac OS X 10_15_5) AppleWebKit/537.36 (KHTML, like Gecko) Chrome/83.0.4103.61 Safari/537.36"
108.128.105.141 - - [15/Aug/2025:10:45:21 +0200] "GET /conditionnement-a-facon.htm HTTP/1.1" 200 8825 "https://www.endurancelogistique.fr/ita/logistica-in-francia.htm" "Mozilla/5.0 (Macintosh; Intel Mac OS X 10_15_5) AppleWebKit/537.36 (KHTML, like Gecko) Chrome/83.0.4103.61 Safari/537.36"
34.221.210.183 - - [15/Aug/2025:10:45:25 +0200] "GET / HTTP/1.1" 200 11534 "-" "Mozilla/5.0 (X11; Linux x86_64) AppleWebKit/537.36 (KHTML, like Gecko) Chrome/83.0.4103.97 Safari/537.36"
108.128.105.141 - - [15/Aug/2025:10:45:26 +0200] "GET /ita/logistique-e-commerce.htm HTTP/1.1" 404 4151 "https://www.endurancelogistique.fr/ita/logistica-in-francia.htm" "Mozilla/5.0 (Macintosh; Intel Mac OS X 10_15_5) AppleWebKit/537.36 (KHTML, like Gecko) Chrome/83.0.4103.61 Safari/537.36"
108.128.105.141 - - [15/Aug/2025:10:45:30 +0200] "GET /logistique-globale.htm HTTP/1.1" 200 8028 "https://www.endurancelogistique.fr/services-logistiques.htm" "Mozilla/5.0 (Macintosh; Intel Mac OS X 10_15_5) AppleWebKit/537.36 (KHTML, like Gecko) Chrome/83.0.4103.61 Safari/537.36"
85.208.96.206 - - [15/Aug/2025:10:45:37 +0200] "GET /robots.txt HTTP/1.1" 200 3720 "-" "Mozilla/5.0 (compatible; SemrushBot/7~bl; +http://www.semrush.com/bot.html)"
85.208.96.212 - - [15/Aug/2025:10:45:38 +0200] "GET /actualites-logistique-2019.htm HTTP/1.1" 200 9960 "-" "Mozilla/5.0 (compatible; SemrushBot/7~bl; +http://www.semrush.com/bot.html)"
108.128.105.141 - - [15/Aug/2025:10:45:40 +0200] "GET /entrepot-yvelines.htm HTTP/1.1" 200 10383 "https://www.endurancelogistique.fr/services-logistiques.htm" "Mozilla/5.0 (Macintosh; Intel Mac OS X 10_15_5) AppleWebKit/537.36 (KHTML, like Gecko) Chrome/83.0.4103.61 Safari/537.36"
185.191.171.13 - - [15/Aug/2025:10:45:42 +0200] "GET /robots.txt HTTP/1.1" 200 3720 "-" "Mozilla/5.0 (compatible; SemrushBot/7~bl; +http://www.semrush.com/bot.html)"
85.208.96.212 - - [15/Aug/2025:10:45:42 +0200] "GET /ita/logistica-della-moda-design-in-francia.htm HTTP/1.1" 200 8600 "-" "Mozilla/5.0 (compatible; SemrushBot/7~bl; +http://www.semrush.com/bot.html)"
108.128.105.141 - - [15/Aug/2025:10:45:48 +0200] "GET /gestion-stock-e-commerce.htm HTTP/1.1" 200 13440 "https://www.endurancelogistique.fr/services-logistiques.htm" "Mozilla/5.0 (Macintosh; Intel Mac OS X 10_15_5) AppleWebKit/537.36 (KHTML, like Gecko) Chrome/83.0.4103.61 Safari/537.36"
108.128.105.141 - - [15/Aug/2025:10:45:53 +0200] "GET /actualites-logistique-2019.htm HTTP/1.1" 200 10192 "https://www.endurancelogistique.fr/actualites-logistique-2020.htm" "Mozilla/5.0 (Macintosh; Intel Mac OS X 10_15_5) AppleWebKit/537.36 (KHTML, like Gecko) Chrome/83.0.4103.61 Safari/537.36"
108.128.105.141 - - [15/Aug/2025:10:45:57 +0200] "GET /actualites-logistique-2018.htm HTTP/1.1" 200 10895 "https://www.endurancelogistique.fr/actualites-logistique-2020.htm" "Mozilla/5.0 (Macintosh; Intel Mac OS X 10_15_5) AppleWebKit/537.36 (KHTML, like Gecko) Chrome/83.0.4103.61 Safari/537.36"
108.128.105.141 - - [15/Aug/2025:10:46:01 +0200] "GET /actualites-logistique-2017.htm HTTP/1.1" 200 10018 "https://www.endurancelogistique.fr/actualites-logistique-2020.htm" "Mozilla/5.0 (Macintosh; Intel Mac OS X 10_15_5) AppleWebKit/537.36 (KHTML, like Gecko) Chrome/83.0.4103.61 Safari/537.36"
108.128.105.141 - - [15/Aug/2025:10:46:05 +0200] "GET /actualites-logistique-2016.htm HTTP/1.1" 200 9787 "https://www.endurancelogistique.fr/actualites-logistique-2020.htm" "Mozilla/5.0 (Macintosh; Intel Mac OS X 10_15_5) AppleWebKit/537.36 (KHTML, like Gecko) Chrome/83.0.4103.61 Safari/537.36"
108.128.105.141 - - [15/Aug/2025:10:46:09 +0200] "GET /actualites-logistique-2015.htm HTTP/1.1" 200 10216 "https://www.endurancelogistique.fr/actualites-logistique-2020.htm" "Mozilla/5.0 (Macintosh; Intel Mac OS X 10_15_5) AppleWebKit/537.36 (KHTML, like Gecko) Chrome/83.0.4103.61 Safari/537.36"
108.128.105.141 - - [15/Aug/2025:10:46:14 +0200] "GET /actualites-logistique.htm HTTP/1.1" 200 9618 "https://www.endurancelogistique.fr/actualites-logistique-2020.htm" "Mozilla/5.0 (Macintosh; Intel Mac OS X 10_15_5) AppleWebKit/537.36 (KHTML, like Gecko) Chrome/83.0.4103.61 Safari/537.36"
108.128.105.141 - - [15/Aug/2025:10:46:18 +0200] "GET /actualites-logistique-2013.htm HTTP/1.1" 200 9761 "https://www.endurancelogistique.fr/actualites-logistique-2020.htm" "Mozilla/5.0 (Macintosh; Intel Mac OS X 10_15_5) AppleWebKit/537.36 (KHTML, like Gecko) Chrome/83.0.4103.61 Safari/537.36"
108.128.105.141 - - [15/Aug/2025:10:46:23 +0200] "GET /actualites-logistique-2012.htm HTTP/1.1" 200 10224 "https://www.endurancelogistique.fr/actualites-logistique-2020.htm" "Mozilla/5.0 (Macintosh; Intel Mac OS X 10_15_5) AppleWebKit/537.36 (KHTML, like Gecko) Chrome/83.0.4103.61 Safari/537.36"
108.128.105.141 - - [15/Aug/2025:10:46:28 +0200] "GET /actualites-logistique-2011.htm HTTP/1.1" 200 9828 "https://www.endurancelogistique.fr/actualites-logistique-2020.htm" "Mozilla/5.0 (Macintosh; Intel Mac OS X 10_15_5) AppleWebKit/537.36 (KHTML, like Gecko) Chrome/83.0.4103.61 Safari/537.36"
108.128.105.141 - - [15/Aug/2025:10:46:32 +0200] "GET /actualites-logistique-2010.htm HTTP/1.1" 200 9749 "https://www.endurancelogistique.fr/actualites-logistique-2020.htm" "Mozilla/5.0 (Macintosh; Intel Mac OS X 10_15_5) AppleWebKit/537.36 (KHTML, like Gecko) Chrome/83.0.4103.61 Safari/537.36"
108.128.105.141 - - [15/Aug/2025:10:46:36 +0200] "GET /tarif-logistique-e-commerce.htm HTTP/1.1" 200 12645 "https://www.endurancelogistique.fr/actualites-logistique-2020.htm" "Mozilla/5.0 (Macintosh; Intel Mac OS X 10_15_5) AppleWebKit/537.36 (KHTML, like Gecko) Chrome/83.0.4103.61 Safari/537.36"
108.128.105.141 - - [15/Aug/2025:10:46:41 +0200] "GET /logistique-e-commerce-retail-textile.htm HTTP/1.1" 200 9476 "https://www.endurancelogistique.fr/presse-actualites-logistique.htm" "Mozilla/5.0 (Macintosh; Intel Mac OS X 10_15_5) AppleWebKit/537.36 (KHTML, like Gecko) Chrome/83.0.4103.61 Safari/537.36"
108.128.105.141 - - [15/Aug/2025:10:46:45 +0200] "GET /presse/endurance-logistique-accompagne-barons-papillom-vox-log-123.pdf HTTP/1.1" 200 165373 "https://www.endurancelogistique.fr/presse-actualites-logistique.htm" "Mozilla/5.0 (Macintosh; Intel Mac OS X 10_15_5) AppleWebKit/537.36 (KHTML, like Gecko) Chrome/83.0.4103.61 Safari/537.36"
108.128.105.141 - - [15/Aug/2025:10:46:50 +0200] "GET /presse/logistique-design-mode.pdf HTTP/1.1" 200 2367104 "https://www.endurancelogistique.fr/presse-actualites-logistique.htm" "Mozilla/5.0 (Macintosh; Intel Mac OS X 10_15_5) AppleWebKit/537.36 (KHTML, like Gecko) Chrome/83.0.4103.61 Safari/537.36"
108.128.105.141 - - [15/Aug/2025:10:46:54 +0200] "GET /presse/logistiquemag-mars2007.pdf HTTP/1.1" 200 870154 "https://www.endurancelogistique.fr/presse-actualites-logistique.htm" "Mozilla/5.0 (Macintosh; Intel Mac OS X 10_15_5) AppleWebKit/537.36 (KHTML, like Gecko) Chrome/83.0.4103.61 Safari/537.36"
108.128.105.141 - - [15/Aug/2025:10:46:59 +0200] "GET /e-commerce-logistique-e-commercant.htm HTTP/1.1" 200 8857 "https://www.endurancelogistique.fr/presse-actualites-logistique.htm" "Mozilla/5.0 (Macintosh; Intel Mac OS X 10_15_5) AppleWebKit/537.36 (KHTML, like Gecko) Chrome/83.0.4103.61 Safari/537.36"
108.128.105.141 - - [15/Aug/2025:10:47:03 +0200] "GET /logistique-des-marques.htm HTTP/1.1" 200 8815 "https://www.endurancelogistique.fr/presse-actualites-logistique.htm" "Mozilla/5.0 (Macintosh; Intel Mac OS X 10_15_5) AppleWebKit/537.36 (KHTML, like Gecko) Chrome/83.0.4103.61 Safari/537.36"
108.128.105.141 - - [15/Aug/2025:10:47:09 +0200] "GET /logistique-mode.htm HTTP/1.1" 200 9253 "https://www.endurancelogistique.fr/presse-actualites-logistique.htm" "Mozilla/5.0 (Macintosh; Intel Mac OS X 10_15_5) AppleWebKit/537.36 (KHTML, like Gecko) Chrome/83.0.4103.61 Safari/537.36"
108.128.105.141 - - [15/Aug/2025:10:47:13 +0200] "GET /logistique-stockage-e-commerce.pdf HTTP/1.1" 200 1789578 "https://www.endurancelogistique.fr/presse-actualites-logistique.htm" "Mozilla/5.0 (Macintosh; Intel Mac OS X 10_15_5) AppleWebKit/537.36 (KHTML, like Gecko) Chrome/83.0.4103.61 Safari/537.36"
108.128.105.141 - - [15/Aug/2025:10:47:18 +0200] "GET /logistique-chaussures.htm HTTP/1.1" 200 8717 "https://www.endurancelogistique.fr/presse-actualites-logistique.htm" "Mozilla/5.0 (Macintosh; Intel Mac OS X 10_15_5) AppleWebKit/537.36 (KHTML, like Gecko) Chrome/83.0.4103.61 Safari/537.36"
108.128.105.141 - - [15/Aug/2025:10:47:22 +0200] "GET /e-commerce-logistique-textile.htm HTTP/1.1" 200 8439 "https://www.endurancelogistique.fr/presse-actualites-logistique.htm" "Mozilla/5.0 (Macintosh; Intel Mac OS X 10_15_5) AppleWebKit/537.36 (KHTML, like Gecko) Chrome/83.0.4103.61 Safari/537.36"
108.128.105.141 - - [15/Aug/2025:10:47:25 +0200] "GET /logistique-b-to-b-et-logistique-b-to-c.htm HTTP/1.1" 200 9035 "https://www.endurancelogistique.fr/logistique-e-commerce.htm" "Mozilla/5.0 (Macintosh; Intel Mac OS X 10_15_5) AppleWebKit/537.36 (KHTML, like Gecko) Chrome/83.0.4103.61 Safari/537.36"
108.128.105.141 - - [15/Aug/2025:10:47:29 +0200] "GET /logistique-vente-en-ligne-cosmetique.htm HTTP/1.1" 200 9381 "https://www.endurancelogistique.fr/logistique-e-commerce.htm" "Mozilla/5.0 (Macintosh; Intel Mac OS X 10_15_5) AppleWebKit/537.36 (KHTML, like Gecko) Chrome/83.0.4103.61 Safari/537.36"
108.128.105.141 - - [15/Aug/2025:10:47:33 +0200] "GET /logistique-e-commerce-mode-made-in-france.htm HTTP/1.1" 200 9491 "https://www.endurancelogistique.fr/logistique-e-commerce.htm" "Mozilla/5.0 (Macintosh; Intel Mac OS X 10_15_5) AppleWebKit/537.36 (KHTML, like Gecko) Chrome/83.0.4103.61 Safari/537.36"
85.208.96.197 - - [15/Aug/2025:10:47:33 +0200] "GET /robots.txt HTTP/1.1" 200 3720 "-" "Mozilla/5.0 (compatible; SemrushBot/7~bl; +http://www.semrush.com/bot.html)"
85.208.96.206 - - [15/Aug/2025:10:47:35 +0200] "GET /logistique-organisation-salon.htm HTTP/1.1" 200 8952 "-" "Mozilla/5.0 (compatible; SemrushBot/7~bl; +http://www.semrush.com/bot.html)"
108.128.105.141 - - [15/Aug/2025:10:47:46 +0200] "GET /logistique-e-commerce-personnalisation-des-envois.htm HTTP/1.1" 200 9362 "https://www.endurancelogistique.fr/logistique-e-commerce.htm" "Mozilla/5.0 (Macintosh; Intel Mac OS X 10_15_5) AppleWebKit/537.36 (KHTML, like Gecko) Chrome/83.0.4103.61 Safari/537.36"
108.128.105.141 - - [15/Aug/2025:10:47:52 +0200] "GET /externalisation-logistique-e-commerce.htm HTTP/1.1" 200 9790 "https://www.endurancelogistique.fr/logistique-e-commerce.htm" "Mozilla/5.0 (Macintosh; Intel Mac OS X 10_15_5) AppleWebKit/537.36 (KHTML, like Gecko) Chrome/83.0.4103.61 Safari/537.36"
108.128.105.141 - - [15/Aug/2025:10:47:58 +0200] "GET /logistique-e-commerce-emballage-condtionnement.htm HTTP/1.1" 200 10190 "https://www.endurancelogistique.fr/logistique-e-commerce.htm" "Mozilla/5.0 (Macintosh; Intel Mac OS X 10_15_5) AppleWebKit/537.36 (KHTML, like Gecko) Chrome/83.0.4103.61 Safari/537.36"
108.128.105.141 - - [15/Aug/2025:10:48:02 +0200] "GET /logistique-e-commerce-complements-alimentaires.htm HTTP/1.1" 200 9668 "https://www.endurancelogistique.fr/logistique-e-commerce.htm" "Mozilla/5.0 (Macintosh; Intel Mac OS X 10_15_5) AppleWebKit/537.36 (KHTML, like Gecko) Chrome/83.0.4103.61 Safari/537.36"
217.113.194.56 - - [15/Aug/2025:10:48:49 +0200] "GET /robots.txt HTTP/1.1" 200 4166 "-" "Mozilla/5.0 (compatible; Barkrowler/0.9; +https://babbar.tech/crawler)"
85.208.96.193 - - [15/Aug/2025:10:49:06 +0200] "GET /robots.txt HTTP/1.1" 200 3720 "-" "Mozilla/5.0 (compatible; SemrushBot/7~bl; +http://www.semrush.com/bot.html)"
185.191.171.2 - - [15/Aug/2025:10:49:07 +0200] "GET /acces-stockage-yvelines.htm HTTP/1.1" 200 7192 "-" "Mozilla/5.0 (compatible; SemrushBot/7~bl; +http://www.semrush.com/bot.html)"
217.113.194.213 - - [15/Aug/2025:10:49:08 +0200] "GET /ita/contatti.htm HTTP/1.1" 304 3909 "-" "Mozilla/5.0 (compatible; Barkrowler/0.9; +https://babbar.tech/crawler)"
217.113.194.55 - - [15/Aug/2025:10:49:27 +0200] "GET /erima.htm HTTP/1.1" 304 3909 "-" "Mozilla/5.0 (compatible; Barkrowler/0.9; +https://babbar.tech/crawler)"
3.131.215.38 - - [15/Aug/2025:10:49:28 +0200] "GET /" 404 684 "-" "-"
217.113.194.53 - - [15/Aug/2025:10:49:52 +0200] "GET /mentions-legales.htm HTTP/1.1" 304 3909 "-" "Mozilla/5.0 (compatible; Barkrowler/0.9; +https://babbar.tech/crawler)"
85.208.96.206 - - [15/Aug/2025:10:49:57 +0200] "GET /robots.txt HTTP/1.1" 200 3720 "-" "Mozilla/5.0 (compatible; SemrushBot/7~bl; +http://www.semrush.com/bot.html)"
185.191.171.16 - - [15/Aug/2025:10:49:58 +0200] "GET /logisticien-boutique-en-ligne.htm HTTP/1.1" 200 9480 "-" "Mozilla/5.0 (compatible; SemrushBot/7~bl; +http://www.semrush.com/bot.html)"
217.113.194.54 - - [15/Aug/2025:10:50:12 +0200] "GET /services-logistiques.htm HTTP/1.1" 304 3909 "-" "Mozilla/5.0 (compatible; Barkrowler/0.9; +https://babbar.tech/crawler)"
217.113.194.56 - - [15/Aug/2025:10:50:32 +0200] "GET /stockage-yvelines.htm HTTP/1.1" 304 3909 "-" "Mozilla/5.0 (compatible; Barkrowler/0.9; +https://babbar.tech/crawler)"
85.208.96.202 - - [15/Aug/2025:10:50:39 +0200] "GET /robots.txt HTTP/1.1" 200 3736 "-" "Mozilla/5.0 (compatible; SemrushBot/7~bl; +http://www.semrush.com/bot.html)"
85.208.96.209 - - [15/Aug/2025:10:50:39 +0200] "GET /vente-privee-chaussures-petit-bateau.htm HTTP/1.1" 200 8072 "-" "Mozilla/5.0 (compatible; SemrushBot/7~bl; +http://www.semrush.com/bot.html)"
217.113.194.52 - - [15/Aug/2025:10:50:55 +0200] "GET /logistique-mode.htm HTTP/1.1" 304 3909 "-" "Mozilla/5.0 (compatible; Barkrowler/0.9; +https://babbar.tech/crawler)"
217.113.194.57 - - [15/Aug/2025:10:51:14 +0200] "GET /sav-logistique.htm HTTP/1.1" 304 3909 "-" "Mozilla/5.0 (compatible; Barkrowler/0.9; +https://babbar.tech/crawler)"
217.113.194.214 - - [15/Aug/2025:10:51:35 +0200] "GET /chaussures-spira.htm HTTP/1.1" 304 3909 "-" "Mozilla/5.0 (compatible; Barkrowler/0.9; +https://babbar.tech/crawler)"
217.113.194.61 - - [15/Aug/2025:10:51:54 +0200] "GET /ecommerce-logistique.htm HTTP/1.1" 304 3909 "-" "Mozilla/5.0 (compatible; Barkrowler/0.9; +https://babbar.tech/crawler)"
54.36.148.81 - - [15/Aug/2025:10:52:00 +0200] "GET /logistique-mode-textile-sportswear.htm HTTP/1.1" 304 3685 "-" "Mozilla/5.0 (compatible; AhrefsBot/7.0; +http://ahrefs.com/robot/)"
3.131.215.38 - - [15/Aug/2025:10:52:06 +0200] "GET /" 404 684 "-" "-"
154.54.249.198 - - [15/Aug/2025:10:52:14 +0200] "GET /entrepot-yvelines.htm HTTP/1.1" 304 3909 "-" "Mozilla/5.0 (compatible; Barkrowler/0.9; +https://babbar.tech/crawler)"
207.46.13.157 - - [15/Aug/2025:10:52:34 +0200] "GET /chaussure-dragon-sea.htm HTTP/1.1" 200 8561 "-" "Mozilla/5.0 AppleWebKit/537.36 (KHTML, like Gecko; compatible; bingbot/2.0; +http://www.bing.com/bingbot.htm) Chrome/116.0.1938.76 Safari/537.36"
217.113.194.55 - - [15/Aug/2025:10:52:47 +0200] "GET /logistique-e-commerce.htm HTTP/1.1" 304 3909 "-" "Mozilla/5.0 (compatible; Barkrowler/0.9; +https://babbar.tech/crawler)"
217.113.194.54 - - [15/Aug/2025:10:53:18 +0200] "GET /logistique-des-marques.htm HTTP/1.1" 304 3909 "-" "Mozilla/5.0 (compatible; Barkrowler/0.9; +https://babbar.tech/crawler)"
217.113.194.56 - - [15/Aug/2025:10:53:46 +0200] "GET /logistique-globale.htm HTTP/1.1" 304 3909 "-" "Mozilla/5.0 (compatible; Barkrowler/0.9; +https://babbar.tech/crawler)"
217.113.194.54 - - [15/Aug/2025:10:54:24 +0200] "GET /logistique-co-packing.htm HTTP/1.1" 304 3909 "-" "Mozilla/5.0 (compatible; Barkrowler/0.9; +https://babbar.tech/crawler)"
217.113.194.61 - - [15/Aug/2025:10:54:58 +0200] "GET /informatique-logistique.htm HTTP/1.1" 304 3909 "-" "Mozilla/5.0 (compatible; Barkrowler/0.9; +https://babbar.tech/crawler)"
3.131.215.38 - - [15/Aug/2025:10:55:00 +0200] "GET / HTTP/1.1" 200 11499 "-" "Mozilla/5.0 (Macintosh; Intel Mac OS X 10_15_7) Chrome/126.0.0.0 Safari/537.36"
217.113.194.57 - - [15/Aug/2025:10:55:28 +0200] "GET /gestion-rupture-stock.htm HTTP/1.1" 304 3909 "-" "Mozilla/5.0 (compatible; Barkrowler/0.9; +https://babbar.tech/crawler)"
217.113.194.54 - - [15/Aug/2025:10:56:02 +0200] "GET /endurance-shopping.htm HTTP/1.1" 304 3909 "-" "Mozilla/5.0 (compatible; Barkrowler/0.9; +https://babbar.tech/crawler)"
85.208.96.208 - - [15/Aug/2025:10:56:09 +0200] "GET / HTTP/1.1" 200 11869 "-" "Mozilla/5.0 (compatible; SemrushBot/7~bl; +http://www.semrush.com/bot.html)"
217.113.194.52 - - [15/Aug/2025:10:56:30 +0200] "GET /e-commerce-logistique.htm HTTP/1.1" 304 3909 "-" "Mozilla/5.0 (compatible; Barkrowler/0.9; +https://babbar.tech/crawler)"
217.113.194.59 - - [15/Aug/2025:10:56:51 +0200] "GET /logisticien-e-commerce.html HTTP/1.1" 304 3909 "-" "Mozilla/5.0 (compatible; Barkrowler/0.9; +https://babbar.tech/crawler)"
104.210.140.142 - - [15/Aug/2025:10:57:00 +0200] "GET /robots.txt HTTP/1.1" 200 3614 "-" "Mozilla/5.0 (Macintosh; Intel Mac OS X 10_15_7) AppleWebKit/537.36 (KHTML, like Gecko) Chrome/131.0.0.0 Safari/537.36; compatible; OAI-SearchBot/1.0; +https://openai.com/searchbot"
217.113.194.213 - - [15/Aug/2025:10:57:12 +0200] "GET /logistique-maroquinerie.htm HTTP/1.1" 304 3909 "-" "Mozilla/5.0 (compatible; Barkrowler/0.9; +https://babbar.tech/crawler)"
217.113.194.52 - - [15/Aug/2025:10:57:34 +0200] "GET /logistique-textile.htm HTTP/1.1" 304 3909 "-" "Mozilla/5.0 (compatible; Barkrowler/0.9; +https://babbar.tech/crawler)"
217.113.194.60 - - [15/Aug/2025:10:57:57 +0200] "GET /contact-logistique-yvelines.htm HTTP/1.1" 304 3909 "-" "Mozilla/5.0 (compatible; Barkrowler/0.9; +https://babbar.tech/crawler)"
217.113.194.57 - - [15/Aug/2025:10:58:19 +0200] "GET /chaussures-running-spira.htm HTTP/1.1" 304 3909 "-" "Mozilla/5.0 (compatible; Barkrowler/0.9; +https://babbar.tech/crawler)"
217.113.194.59 - - [15/Aug/2025:10:58:39 +0200] "GET /prestataire-logistique.htm HTTP/1.1" 304 3909 "-" "Mozilla/5.0 (compatible; Barkrowler/0.9; +https://babbar.tech/crawler)"
17.241.227.102 - - [15/Aug/2025:10:59:00 +0200] "GET / HTTP/1.1" 200 12234 "-" "Mozilla/5.0 (Macintosh; Intel Mac OS X 10_15_7) AppleWebKit/605.1.15 (KHTML, like Gecko) Version/17.4 Safari/605.1.15 (Applebot/0.1; +http://www.apple.com/go/applebot)"
217.113.194.53 - - [15/Aug/2025:10:59:02 +0200] "GET /actualites-logistique-2018.htm HTTP/1.1" 304 3909 "-" "Mozilla/5.0 (compatible; Barkrowler/0.9; +https://babbar.tech/crawler)"
217.113.194.60 - - [15/Aug/2025:10:59:23 +0200] "GET /poteries-persannes.htm HTTP/1.1" 304 3909 "-" "Mozilla/5.0 (compatible; Barkrowler/0.9; +https://babbar.tech/crawler)"
217.113.194.59 - - [15/Aug/2025:10:59:44 +0200] "GET /logistique-createur-mode.htm HTTP/1.1" 304 3909 "-" "Mozilla/5.0 (compatible; Barkrowler/0.9; +https://babbar.tech/crawler)"
217.113.194.55 - - [15/Aug/2025:11:00:06 +0200] "GET /logistique-boutique-en-ligne.html HTTP/1.1" 304 3909 "-" "Mozilla/5.0 (compatible; Barkrowler/0.9; +https://babbar.tech/crawler)"
217.113.194.54 - - [15/Aug/2025:11:00:27 +0200] "GET /logistique-transport-yvelines.htm HTTP/1.1" 304 3909 "-" "Mozilla/5.0 (compatible; Barkrowler/0.9; +https://babbar.tech/crawler)"
217.113.194.52 - - [15/Aug/2025:11:00:48 +0200] "GET /logistique-mode-design.htm HTTP/1.1" 304 3909 "-" "Mozilla/5.0 (compatible; Barkrowler/0.9; +https://babbar.tech/crawler)"
85.208.96.194 - - [15/Aug/2025:11:00:54 +0200] "GET /robots.txt HTTP/1.1" 200 3720 "-" "Mozilla/5.0 (compatible; SemrushBot/7~bl; +http://www.semrush.com/bot.html)"
85.208.96.196 - - [15/Aug/2025:11:00:54 +0200] "GET /logistique-e-commerce-multicanal.htm HTTP/1.1" 200 8840 "-" "Mozilla/5.0 (compatible; SemrushBot/7~bl; +http://www.semrush.com/bot.html)"
217.113.194.57 - - [15/Aug/2025:11:01:10 +0200] "GET /interface-client-logistique.htm HTTP/1.1" 304 3909 "-" "Mozilla/5.0 (compatible; Barkrowler/0.9; +https://babbar.tech/crawler)"
217.113.194.56 - - [15/Aug/2025:11:01:32 +0200] "GET /conseil-logistique-e-commerce.htm HTTP/1.1" 304 3909 "-" "Mozilla/5.0 (compatible; Barkrowler/0.9; +https://babbar.tech/crawler)"
217.113.194.57 - - [15/Aug/2025:11:01:57 +0200] "GET /actualites-logistique-2015.htm HTTP/1.1" 304 3909 "-" "Mozilla/5.0 (compatible; Barkrowler/0.9; +https://babbar.tech/crawler)"
217.113.194.53 - - [15/Aug/2025:11:02:17 +0200] "GET /actualites-logistique-2011.htm HTTP/1.1" 304 3909 "-" "Mozilla/5.0 (compatible; Barkrowler/0.9; +https://babbar.tech/crawler)"
217.113.194.53 - - [15/Aug/2025:11:02:45 +0200] "GET /actualites-logistique-2010.htm HTTP/1.1" 304 3909 "-" "Mozilla/5.0 (compatible; Barkrowler/0.9; +https://babbar.tech/crawler)"
217.113.194.53 - - [15/Aug/2025:11:03:07 +0200] "GET /plv-logistique-stockage.htm HTTP/1.1" 304 3909 "-" "Mozilla/5.0 (compatible; Barkrowler/0.9; +https://babbar.tech/crawler)"
154.54.249.198 - - [15/Aug/2025:11:03:31 +0200] "GET /stockage-logistique-e-commerce.htm HTTP/1.1" 304 3909 "-" "Mozilla/5.0 (compatible; Barkrowler/0.9; +https://babbar.tech/crawler)"
217.113.194.61 - - [15/Aug/2025:11:03:52 +0200] "GET /logistique-des-produits-cosmetiques.htm HTTP/1.1" 304 3909 "-" "Mozilla/5.0 (compatible; Barkrowler/0.9; +https://babbar.tech/crawler)"
217.113.194.59 - - [15/Aug/2025:11:04:16 +0200] "GET /logistique-distribution-chaussures.htm HTTP/1.1" 304 3909 "-" "Mozilla/5.0 (compatible; Barkrowler/0.9; +https://babbar.tech/crawler)"
17.241.219.187 - - [15/Aug/2025:11:04:16 +0200] "GET /css/theme-elements.css HTTP/1.1" 200 12465 "https://lepetitcoindeparadis.com/" "Mozilla/5.0 (Macintosh; Intel Mac OS X 10_15_7) AppleWebKit/605.1.15 (KHTML, like Gecko) Version/17.4 Safari/605.1.15 (Applebot/0.1; +http://www.apple.com/go/applebot)"
43.166.247.82 - - [15/Aug/2025:11:04:16 +0200] "GET / HTTP/1.1" 301 534 "-" "Mozilla/5.0 (iPhone; CPU iPhone OS 13_2_3 like Mac OS X) AppleWebKit/605.1.15 (KHTML, like Gecko) Version/13.0.3 Mobile/15E148 Safari/604.1"
17.241.219.154 - - [15/Aug/2025:11:04:17 +0200] "GET /css/skins/blue.css HTTP/1.1" 200 5447 "https://lepetitcoindeparadis.com/" "Mozilla/5.0 (Macintosh; Intel Mac OS X 10_15_7) AppleWebKit/605.1.15 (KHTML, like Gecko) Version/17.4 Safari/605.1.15 (Applebot/0.1; +http://www.apple.com/go/applebot)"
17.241.219.13 - - [15/Aug/2025:11:04:17 +0200] "GET /vendor/owl-carousel/owl.theme.css HTTP/1.1" 200 4729 "https://lepetitcoindeparadis.com/" "Mozilla/5.0 (Macintosh; Intel Mac OS X 10_15_7) AppleWebKit/605.1.15 (KHTML, like Gecko) Version/17.4 Safari/605.1.15 (Applebot/0.1; +http://www.apple.com/go/applebot)"
17.241.219.192 - - [15/Aug/2025:11:04:18 +0200] "GET /css/bootstrap.css HTTP/1.1" 200 20193 "https://lepetitcoindeparadis.com/" "Mozilla/5.0 (Macintosh; Intel Mac OS X 10_15_7) AppleWebKit/605.1.15 (KHTML, like Gecko) Version/17.4 Safari/605.1.15 (Applebot/0.1; +http://www.apple.com/go/applebot)"
43.166.247.82 - - [15/Aug/2025:11:04:18 +0200] "GET / HTTP/1.1" 200 11546 "http://www.endurancelogistique.fr" "Mozilla/5.0 (iPhone; CPU iPhone OS 13_2_3 like Mac OS X) AppleWebKit/605.1.15 (KHTML, like Gecko) Version/13.0.3 Mobile/15E148 Safari/604.1"
17.241.227.30 - - [15/Aug/2025:11:04:18 +0200] "GET /vendor/owl-carousel/owl.carousel.css HTTP/1.1" 200 4536 "https://lepetitcoindeparadis.com/" "Mozilla/5.0 (Macintosh; Intel Mac OS X 10_15_7) AppleWebKit/605.1.15 (KHTML, like Gecko) Version/17.4 Safari/605.1.15 (Applebot/0.1; +http://www.apple.com/go/applebot)"
17.241.219.187 - - [15/Aug/2025:11:04:18 +0200] "GET /css/custom.css HTTP/1.1" 200 512 "https://lepetitcoindeparadis.com/" "Mozilla/5.0 (Macintosh; Intel Mac OS X 10_15_7) AppleWebKit/605.1.15 (KHTML, like Gecko) Version/17.4 Safari/605.1.15 (Applebot/0.1; +http://www.apple.com/go/applebot)"
17.241.75.199 - - [15/Aug/2025:11:04:18 +0200] "GET /css/theme.css HTTP/1.1" 200 10151 "https://lepetitcoindeparadis.com/" "Mozilla/5.0 (Macintosh; Intel Mac OS X 10_15_7) AppleWebKit/605.1.15 (KHTML, like Gecko) Version/17.4 Safari/605.1.15 (Applebot/0.1; +http://www.apple.com/go/applebot)"
17.241.219.154 - - [15/Aug/2025:11:04:19 +0200] "GET /css/theme-responsive.css HTTP/1.1" 200 2984 "https://lepetitcoindeparadis.com/" "Mozilla/5.0 (Macintosh; Intel Mac OS X 10_15_7) AppleWebKit/605.1.15 (KHTML, like Gecko) Version/17.4 Safari/605.1.15 (Applebot/0.1; +http://www.apple.com/go/applebot)"
17.241.219.13 - - [15/Aug/2025:11:04:19 +0200] "GET /vendor/jquery.js HTTP/1.1" 200 33955 "https://lepetitcoindeparadis.com/" "Mozilla/5.0 (Macintosh; Intel Mac OS X 10_15_7) AppleWebKit/605.1.15 (KHTML, like Gecko) Version/17.4 Safari/605.1.15 (Applebot/0.1; +http://www.apple.com/go/applebot)"
17.241.227.141 - - [15/Aug/2025:11:04:21 +0200] "GET /js/plugins.js HTTP/1.1" 200 9138 "https://lepetitcoindeparadis.com/" "Mozilla/5.0 (Macintosh; Intel Mac OS X 10_15_7) AppleWebKit/605.1.15 (KHTML, like Gecko) Version/17.4 Safari/605.1.15 (Applebot/0.1; +http://www.apple.com/go/applebot)"
17.241.219.34 - - [15/Aug/2025:11:04:21 +0200] "GET /vendor/jquery.easing.js HTTP/1.1" 200 4961 "https://lepetitcoindeparadis.com/" "Mozilla/5.0 (Macintosh; Intel Mac OS X 10_15_7) AppleWebKit/605.1.15 (KHTML, like Gecko) Version/17.4 Safari/605.1.15 (Applebot/0.1; +http://www.apple.com/go/applebot)"
17.241.75.199 - - [15/Aug/2025:11:04:21 +0200] "GET /vendor/bootstrap.js HTTP/1.1" 200 8087 "https://lepetitcoindeparadis.com/" "Mozilla/5.0 (Macintosh; Intel Mac OS X 10_15_7) AppleWebKit/605.1.15 (KHTML, like Gecko) Version/17.4 Safari/605.1.15 (Applebot/0.1; +http://www.apple.com/go/applebot)"
17.241.75.52 - - [15/Aug/2025:11:04:21 +0200] "GET /vendor/jquery.appear.js HTTP/1.1" 200 4810 "https://lepetitcoindeparadis.com/" "Mozilla/5.0 (Macintosh; Intel Mac OS X 10_15_7) AppleWebKit/605.1.15 (KHTML, like Gecko) Version/17.4 Safari/605.1.15 (Applebot/0.1; +http://www.apple.com/go/applebot)"
17.241.219.13 - - [15/Aug/2025:11:04:22 +0200] "GET /vendor/rs-plugin/js/jquery.themepunch.revolution.js HTTP/1.1" 200 20432 "https://lepetitcoindeparadis.com/" "Mozilla/5.0 (Macintosh; Intel Mac OS X 10_15_7) AppleWebKit/605.1.15 (KHTML, like Gecko) Version/17.4 Safari/605.1.15 (Applebot/0.1; +http://www.apple.com/go/applebot)"
17.241.75.162 - - [15/Aug/2025:11:04:22 +0200] "GET /vendor/rs-plugin/js/jquery.themepunch.plugins.min.js HTTP/1.1" 200 27638 "https://lepetitcoindeparadis.com/" "Mozilla/5.0 (Macintosh; Intel Mac OS X 10_15_7) AppleWebKit/605.1.15 (KHTML, like Gecko) Version/17.4 Safari/605.1.15 (Applebot/0.1; +http://www.apple.com/go/applebot)"
17.241.227.237 - - [15/Aug/2025:11:04:24 +0200] "GET /vendor/owl-carousel/owl.carousel.js HTTP/1.1" 200 11059 "https://lepetitcoindeparadis.com/" "Mozilla/5.0 (Macintosh; Intel Mac OS X 10_15_7) AppleWebKit/605.1.15 (KHTML, like Gecko) Version/17.4 Safari/605.1.15 (Applebot/0.1; +http://www.apple.com/go/applebot)"
17.241.75.199 - - [15/Aug/2025:11:04:24 +0200] "GET /js/views/view.home.js HTTP/1.1" 200 1420 "https://lepetitcoindeparadis.com/" "Mozilla/5.0 (Macintosh; Intel Mac OS X 10_15_7) AppleWebKit/605.1.15 (KHTML, like Gecko) Version/17.4 Safari/605.1.15 (Applebot/0.1; +http://www.apple.com/go/applebot)"
17.241.227.9 - - [15/Aug/2025:11:04:24 +0200] "GET /vendor/jquery.validate.js HTTP/1.1" 200 10500 "https://lepetitcoindeparadis.com/" "Mozilla/5.0 (Macintosh; Intel Mac OS X 10_15_7) AppleWebKit/605.1.15 (KHTML, like Gecko) Version/17.4 Safari/605.1.15 (Applebot/0.1; +http://www.apple.com/go/applebot)"
17.241.75.52 - - [15/Aug/2025:11:04:24 +0200] "GET /js/theme.js HTTP/1.1" 200 5262 "https://lepetitcoindeparadis.com/" "Mozilla/5.0 (Macintosh; Intel Mac OS X 10_15_7) AppleWebKit/605.1.15 (KHTML, like Gecko) Version/17.4 Safari/605.1.15 (Applebot/0.1; +http://www.apple.com/go/applebot)"
17.241.227.244 - - [15/Aug/2025:11:04:25 +0200] "GET /c=%22js/custom.js%22 HTTP/1.1" 404 4365 "https://lepetitcoindeparadis.com/" "Mozilla/5.0 (Macintosh; Intel Mac OS X 10_15_7) AppleWebKit/605.1.15 (KHTML, like Gecko) Version/17.4 Safari/605.1.15 (Applebot/0.1; +http://www.apple.com/go/applebot)"
217.113.194.55 - - [15/Aug/2025:11:04:36 +0200] "GET /logistique-distribution-presse.htm HTTP/1.1" 304 3909 "-" "Mozilla/5.0 (compatible; Barkrowler/0.9; +https://babbar.tech/crawler)"
157.55.39.56 - - [15/Aug/2025:11:04:51 +0200] "GET /logistique-co-packing.htm HTTP/1.1" 200 8391 "-" "Mozilla/5.0 AppleWebKit/537.36 (KHTML, like Gecko; compatible; bingbot/2.0; +http://www.bing.com/bingbot.htm) Chrome/116.0.1938.76 Safari/537.36"
217.113.194.58 - - [15/Aug/2025:11:04:56 +0200] "GET /logistique-site-e-commerce.htm HTTP/1.1" 304 3909 "-" "Mozilla/5.0 (compatible; Barkrowler/0.9; +https://babbar.tech/crawler)"
154.54.249.198 - - [15/Aug/2025:11:05:18 +0200] "GET /envois-colis-e-commerce.htm HTTP/1.1" 304 3909 "-" "Mozilla/5.0 (compatible; Barkrowler/0.9; +https://babbar.tech/crawler)"
217.113.194.61 - - [15/Aug/2025:11:05:38 +0200] "GET /envois-en-nombre-colis.htm HTTP/1.1" 304 3909 "-" "Mozilla/5.0 (compatible; Barkrowler/0.9; +https://babbar.tech/crawler)"
217.113.194.214 - - [15/Aug/2025:11:05:58 +0200] "GET /devis-logistique-e-commerce.htm HTTP/1.1" 304 3909 "-" "Mozilla/5.0 (compatible; Barkrowler/0.9; +https://babbar.tech/crawler)"
217.113.194.57 - - [15/Aug/2025:11:06:19 +0200] "GET /chaussures-handball-hummel.htm HTTP/1.1" 304 3909 "-" "Mozilla/5.0 (compatible; Barkrowler/0.9; +https://babbar.tech/crawler)"
217.113.194.58 - - [15/Aug/2025:11:06:40 +0200] "GET /preparation-commande-e-commerce.htm HTTP/1.1" 304 3909 "-" "Mozilla/5.0 (compatible; Barkrowler/0.9; +https://babbar.tech/crawler)"
185.191.171.11 - - [15/Aug/2025:11:06:51 +0200] "GET /logisticien-ile-de-france-idf.htm HTTP/1.1" 200 9416 "-" "Mozilla/5.0 (compatible; SemrushBot/7~bl; +http://www.semrush.com/bot.html)"
217.113.194.58 - - [15/Aug/2025:11:07:00 +0200] "GET /actualites-logistique-2020.htm HTTP/1.1" 304 3910 "-" "Mozilla/5.0 (compatible; Barkrowler/0.9; +https://babbar.tech/crawler)"
217.113.194.57 - - [15/Aug/2025:11:07:20 +0200] "GET /vente-privee-polo-de-deauville.htm HTTP/1.1" 304 3909 "-" "Mozilla/5.0 (compatible; Barkrowler/0.9; +https://babbar.tech/crawler)"
66.249.65.202 - - [15/Aug/2025:11:07:21 +0200] "GET /ads.txt HTTP/1.1" 404 3844 "-" "Mozilla/5.0 (compatible; Googlebot/2.1; +http://www.google.com/bot.html)"
66.249.65.96 - - [15/Aug/2025:11:07:22 +0200] "GET /ads.txt HTTP/1.1" 404 3838 "-" "Mozilla/5.0 (compatible; Googlebot/2.1; +http://www.google.com/bot.html)"
185.191.171.4 - - [15/Aug/2025:11:07:35 +0200] "GET /robots.txt HTTP/1.1" 200 3720 "-" "Mozilla/5.0 (compatible; SemrushBot/7~bl; +http://www.semrush.com/bot.html)"
85.208.96.198 - - [15/Aug/2025:11:07:35 +0200] "GET /e-commerce-logistique-endurance-logistique.htm HTTP/1.1" 200 9880 "-" "Mozilla/5.0 (compatible; SemrushBot/7~bl; +http://www.semrush.com/bot.html)"
217.113.194.58 - - [15/Aug/2025:11:07:41 +0200] "GET /externalisation-logistique-e-commerce.htm HTTP/1.1" 304 3909 "-" "Mozilla/5.0 (compatible; Barkrowler/0.9; +https://babbar.tech/crawler)"
217.113.194.55 - - [15/Aug/2025:11:08:01 +0200] "GET /logistique-esat-78-yvelines.htm HTTP/1.1" 304 3909 "-" "Mozilla/5.0 (compatible; Barkrowler/0.9; +https://babbar.tech/crawler)"
217.113.194.54 - - [15/Aug/2025:11:08:22 +0200] "GET /logistique-e-commerce-marketplace.htm HTTP/1.1" 304 3909 "-" "Mozilla/5.0 (compatible; Barkrowler/0.9; +https://babbar.tech/crawler)"
217.113.194.61 - - [15/Aug/2025:11:08:45 +0200] "GET /logistique-e-commerce-multicanal.htm HTTP/1.1" 304 3909 "-" "Mozilla/5.0 (compatible; Barkrowler/0.9; +https://babbar.tech/crawler)"
217.113.194.213 - - [15/Aug/2025:11:09:04 +0200] "GET /logistique-e-commerce-cosmetique.html HTTP/1.1" 304 3909 "-" "Mozilla/5.0 (compatible; Barkrowler/0.9; +https://babbar.tech/crawler)"
217.113.194.56 - - [15/Aug/2025:11:09:22 +0200] "GET /logistique-e-commerce-editeur.htm HTTP/1.1" 304 3909 "-" "Mozilla/5.0 (compatible; Barkrowler/0.9; +https://babbar.tech/crawler)"
217.113.194.52 - - [15/Aug/2025:11:09:44 +0200] "GET /logistique-envois-en-nombre.htm HTTP/1.1" 304 3909 "-" "Mozilla/5.0 (compatible; Barkrowler/0.9; +https://babbar.tech/crawler)"
217.113.194.60 - - [15/Aug/2025:11:10:04 +0200] "GET /logisticien-ile-de-france-idf.htm HTTP/1.1" 304 3909 "-" "Mozilla/5.0 (compatible; Barkrowler/0.9; +https://babbar.tech/crawler)"
217.113.194.57 - - [15/Aug/2025:11:10:25 +0200] "GET /logistique-linge-de-maison.htm HTTP/1.1" 304 3909 "-" "Mozilla/5.0 (compatible; Barkrowler/0.9; +https://babbar.tech/crawler)"
217.113.194.56 - - [15/Aug/2025:11:10:46 +0200] "GET /logistique-velos-electriques.htm HTTP/1.1" 304 3909 "-" "Mozilla/5.0 (compatible; Barkrowler/0.9; +https://babbar.tech/crawler)"
217.113.194.55 - - [15/Aug/2025:11:11:08 +0200] "GET /cahier-des-charges-logistique.htm HTTP/1.1" 304 3909 "-" "Mozilla/5.0 (compatible; Barkrowler/0.9; +https://babbar.tech/crawler)"
217.113.194.57 - - [15/Aug/2025:11:11:29 +0200] "GET /entreprise-logistique-e-commerce.htm HTTP/1.1" 304 3909 "-" "Mozilla/5.0 (compatible; Barkrowler/0.9; +https://babbar.tech/crawler)"
217.113.194.213 - - [15/Aug/2025:11:11:50 +0200] "GET /interface-informatique-logistique.htm HTTP/1.1" 304 3909 "-" "Mozilla/5.0 (compatible; Barkrowler/0.9; +https://babbar.tech/crawler)"
217.113.194.55 - - [15/Aug/2025:11:12:12 +0200] "GET /prestataire-logistique-e-commerce.htm HTTP/1.1" 304 3909 "-" "Mozilla/5.0 (compatible; Barkrowler/0.9; +https://babbar.tech/crawler)"
217.113.194.59 - - [15/Aug/2025:11:12:32 +0200] "GET /demande-devis-logistique-en-ligne.htm HTTP/1.1" 304 3909 "-" "Mozilla/5.0 (compatible; Barkrowler/0.9; +https://babbar.tech/crawler)"
85.208.96.212 - - [15/Aug/2025:11:12:36 +0200] "GET /robots.txt HTTP/1.1" 200 3720 "-" "Mozilla/5.0 (compatible; SemrushBot/7~bl; +http://www.semrush.com/bot.html)"
185.191.171.18 - - [15/Aug/2025:11:12:36 +0200] "GET /e-commerce-logistique-textile.htm HTTP/1.1" 200 8216 "-" "Mozilla/5.0 (compatible; SemrushBot/7~bl; +http://www.semrush.com/bot.html)"
217.113.194.61 - - [15/Aug/2025:11:12:55 +0200] "GET /ita/logistica-ecommerce-francia.htm HTTP/1.1" 304 3909 "-" "Mozilla/5.0 (compatible; Barkrowler/0.9; +https://babbar.tech/crawler)"
217.113.194.60 - - [15/Aug/2025:11:13:16 +0200] "GET /endurance-logistique-externalisation.htm HTTP/1.1" 304 3909 "-" "Mozilla/5.0 (compatible; Barkrowler/0.9; +https://babbar.tech/crawler)"
217.113.194.214 - - [15/Aug/2025:11:13:36 +0200] "GET /plateforme-logistique-e-commerce.htm HTTP/1.1" 304 3909 "-" "Mozilla/5.0 (compatible; Barkrowler/0.9; +https://babbar.tech/crawler)"
54.36.149.17 - - [15/Aug/2025:11:13:48 +0200] "GET /robots.txt HTTP/1.1" 200 3942 "-" "Mozilla/5.0 (compatible; AhrefsBot/7.0; +http://ahrefs.com/robot/)"
54.36.148.37 - - [15/Aug/2025:11:13:49 +0200] "GET / HTTP/1.1" 304 3686 "-" "Mozilla/5.0 (compatible; AhrefsBot/7.0; +http://ahrefs.com/robot/)"
217.113.194.214 - - [15/Aug/2025:11:13:58 +0200] "GET /solutions-logistiques-e-commerce.htm HTTP/1.1" 304 3909 "-" "Mozilla/5.0 (compatible; Barkrowler/0.9; +https://babbar.tech/crawler)"
217.113.194.57 - - [15/Aug/2025:11:14:23 +0200] "GET /e-commerce-logistique-textile.htm HTTP/1.1" 304 3909 "-" "Mozilla/5.0 (compatible; Barkrowler/0.9; +https://babbar.tech/crawler)"
217.113.194.56 - - [15/Aug/2025:11:15:00 +0200] "GET /logistique-e-commerce-pieces-detachees.htm HTTP/1.1" 304 3909 "-" "Mozilla/5.0 (compatible; Barkrowler/0.9; +https://babbar.tech/crawler)"
217.113.194.214 - - [15/Aug/2025:11:15:30 +0200] "GET /logistique-e-commerce-hight-tech.htm HTTP/1.1" 304 3909 "-" "Mozilla/5.0 (compatible; Barkrowler/0.9; +https://babbar.tech/crawler)"
185.191.171.12 - - [15/Aug/2025:11:15:51 +0200] "GET /logisticien-specialiste-e-commerce.htm HTTP/1.1" 200 9272 "-" "Mozilla/5.0 (compatible; SemrushBot/7~bl; +http://www.semrush.com/bot.html)"
217.113.194.214 - - [15/Aug/2025:11:16:02 +0200] "GET /logistique-e-commerce-retail-textile.htm HTTP/1.1" 304 3909 "-" "Mozilla/5.0 (compatible; Barkrowler/0.9; +https://babbar.tech/crawler)"
154.54.249.198 - - [15/Aug/2025:11:16:36 +0200] "GET /logistique-distribution-materiel-medical.htm HTTP/1.1" 304 3909 "-" "Mozilla/5.0 (compatible; Barkrowler/0.9; +https://babbar.tech/crawler)"
51.222.253.7 - - [15/Aug/2025:11:16:37 +0200] "GET /robots.txt HTTP/1.1" 200 3942 "-" "Mozilla/5.0 (compatible; AhrefsBot/7.0; +http://ahrefs.com/robot/)"
54.36.148.213 - - [15/Aug/2025:11:16:38 +0200] "GET /ita/logistica-in-francia.htm HTTP/1.1" 304 3685 "-" "Mozilla/5.0 (compatible; AhrefsBot/7.0; +http://ahrefs.com/robot/)"
217.113.194.61 - - [15/Aug/2025:11:17:06 +0200] "GET /logisticien-specialiste-e-commerce.htm HTTP/1.1" 304 3910 "-" "Mozilla/5.0 (compatible; Barkrowler/0.9; +https://babbar.tech/crawler)"
217.113.194.55 - - [15/Aug/2025:11:17:39 +0200] "GET /logistique-de-la-mode-haut-de-gamme.htm HTTP/1.1" 304 3909 "-" "Mozilla/5.0 (compatible; Barkrowler/0.9; +https://babbar.tech/crawler)"
43.153.113.127 - - [15/Aug/2025:11:17:44 +0200] "GET /" 404 684 "-" "-"
85.208.96.211 - - [15/Aug/2025:11:17:46 +0200] "GET /logistique-e-commerce-mode-decoration.htm HTTP/1.1" 200 9176 "-" "Mozilla/5.0 (compatible; SemrushBot/7~bl; +http://www.semrush.com/bot.html)"
85.208.96.212 - - [15/Aug/2025:11:17:58 +0200] "GET /logistique-des-marques-et-de-la-mode.htm HTTP/1.1" 200 9272 "-" "Mozilla/5.0 (compatible; SemrushBot/7~bl; +http://www.semrush.com/bot.html)"
217.113.194.59 - - [15/Aug/2025:11:18:04 +0200] "GET /logistique-vente-en-ligne-cosmetique.htm HTTP/1.1" 304 3909 "-" "Mozilla/5.0 (compatible; Barkrowler/0.9; +https://babbar.tech/crawler)"
217.113.194.53 - - [15/Aug/2025:11:18:25 +0200] "GET /logistique-site-e-commerce-ma.htm HTTP/1.1" 304 3909 "-" "Mozilla/5.0 (compatible; Barkrowler/0.9; +https://babbar.tech/crawler)"
217.113.194.60 - - [15/Aug/2025:11:18:46 +0200] "GET /location-bureaux-yvelines-versailles.htm HTTP/1.1" 304 3909 "-" "Mozilla/5.0 (compatible; Barkrowler/0.9; +https://babbar.tech/crawler)"
217.113.194.214 - - [15/Aug/2025:11:19:07 +0200] "GET /ita/la-logistica-in-francia.htm HTTP/1.1" 304 3909 "-" "Mozilla/5.0 (compatible; Barkrowler/0.9; +https://babbar.tech/crawler)"
