217.113.194.54 - - [15/Aug/2025:11:19:28 +0200] "GET /e-commerce-logistique-objets-deco.htm HTTP/1.1" 304 3909 "-" "Mozilla/5.0 (compatible; Barkrowler/0.9; +https://babbar.tech/crawler)"
154.54.249.198 - - [15/Aug/2025:11:19:50 +0200] "GET /e-commerce-logistique-e-commercant.htm HTTP/1.1" 304 3909 "-" "Mozilla/5.0 (compatible; Barkrowler/0.9; +https://babbar.tech/crawler)"
217.113.194.53 - - [15/Aug/2025:11:20:11 +0200] "GET /stockage-privatif-sos-stockage.htm HTTP/1.1" 304 3909 "-" "Mozilla/5.0 (compatible; Barkrowler/0.9; +https://babbar.tech/crawler)"
217.113.194.54 - - [15/Aug/2025:11:20:32 +0200] "GET /logistique-e-commerce-mode-made-in-france.htm HTTP/1.1" 304 3909 "-" "Mozilla/5.0 (compatible; Barkrowler/0.9; +https://babbar.tech/crawler)"
217.113.194.54 - - [15/Aug/2025:11:20:54 +0200] "GET /logistique-e-commerce-pieces-rechange.htm HTTP/1.1" 304 3909 "-" "Mozilla/5.0 (compatible; Barkrowler/0.9; +https://babbar.tech/crawler)"
217.113.194.58 - - [15/Aug/2025:11:21:14 +0200] "GET /logistique-e-commerce-epicerie-fine.htm HTTP/1.1" 304 3909 "-" "Mozilla/5.0 (compatible; Barkrowler/0.9; +https://babbar.tech/crawler)"
217.113.194.54 - - [15/Aug/2025:11:21:34 +0200] "GET /logistique-e-commerce-externalisation.htm HTTP/1.1" 304 3909 "-" "Mozilla/5.0 (compatible; Barkrowler/0.9; +https://babbar.tech/crawler)"
185.191.171.2 - - [15/Aug/2025:11:21:51 +0200] "GET /robots.txt HTTP/1.1" 200 3736 "-" "Mozilla/5.0 (compatible; SemrushBot/7~bl; +http://www.semrush.com/bot.html)"
185.191.171.11 - - [15/Aug/2025:11:21:53 +0200] "GET /vente-privee-polo-de-deauville.htm HTTP/1.1" 200 8360 "-" "Mozilla/5.0 (compatible; SemrushBot/7~bl; +http://www.semrush.com/bot.html)"
217.113.194.56 - - [15/Aug/2025:11:21:55 +0200] "GET /logistique-e_commercant-e_commerce.htm HTTP/1.1" 304 3909 "-" "Mozilla/5.0 (compatible; Barkrowler/0.9; +https://babbar.tech/crawler)"
217.113.194.60 - - [15/Aug/2025:11:22:16 +0200] "GET /logistique-edition-diffuseur-livres.htm HTTP/1.1" 304 3909 "-" "Mozilla/5.0 (compatible; Barkrowler/0.9; +https://babbar.tech/crawler)"
217.113.194.54 - - [15/Aug/2025:11:22:36 +0200] "GET /logistique-pret-a-porter-repetto.htm HTTP/1.1" 304 3909 "-" "Mozilla/5.0 (compatible; Barkrowler/0.9; +https://babbar.tech/crawler)"
217.113.194.61 - - [15/Aug/2025:11:23:00 +0200] "GET /logistique-plv-marketing-distribution.htm HTTP/1.1" 304 3909 "-" "Mozilla/5.0 (compatible; Barkrowler/0.9; +https://babbar.tech/crawler)"
198.55.98.68 - - [15/Aug/2025:11:23:15 +0200] "GET / HTTP/1.1" 200 11553 "-" "Xenu Link Sleuth/1.3.8"
217.113.194.55 - - [15/Aug/2025:11:23:21 +0200] "GET /logisticien-grossiste-distributeur.htm HTTP/1.1" 304 3909 "-" "Mozilla/5.0 (compatible; Barkrowler/0.9; +https://babbar.tech/crawler)"
198.55.98.68 - - [15/Aug/2025:11:23:27 +0200] "GET /rs-plugin/js/jquery.themepunch.revolution.js HTTP/1.1" 404 3636 "-" "Mozilla/5.0 (X11; Linux i686; rv:32.0) Gecko/20100101 Firefox/32.0"
198.55.98.68 - - [15/Aug/2025:11:23:27 +0200] "GET /jquery.appear.js HTTP/1.1" 404 3615 "-" "Mozilla/5.0 (X11; Linux x86_64) AppleWebKit/537.36 (KHTML, like Gecko) Chrome/77.0.3844.0 Safari/537.36"
198.55.98.68 - - [15/Aug/2025:11:23:27 +0200] "GET /plugins.js HTTP/1.1" 404 3613 "-" "Mozilla/5.0 (iPhone; CPU iPhone OS 12_4 like Mac OS X) AppleWebKit/602.1.50 (KHTML, like Gecko) CriOS/56.0.2924.79 Mobile/16G77 Safari/602.1"
198.55.98.68 - - [15/Aug/2025:11:23:27 +0200] "GET /custom.js HTTP/1.1" 404 3611 "-" "Mozilla/5.0 (Unknown; UNIX BSD/SYSV system) AppleWebKit/538.1 (KHTML, like Gecko) QupZilla/1.7.0 Safari/538.1"
198.55.98.68 - - [15/Aug/2025:11:23:27 +0200] "GET /jquery.js HTTP/1.1" 404 3611 "-" "Mozilla/5.0 (Linux; Android 8.1.0; Redmi 6) AppleWebKit/537.36 (KHTML, like Gecko) Chrome/71.0.3578.99 Mobile Safari/537.36"
198.55.98.68 - - [15/Aug/2025:11:23:27 +0200] "GET /jquery.validate.js HTTP/1.1" 404 3617 "-" "SonyEricssonT68/R201A"
198.55.98.68 - - [15/Aug/2025:11:23:27 +0200] "GET //www.google-analytics.com/analytics.js HTTP/1.1" 404 3627 "-" "Mozilla/2.0 (compatible; Ask Jeeves/Teoma)"
198.55.98.68 - - [15/Aug/2025:11:23:27 +0200] "GET /owl-carousel/owl.carousel.js HTTP/1.1" 404 3619 "-" "Mozilla/5.0 (Linux; Android 9; POT-LX1) AppleWebKit/537.36 (KHTML, like Gecko) Chrome/76.0.3809.89 Mobile Safari/537.36"
198.55.98.68 - - [15/Aug/2025:11:23:27 +0200] "GET /jquery.easing.js HTTP/1.1" 404 3615 "-" "CSSCheck/1.2.2"
198.55.98.68 - - [15/Aug/2025:11:23:27 +0200] "GET /ga.js HTTP/1.1" 404 3610 "-" "Mozilla/5.0 (Linux; Android 9; Mi A1) AppleWebKit/537.36 (KHTML, like Gecko) Chrome/72.0.3626.121 Mobile Safari/537.36"
198.55.98.68 - - [15/Aug/2025:11:23:27 +0200] "GET /theme.js HTTP/1.1" 404 3611 "-" "Mozilla/5.0 (Windows NT 10.0; Win64; x64) AppleWebKit/537.36 (KHTML, like Gecko) Chrome/69.0.3497.100 Safari/537.36"
198.55.98.68 - - [15/Aug/2025:11:23:27 +0200] "GET /rs-plugin/js/jquery.themepunch.plugins.min.js HTTP/1.1" 404 3635 "-" "Mozilla/5.0 (Linux; Android 7.1.1; BBB100-1 Build/NMF26F) AppleWebKit/537.36 (KHTML, like Gecko) Chrome/59.0.3071.125 Mobile Safari/537.36"
198.55.98.68 - - [15/Aug/2025:11:23:27 +0200] "GET /views/view.home.js HTTP/1.1" 404 3616 "-" "Mozilla/5.0 (Macintosh; Intel Mac OS X 10_14_6) AppleWebKit/605.1.15 (KHTML, like Gecko) Version/12.1.2 Safari/605.1.15"
198.55.98.68 - - [15/Aug/2025:11:23:27 +0200] "GET /bootstrap.js HTTP/1.1" 404 3613 "-" "Mozilla/5.0 (X11; Linux x86_64) AppleWebKit/537.36 (KHTML, like Gecko) Chrome/78.0.3876.0 Safari/537.36"
217.182.92.119 - - [15/Aug/2025:11:23:28 +0200] "GET /robots.txt HTTP/1.1" 200 4202 "-" "BUbiNG (+http://law.di.unimi.it/BUbiNG.html)"
217.182.92.119 - - [15/Aug/2025:11:23:28 +0200] "GET /entreprise-logistique-e-commerce.htm HTTP/1.1" 200 6318 "-" "BUbiNG (+http://law.di.unimi.it/BUbiNG.html)"
217.182.92.119 - - [15/Aug/2025:11:23:28 +0200] "GET /logisticien-ile-de-france-idf.htm HTTP/1.1" 200 6196 "-" "BUbiNG (+http://law.di.unimi.it/BUbiNG.html)"
217.182.92.119 - - [15/Aug/2025:11:23:28 +0200] "GET /externalisation-preparation-de-commandes.htm HTTP/1.1" 200 6814 "-" "BUbiNG (+http://law.di.unimi.it/BUbiNG.html)"
217.182.92.119 - - [15/Aug/2025:11:23:28 +0200] "GET /e-commerce-logistique-textile.htm HTTP/1.1" 200 4981 "-" "BUbiNG (+http://law.di.unimi.it/BUbiNG.html)"
217.182.92.119 - - [15/Aug/2025:11:23:28 +0200] "GET /gestion-logistique-des-retours.htm HTTP/1.1" 200 4886 "-" "BUbiNG (+http://law.di.unimi.it/BUbiNG.html)"
217.182.92.119 - - [15/Aug/2025:11:23:28 +0200] "GET /plateforme-logistique-e-commerce.htm HTTP/1.1" 200 5460 "-" "BUbiNG (+http://law.di.unimi.it/BUbiNG.html)"
217.182.92.119 - - [15/Aug/2025:11:23:28 +0200] "GET /gestion-stock-e-commerce.htm HTTP/1.1" 200 9982 "-" "BUbiNG (+http://law.di.unimi.it/BUbiNG.html)"
198.55.98.68 - - [15/Aug/2025:11:23:33 +0200] "GET /jquery.easing.js HTTP/1.1" 404 3615 "-" "Mozilla/5.0 (Windows NT 6.1; WOW64) AppleWebKit/537.36 (KHTML, like Gecko) Chrome/74.0.3729.108 Safari/537.36"
198.55.98.68 - - [15/Aug/2025:11:23:33 +0200] "GET /owl-carousel/owl.carousel.js HTTP/1.1" 404 3619 "-" "Mozilla/5.0 (Windows NT 10.0; Win64; x64) AppleWebKit/537.36 (KHTML, like Gecko) Chrome/66.0.3359.170 Safari/537.36"
198.55.98.68 - - [15/Aug/2025:11:23:33 +0200] "GET /jquery.validate.js HTTP/1.1" 404 3617 "-" "Mozilla/5.0 (Windows NT 6.3; WOW64) AppleWebKit/537.36 (KHTML, like Gecko) Chrome/31.0.1650.57 Safari/537.36 OPR/18.0.1284.49"
198.55.98.68 - - [15/Aug/2025:11:23:33 +0200] "GET //www.google-analytics.com/analytics.js HTTP/1.1" 404 3627 "-" "Mozilla/5.0 (Macintosh; Intel Mac OS X 10_11_1) AppleWebKit/537.36 (KHTML, like Gecko) Chrome/77.0.3833.99 Safari/537.36"
198.55.98.68 - - [15/Aug/2025:11:23:33 +0200] "GET /jquery.appear.js HTTP/1.1" 404 3615 "-" "Mozilla/5.0 (Windows NT 10.0; WOW64) AppleWebKit/537.36 (KHTML, like Gecko) Chrome/73.0.3683.103 Safari/537.36"
198.55.98.68 - - [15/Aug/2025:11:23:33 +0200] "GET /theme.js HTTP/1.1" 404 3611 "-" "Mozilla/5.0 (Windows NT 10.0; Win64; x64) AppleWebKit/537.36 (KHTML, like Gecko) Chrome/73.0.3683.103 Safari/537.36 OPR/60.0.3255.83"
198.55.98.68 - - [15/Aug/2025:11:23:33 +0200] "GET /views/view.home.js HTTP/1.1" 404 3616 "-" "Mozilla/5.0 (iPad; CPU OS 9_3_5 like Mac OS X) AppleWebKit/601.1.46 (KHTML, like Gecko) Version/9.0 Mobile/13G36 Safari/601.1"
198.55.98.68 - - [15/Aug/2025:11:23:33 +0200] "GET /rs-plugin/js/jquery.themepunch.plugins.min.js HTTP/1.1" 404 3635 "-" "Mozilla/5.0 (Linux; Android 7.1.2; Redmi 4) AppleWebKit/537.36 (KHTML, like Gecko) Chrome/76.0.3809.111 Mobile Safari/537.36"
198.55.98.68 - - [15/Aug/2025:11:23:33 +0200] "GET /rs-plugin/js/jquery.themepunch.revolution.js HTTP/1.1" 404 3636 "-" "Mozilla/5.0 (Linux; U; Android 0.5; en-us) AppleWebKit/522 (KHTML, like Gecko) Safari/419.3"
198.55.98.68 - - [15/Aug/2025:11:23:33 +0200] "GET /plugins.js HTTP/1.1" 404 3613 "-" "Mozilla/5.0 (Macintosh; Intel Mac OS X 10_14_4) AppleWebKit/537.36 (KHTML, like Gecko) Chrome/74.0.3729.169 YaBrowser/19.6.0.1583 Yowser/2.5 Safari/537.36"
198.55.98.68 - - [15/Aug/2025:11:23:33 +0200] "GET /bootstrap.js HTTP/1.1" 404 3613 "-" "Mozilla/5.0 (Macintosh; Intel Mac OS X 10_12_6) AppleWebKit/537.36 (KHTML, like Gecko) Chrome/72.0.3626.121 Safari/537.36"
198.55.98.68 - - [15/Aug/2025:11:23:33 +0200] "GET /ga.js HTTP/1.1" 404 3610 "-" "Mozilla/5.0 (Linux; Android 6.0; Le X620 Build/MRA58K) AppleWebKit/537.36 (KHTML, like Gecko) Chrome/56.0.2924.87 Mobile Safari/537.36"
198.55.98.68 - - [15/Aug/2025:11:23:33 +0200] "GET /jquery.js HTTP/1.1" 404 3611 "-" "Mozilla/5.0 (Macintosh; Intel Mac OS X 10_13_6) AppleWebKit/605.1.15 (KHTML, like Gecko) Version/12.1 Safari/605.1.15"
198.55.98.68 - - [15/Aug/2025:11:23:33 +0200] "GET /custom.js HTTP/1.1" 404 3611 "-" "Mozilla/5.0 (Linux; Android 7.1.1; 1607-A01 Build/NMF26F; wv) AppleWebKit/537.36 (KHTML, like Gecko) Version/4.0 Chrome/66.0.3359.126 MQQBrowser/6.2 TBS/044807 Mobile Safari/537.36 MMWEBID/2867 MicroMessenger/7.0.6.1460(0x27000634) Process/tools NetType/WIFI Language/zh_CN"
217.113.194.61 - - [15/Aug/2025:11:23:42 +0200] "GET /logistique-marque-linge-de-maison.htm HTTP/1.1" 304 3909 "-" "Mozilla/5.0 (compatible; Barkrowler/0.9; +https://babbar.tech/crawler)"
217.113.194.54 - - [15/Aug/2025:11:24:03 +0200] "GET /logistique-nouveau-site-e-commerce.htm HTTP/1.1" 304 3910 "-" "Mozilla/5.0 (compatible; Barkrowler/0.9; +https://babbar.tech/crawler)"
185.191.171.16 - - [15/Aug/2025:11:24:15 +0200] "GET /entreprise-logistique-e-commerce.htm HTTP/1.1" 200 9544 "-" "Mozilla/5.0 (compatible; SemrushBot/7~bl; +http://www.semrush.com/bot.html)"
217.113.194.214 - - [15/Aug/2025:11:24:23 +0200] "GET /conseil-logistique-developpement-e-commerce.htm HTTP/1.1" 304 3909 "-" "Mozilla/5.0 (compatible; Barkrowler/0.9; +https://babbar.tech/crawler)"
217.113.194.61 - - [15/Aug/2025:11:24:44 +0200] "GET /conseil-logistique-transport-international.htm HTTP/1.1" 304 3910 "-" "Mozilla/5.0 (compatible; Barkrowler/0.9; +https://babbar.tech/crawler)"
3.149.59.26 - - [15/Aug/2025:11:24:46 +0200] "GET /" 404 684 "-" "-"
3.149.59.26 - - [15/Aug/2025:11:24:46 +0200] "GET /" 404 684 "-" "-"
52.167.144.59 - - [15/Aug/2025:11:24:55 +0200] "GET /robots.txt HTTP/1.1" 200 3661 "-" "Mozilla/5.0 AppleWebKit/537.36 (KHTML, like Gecko; compatible; bingbot/2.0; +http://www.bing.com/bingbot.htm) Chrome/116.0.1938.76 Safari/537.36"
52.167.144.59 - - [15/Aug/2025:11:24:56 +0200] "GET /robots.txt HTTP/1.1" 200 3661 "-" "Mozilla/5.0 AppleWebKit/537.36 (KHTML, like Gecko; compatible; bingbot/2.0; +http://www.bing.com/bingbot.htm) Chrome/116.0.1938.76 Safari/537.36"
194.50.16.252 - - [15/Aug/2025:11:25:05 +0200] "GET /_ignition/health-check HTTP/1.1" 404 3823 "-" "Mozilla/5.0 (Macintosh; Intel Mac OS X 11) AppleWebKit/616.16 (KHTML, like Gecko) Version/17.0.90 Safari/616.16"
157.55.39.197 - - [15/Aug/2025:11:25:06 +0200] "GET /erima.htm HTTP/1.1" 200 8490 "-" "Mozilla/5.0 AppleWebKit/537.36 (KHTML, like Gecko; compatible; bingbot/2.0; +http://www.bing.com/bingbot.htm) Chrome/116.0.1938.76 Safari/537.36"
217.113.194.55 - - [15/Aug/2025:11:25:08 +0200] "GET /barons-papillom-marque-de-sneakers.htm HTTP/1.1" 304 3909 "-" "Mozilla/5.0 (compatible; Barkrowler/0.9; +https://babbar.tech/crawler)"
217.113.194.59 - - [15/Aug/2025:11:25:29 +0200] "GET /plateforme-logistique-mode-marques-luxe.htm HTTP/1.1" 304 3909 "-" "Mozilla/5.0 (compatible; Barkrowler/0.9; +https://babbar.tech/crawler)"
217.113.194.214 - - [15/Aug/2025:11:25:52 +0200] "GET /logistique-e-commerce-complements-alimentaires.htm HTTP/1.1" 304 3909 "-" "Mozilla/5.0 (compatible; Barkrowler/0.9; +https://babbar.tech/crawler)"
217.113.194.59 - - [15/Aug/2025:11:26:11 +0200] "GET /logistique-btob-distribution-paris.htm HTTP/1.1" 304 3909 "-" "Mozilla/5.0 (compatible; Barkrowler/0.9; +https://babbar.tech/crawler)"
217.113.194.60 - - [15/Aug/2025:11:26:31 +0200] "GET /logisticien-e-commerce-tpe-pme.htm HTTP/1.1" 304 3910 "-" "Mozilla/5.0 (compatible; Barkrowler/0.9; +https://babbar.tech/crawler)"
217.113.194.53 - - [15/Aug/2025:11:26:51 +0200] "GET /gestion-informatisee-des-commandes-logistique.html HTTP/1.1" 304 3910 "-" "Mozilla/5.0 (compatible; Barkrowler/0.9; +https://babbar.tech/crawler)"
217.113.194.54 - - [15/Aug/2025:11:27:11 +0200] "GET /nouvelle-plateforme-logistique-e-commerce.htm HTTP/1.1" 304 3910 "-" "Mozilla/5.0 (compatible; Barkrowler/0.9; +https://babbar.tech/crawler)"
217.113.194.54 - - [15/Aug/2025:11:27:32 +0200] "GET /prestataire-logistique-e-commerce-web.htm HTTP/1.1" 304 3909 "-" "Mozilla/5.0 (compatible; Barkrowler/0.9; +https://babbar.tech/crawler)"
54.36.148.209 - - [15/Aug/2025:11:27:42 +0200] "GET /e-cigarettes-kangertech.htm HTTP/1.1" 304 3685 "-" "Mozilla/5.0 (compatible; AhrefsBot/7.0; +http://ahrefs.com/robot/)"
217.113.194.53 - - [15/Aug/2025:11:27:52 +0200] "GET /ita/logistica-distribuzione-francia.htm HTTP/1.1" 304 3909 "-" "Mozilla/5.0 (compatible; Barkrowler/0.9; +https://babbar.tech/crawler)"
185.191.171.18 - - [15/Aug/2025:11:28:08 +0200] "GET /robots.txt HTTP/1.1" 200 3720 "-" "Mozilla/5.0 (compatible; SemrushBot/7~bl; +http://www.semrush.com/bot.html)"
85.208.96.209 - - [15/Aug/2025:11:28:08 +0200] "GET /e-cigarettes-kangertech.htm HTTP/1.1" 200 9384 "-" "Mozilla/5.0 (compatible; SemrushBot/7~bl; +http://www.semrush.com/bot.html)"
217.113.194.60 - - [15/Aug/2025:11:28:12 +0200] "GET /logistique-pour-le-e-commerce-pret-a-porter.htm HTTP/1.1" 304 3909 "-" "Mozilla/5.0 (compatible; Barkrowler/0.9; +https://babbar.tech/crawler)"
5.255.231.92 - - [15/Aug/2025:11:28:23 +0200] "GET /robots.txt HTTP/1.1" 200 3889 "-" "Mozilla/5.0 (compatible; YandexBot/3.0; +http://yandex.com/bots)"
3.149.59.26 - - [15/Aug/2025:11:28:24 +0200] "GET / HTTP/1.1" 200 11499 "-" "Mozilla/5.0 (Macintosh; Intel Mac OS X 10_15_7) Chrome/126.0.0.0 Safari/537.36"
5.255.231.111 - - [15/Aug/2025:11:28:23 +0200] "GET /presse/logistique-design-mode.pdf HTTP/1.1" 200 2367141 "-" "Mozilla/5.0 (compatible; YandexBot/3.0; +http://yandex.com/bots)"
217.113.194.60 - - [15/Aug/2025:11:28:33 +0200] "GET /logistique-e-commerce-endurance-logistique.htm HTTP/1.1" 304 3909 "-" "Mozilla/5.0 (compatible; Barkrowler/0.9; +https://babbar.tech/crawler)"
217.113.194.214 - - [15/Aug/2025:11:28:53 +0200] "GET /logistique-expedition-colis-en-nombre.htm HTTP/1.1" 304 3909 "-" "Mozilla/5.0 (compatible; Barkrowler/0.9; +https://babbar.tech/crawler)"
54.36.148.220 - - [15/Aug/2025:11:29:03 +0200] "GET /ita/logistica-distribuzione-francia.htm HTTP/1.1" 304 3685 "-" "Mozilla/5.0 (compatible; AhrefsBot/7.0; +http://ahrefs.com/robot/)"
217.113.194.57 - - [15/Aug/2025:11:29:13 +0200] "GET /cahier-des-charges-logistique-e-commerce.htm HTTP/1.1" 304 3909 "-" "Mozilla/5.0 (compatible; Barkrowler/0.9; +https://babbar.tech/crawler)"
217.113.194.61 - - [15/Aug/2025:11:29:39 +0200] "GET /solutions-augmenter-ses-ventes-sur-amazon.htm HTTP/1.1" 304 3909 "-" "Mozilla/5.0 (compatible; Barkrowler/0.9; +https://babbar.tech/crawler)"
90.115.200.13 - - [15/Aug/2025:11:29:50 +0200] "GET /img/entrepot/stockage-logistique-e-commerce.jpg HTTP/1.1" 200 51496 "http://sharev2/" "Mozilla/5.0 (Windows NT 10.0; Win64; x64) AppleWebKit/537.36 (KHTML, like Gecko) Chrome/139.0.0.0 Safari/537.36"
217.113.194.61 - - [15/Aug/2025:11:29:59 +0200] "GET /logistique-e-commerce-personnalisation-des-envois.htm HTTP/1.1" 304 3909 "-" "Mozilla/5.0 (compatible; Barkrowler/0.9; +https://babbar.tech/crawler)"
217.113.194.61 - - [15/Aug/2025:11:30:19 +0200] "GET /logistique-open-house-mobilier-velizy.htm HTTP/1.1" 304 3909 "-" "Mozilla/5.0 (compatible; Barkrowler/0.9; +https://babbar.tech/crawler)"
154.54.249.198 - - [15/Aug/2025:11:30:40 +0200] "GET /logisticien-specialiste-e-commerce-mode-textile.htm HTTP/1.1" 304 3909 "-" "Mozilla/5.0 (compatible; Barkrowler/0.9; +https://babbar.tech/crawler)"
217.113.194.52 - - [15/Aug/2025:11:31:00 +0200] "GET /logistique-b-to-b-et-logistique-b-to-c.htm HTTP/1.1" 304 3909 "-" "Mozilla/5.0 (compatible; Barkrowler/0.9; +https://babbar.tech/crawler)"
217.113.194.214 - - [15/Aug/2025:11:31:20 +0200] "GET /logistique-vente-en-ligne-cigarettes-electroniques.htm HTTP/1.1" 304 3909 "-" "Mozilla/5.0 (compatible; Barkrowler/0.9; +https://babbar.tech/crawler)"
185.191.171.2 - - [15/Aug/2025:11:31:32 +0200] "GET /e-commerce-logistique-textile.htm HTTP/1.1" 200 8216 "-" "Mozilla/5.0 (compatible; SemrushBot/7~bl; +http://www.semrush.com/bot.html)"
217.113.194.57 - - [15/Aug/2025:11:31:40 +0200] "GET /logistique-e-commerce-emballage-condtionnement.htm HTTP/1.1" 304 3909 "-" "Mozilla/5.0 (compatible; Barkrowler/0.9; +https://babbar.tech/crawler)"
54.36.148.122 - - [15/Aug/2025:11:31:50 +0200] "GET /logisticien-marque-cosmetique.htm HTTP/1.1" 304 3685 "-" "Mozilla/5.0 (compatible; AhrefsBot/7.0; +http://ahrefs.com/robot/)"
217.113.194.213 - - [15/Aug/2025:11:32:01 +0200] "GET /logistique-ecommerce-pics-activite-preparation-commandes.htm HTTP/1.1" 304 3909 "-" "Mozilla/5.0 (compatible; Barkrowler/0.9; +https://babbar.tech/crawler)"
45.156.129.82 - - [15/Aug/2025:11:32:06 +0200] "GET / HTTP/1.1" 200 11510 "-" "Mozilla/5.0 (Windows NT 10.0; WOW64) AppleWebKit/537.36 (KHTML, like Gecko) Chrome/66.0.3359.117 Safari/537.36"
217.113.194.56 - - [15/Aug/2025:11:32:21 +0200] "GET /la-logistique-au-service-de-sweet-caddy-accessoires-de-golf.htm HTTP/1.1" 304 3909 "-" "Mozilla/5.0 (compatible; Barkrowler/0.9; +https://babbar.tech/crawler)"
43.130.57.46 - - [15/Aug/2025:11:38:46 +0200] "GET /logistique-nouveau-site-e-commerce.htm HTTP/1.1" 200 9058 "-" "Mozilla/5.0 (iPhone; CPU iPhone OS 13_2_3 like Mac OS X) AppleWebKit/605.1.15 (KHTML, like Gecko) Version/13.0.3 Mobile/15E148 Safari/604.1"
85.208.96.206 - - [15/Aug/2025:11:39:26 +0200] "GET /barons-papillom-marque-de-sneakers.htm HTTP/1.1" 200 9352 "-" "Mozilla/5.0 (compatible; SemrushBot/7~bl; +http://www.semrush.com/bot.html)"
43.130.67.33 - - [15/Aug/2025:11:40:36 +0200] "GET /" 404 684 "-" "-"
185.191.171.6 - - [15/Aug/2025:11:41:51 +0200] "GET /robots.txt HTTP/1.1" 200 3720 "-" "Mozilla/5.0 (compatible; SemrushBot/7~bl; +http://www.semrush.com/bot.html)"
185.191.171.11 - - [15/Aug/2025:11:41:53 +0200] "GET /logistique-chaussures.htm HTTP/1.1" 200 8488 "-" "Mozilla/5.0 (compatible; SemrushBot/7~bl; +http://www.semrush.com/bot.html)"
207.46.13.54 - - [15/Aug/2025:11:42:05 +0200] "GET /gestion-rupture-stock.htm HTTP/1.1" 200 8638 "-" "Mozilla/5.0 AppleWebKit/537.36 (KHTML, like Gecko; compatible; bingbot/2.0; +http://www.bing.com/bingbot.htm) Chrome/116.0.1938.76 Safari/537.36"
54.36.148.50 - - [15/Aug/2025:11:42:36 +0200] "GET /ita/la-logistica-in-francia.htm HTTP/1.1" 304 3685 "-" "Mozilla/5.0 (compatible; AhrefsBot/7.0; +http://ahrefs.com/robot/)"
85.208.96.205 - - [15/Aug/2025:11:44:40 +0200] "GET /ita/contatti.htm HTTP/1.1" 200 7384 "-" "Mozilla/5.0 (compatible; SemrushBot/7~bl; +http://www.semrush.com/bot.html)"
85.208.96.199 - - [15/Aug/2025:11:44:53 +0200] "GET /logistique-e-commerce-mode-decoration.htm HTTP/1.1" 200 9176 "-" "Mozilla/5.0 (compatible; SemrushBot/7~bl; +http://www.semrush.com/bot.html)"
185.191.171.10 - - [15/Aug/2025:11:47:28 +0200] "GET /logistique-velos-electriques.htm HTTP/1.1" 200 8664 "-" "Mozilla/5.0 (compatible; SemrushBot/7~bl; +http://www.semrush.com/bot.html)"
34.0.150.213 - - [15/Aug/2025:11:48:14 +0200] "GET / HTTP/1.1" 301 571 "-" "Mozilla/5.0 (Windows NT 10.0; Win64; x64) AppleWebKit/537.36 (KHTML, like Gecko; compatible; BW/1.3; rb.gy/qyzae5) Chrome/124.0.0.0 Safari/537.36"
34.0.150.213 - - [15/Aug/2025:11:48:16 +0200] "GET / HTTP/1.1" 200 12326 "-" "Mozilla/5.0 (Windows NT 10.0; Win64; x64) AppleWebKit/537.36 (KHTML, like Gecko; compatible; BW/1.3; rb.gy/qyzae5) Chrome/124.0.0.0 Safari/537.36"
34.0.150.213 - - [15/Aug/2025:11:48:17 +0200] "GET /robots.txt HTTP/1.1" 200 496 "-" "Mozilla/5.0 (Windows NT 10.0; Win64; x64) AppleWebKit/537.36 (KHTML, like Gecko; compatible; BW/1.3; rb.gy/qyzae5) Chrome/124.0.0.0 Safari/537.36"
34.0.150.213 - - [15/Aug/2025:11:48:19 +0200] "GET /logistique-ecommerce-pics-activite-preparation-commandes.htm HTTP/1.1" 200 7165 "-" "Mozilla/5.0 (Windows NT 10.0; Win64; x64) AppleWebKit/537.36 (KHTML, like Gecko; compatible; BW/1.3; rb.gy/qyzae5) Chrome/124.0.0.0 Safari/537.36"
43.153.96.233 - - [15/Aug/2025:11:48:19 +0200] "GET /stockage-hauts-de-seine.htm HTTP/1.1" 200 8420 "-" "Mozilla/5.0 (iPhone; CPU iPhone OS 13_2_3 like Mac OS X) AppleWebKit/605.1.15 (KHTML, like Gecko) Version/13.0.3 Mobile/15E148 Safari/604.1"
34.0.150.213 - - [15/Aug/2025:11:48:20 +0200] "GET /e-logistique.htm HTTP/1.1" 200 7456 "-" "Mozilla/5.0 (Windows NT 10.0; Win64; x64) AppleWebKit/537.36 (KHTML, like Gecko; compatible; BW/1.3; rb.gy/qyzae5) Chrome/124.0.0.0 Safari/537.36"
34.0.150.213 - - [15/Aug/2025:11:48:21 +0200] "GET /js/plugins.js HTTP/1.1" 200 5468 "-" "Mozilla/5.0 (Windows NT 10.0; Win64; x64) AppleWebKit/537.36 (KHTML, like Gecko; compatible; BW/1.3; rb.gy/qyzae5) Chrome/124.0.0.0 Safari/537.36"
34.0.150.213 - - [15/Aug/2025:11:48:21 +0200] "GET /vendor/jquery.js HTTP/1.1" 200 33955 "-" "Mozilla/5.0 (Windows NT 10.0; Win64; x64) AppleWebKit/537.36 (KHTML, like Gecko; compatible; BW/1.3; rb.gy/qyzae5) Chrome/124.0.0.0 Safari/537.36"
34.0.150.213 - - [15/Aug/2025:11:48:21 +0200] "GET /vendor/jquery.easing.js HTTP/1.1" 200 1429 "-" "Mozilla/5.0 (Windows NT 10.0; Win64; x64) AppleWebKit/537.36 (KHTML, like Gecko; compatible; BW/1.3; rb.gy/qyzae5) Chrome/124.0.0.0 Safari/537.36"
34.0.150.213 - - [15/Aug/2025:11:48:21 +0200] "GET /vendor/jquery.appear.js HTTP/1.1" 200 1278 "-" "Mozilla/5.0 (Windows NT 10.0; Win64; x64) AppleWebKit/537.36 (KHTML, like Gecko; compatible; BW/1.3; rb.gy/qyzae5) Chrome/124.0.0.0 Safari/537.36"
34.0.150.213 - - [15/Aug/2025:11:48:21 +0200] "GET /vendor/owl-carousel/owl.carousel.js HTTP/1.1" 200 7389 "-" "Mozilla/5.0 (Windows NT 10.0; Win64; x64) AppleWebKit/537.36 (KHTML, like Gecko; compatible; BW/1.3; rb.gy/qyzae5) Chrome/124.0.0.0 Safari/537.36"
34.0.150.213 - - [15/Aug/2025:11:48:21 +0200] "GET /vendor/rs-plugin/js/jquery.themepunch.plugins.min.js HTTP/1.1" 200 24106 "-" "Mozilla/5.0 (Windows NT 10.0; Win64; x64) AppleWebKit/537.36 (KHTML, like Gecko; compatible; BW/1.3; rb.gy/qyzae5) Chrome/124.0.0.0 Safari/537.36"
34.0.150.213 - - [15/Aug/2025:11:48:21 +0200] "GET /vendor/rs-plugin/js/jquery.themepunch.revolution.js HTTP/1.1" 200 20570 "-" "Mozilla/5.0 (Windows NT 10.0; Win64; x64) AppleWebKit/537.36 (KHTML, like Gecko; compatible; BW/1.3; rb.gy/qyzae5) Chrome/124.0.0.0 Safari/537.36"
34.0.150.213 - - [15/Aug/2025:11:48:22 +0200] "GET /vendor/jquery.validate.js HTTP/1.1" 200 6830 "-" "Mozilla/5.0 (Windows NT 10.0; Win64; x64) AppleWebKit/537.36 (KHTML, like Gecko; compatible; BW/1.3; rb.gy/qyzae5) Chrome/124.0.0.0 Safari/537.36"
34.0.150.213 - - [15/Aug/2025:11:48:23 +0200] "GET /ads.txt HTTP/1.1" 404 684 "-" "Mozilla/5.0 (Windows NT 10.0; Win64; x64) AppleWebKit/537.36 (KHTML, like Gecko; compatible; BW/1.3; rb.gy/qyzae5) Chrome/124.0.0.0 Safari/537.36"
51.68.111.242 - - [15/Aug/2025:11:49:56 +0200] "GET /robots.txt HTTP/1.1" 200 3654 "-" "Mozilla/5.0 (compatible; MJ12bot/v2.0.4; http://mj12bot.com/)"
51.68.111.242 - - [15/Aug/2025:11:49:56 +0200] "GET / HTTP/1.1" 200 8620 "-" "Mozilla/5.0 (compatible; MJ12bot/v2.0.4; http://mj12bot.com/)"
43.166.247.155 - - [15/Aug/2025:11:51:04 +0200] "GET /" 404 684 "-" "-"
54.36.148.8 - - [15/Aug/2025:11:54:59 +0200] "GET /ita/news-logistica-2016.htm HTTP/1.1" 304 3685 "-" "Mozilla/5.0 (compatible; AhrefsBot/7.0; +http://ahrefs.com/robot/)"
85.208.96.199 - - [15/Aug/2025:11:55:00 +0200] "GET /logistique-e-commerce-luxe.htm HTTP/1.1" 200 8360 "-" "Mozilla/5.0 (compatible; SemrushBot/7~bl; +http://www.semrush.com/bot.html)"
18.97.14.82 - - [15/Aug/2025:11:55:14 +0200] "GET /stockage-essonne.htm HTTP/1.1" 200 8191 "-" "CCBot/2.0 (https://commoncrawl.org/faq/)"
51.68.236.93 - - [15/Aug/2025:11:55:33 +0200] "GET /robots.txt HTTP/1.1" 200 3661 "-" "Mozilla/5.0 (compatible; MJ12bot/v2.0.4; http://mj12bot.com/)"
51.68.236.93 - - [15/Aug/2025:11:55:33 +0200] "GET / HTTP/1.1" 200 8620 "-" "Mozilla/5.0 (compatible; MJ12bot/v2.0.4; http://mj12bot.com/)"
216.81.248.84 - - [15/Aug/2025:11:55:56 +0200] "GET /.git/config HTTP/1.1" 404 3613 "-" "Mozilla/5.0 (Windows NT 10.0; WOW64) AppleWebKit/537.36 (KHTML, like Gecko) Chrome/72.0.3626.121 YaBrowser/19.3.1.828 Yowser/2.5 Safari/537.36"
217.113.194.213 - - [15/Aug/2025:11:56:42 +0200] "GET /robots.txt HTTP/1.1" 200 4166 "-" "Mozilla/5.0 (compatible; Barkrowler/0.9; +https://babbar.tech/crawler)"
217.113.194.213 - - [15/Aug/2025:11:56:49 +0200] "GET /robots.txt HTTP/1.1" 200 4166 "-" "Mozilla/5.0 (compatible; Barkrowler/0.9; +https://babbar.tech/crawler)"
217.113.194.56 - - [15/Aug/2025:11:57:06 +0200] "GET /index.htm HTTP/1.1" 304 3910 "-" "Mozilla/5.0 (compatible; Barkrowler/0.9; +https://babbar.tech/crawler)"
85.208.96.207 - - [15/Aug/2025:11:57:09 +0200] "GET /robots.txt HTTP/1.1" 200 3720 "-" "Mozilla/5.0 (compatible; SemrushBot/7~bl; +http://www.semrush.com/bot.html)"
185.191.171.6 - - [15/Aug/2025:11:57:11 +0200] "GET /vente-privee-polo-de-deauville.htm HTTP/1.1" 200 8344 "-" "Mozilla/5.0 (compatible; SemrushBot/7~bl; +http://www.semrush.com/bot.html)"
217.113.194.57 - - [15/Aug/2025:11:57:17 +0200] "GET /erima.htm HTTP/1.1" 304 3909 "-" "Mozilla/5.0 (compatible; Barkrowler/0.9; +https://babbar.tech/crawler)"
217.113.194.54 - - [15/Aug/2025:11:57:37 +0200] "GET /ita/contatti.htm HTTP/1.1" 304 3909 "-" "Mozilla/5.0 (compatible; Barkrowler/0.9; +https://babbar.tech/crawler)"
154.54.249.198 - - [15/Aug/2025:11:57:43 +0200] "GET /hypox.htm HTTP/1.1" 304 3909 "-" "Mozilla/5.0 (compatible; Barkrowler/0.9; +https://babbar.tech/crawler)"
217.113.194.59 - - [15/Aug/2025:11:58:01 +0200] "GET /erima.htm HTTP/1.1" 304 3909 "-" "Mozilla/5.0 (compatible; Barkrowler/0.9; +https://babbar.tech/crawler)"
217.113.194.213 - - [15/Aug/2025:11:58:09 +0200] "GET /boutique-and1.htm HTTP/1.1" 304 3909 "-" "Mozilla/5.0 (compatible; Barkrowler/0.9; +https://babbar.tech/crawler)"
217.113.194.52 - - [15/Aug/2025:11:58:27 +0200] "GET /mentions-legales.htm HTTP/1.1" 304 3909 "-" "Mozilla/5.0 (compatible; Barkrowler/0.9; +https://babbar.tech/crawler)"
217.113.194.56 - - [15/Aug/2025:11:58:38 +0200] "GET /stockage-yvelines.htm HTTP/1.1" 304 3909 "-" "Mozilla/5.0 (compatible; Barkrowler/0.9; +https://babbar.tech/crawler)"
217.113.194.57 - - [15/Aug/2025:11:58:57 +0200] "GET /e-logistique.htm HTTP/1.1" 304 3909 "-" "Mozilla/5.0 (compatible; Barkrowler/0.9; +https://babbar.tech/crawler)"
217.113.194.58 - - [15/Aug/2025:11:59:05 +0200] "GET /logistique-yvelines.htm HTTP/1.1" 304 3909 "-" "Mozilla/5.0 (compatible; Barkrowler/0.9; +https://babbar.tech/crawler)"
217.113.194.60 - - [15/Aug/2025:11:59:23 +0200] "GET /stockage-essonne.htm HTTP/1.1" 304 3909 "-" "Mozilla/5.0 (compatible; Barkrowler/0.9; +https://babbar.tech/crawler)"
85.208.96.204 - - [15/Aug/2025:11:59:27 +0200] "GET /robots.txt HTTP/1.1" 200 3720 "-" "Mozilla/5.0 (compatible; SemrushBot/7~bl; +http://www.semrush.com/bot.html)"
185.191.171.11 - - [15/Aug/2025:11:59:28 +0200] "GET /logistique-showroom-yvelines.htm HTTP/1.1" 200 8696 "-" "Mozilla/5.0 (compatible; SemrushBot/7~bl; +http://www.semrush.com/bot.html)"
154.54.249.198 - - [15/Aug/2025:11:59:31 +0200] "GET /e-logistique.htm HTTP/1.1" 304 3909 "-" "Mozilla/5.0 (compatible; Barkrowler/0.9; +https://babbar.tech/crawler)"
217.113.194.60 - - [15/Aug/2025:11:59:49 +0200] "GET /logistique-des-marques.htm HTTP/1.1" 304 3909 "-" "Mozilla/5.0 (compatible; Barkrowler/0.9; +https://babbar.tech/crawler)"
217.113.194.56 - - [15/Aug/2025:11:59:57 +0200] "GET /mode-logistique.htm HTTP/1.1" 304 3909 "-" "Mozilla/5.0 (compatible; Barkrowler/0.9; +https://babbar.tech/crawler)"
217.113.194.56 - - [15/Aug/2025:12:00:19 +0200] "GET /logistique-globale.htm HTTP/1.1" 304 3909 "-" "Mozilla/5.0 (compatible; Barkrowler/0.9; +https://babbar.tech/crawler)"
217.113.194.57 - - [15/Aug/2025:12:00:27 +0200] "GET /ecommerce-logistique.htm HTTP/1.1" 304 3909 "-" "Mozilla/5.0 (compatible; Barkrowler/0.9; +https://babbar.tech/crawler)"
85.208.96.195 - - [15/Aug/2025:12:00:42 +0200] "GET /robots.txt HTTP/1.1" 200 3720 "-" "Mozilla/5.0 (compatible; SemrushBot/7~bl; +http://www.semrush.com/bot.html)"
85.208.96.194 - - [15/Aug/2025:12:00:43 +0200] "GET /logistique-chaussures.htm HTTP/1.1" 200 8488 "-" "Mozilla/5.0 (compatible; SemrushBot/7~bl; +http://www.semrush.com/bot.html)"
217.113.194.58 - - [15/Aug/2025:12:00:48 +0200] "GET /logistique-chaussure.htm HTTP/1.1" 304 3909 "-" "Mozilla/5.0 (compatible; Barkrowler/0.9; +https://babbar.tech/crawler)"
217.113.194.54 - - [15/Aug/2025:12:00:58 +0200] "GET /logistique-globale.htm HTTP/1.1" 304 3909 "-" "Mozilla/5.0 (compatible; Barkrowler/0.9; +https://babbar.tech/crawler)"
217.113.194.56 - - [15/Aug/2025:12:01:18 +0200] "GET /informatique-logistique.htm HTTP/1.1" 304 3909 "-" "Mozilla/5.0 (compatible; Barkrowler/0.9; +https://babbar.tech/crawler)"
217.113.194.52 - - [15/Aug/2025:12:01:27 +0200] "GET /logistique-chaussures.htm HTTP/1.1" 304 3909 "-" "Mozilla/5.0 (compatible; Barkrowler/0.9; +https://babbar.tech/crawler)"
217.113.194.59 - - [15/Aug/2025:12:01:47 +0200] "GET /actualites-logistique.htm HTTP/1.1" 304 3909 "-" "Mozilla/5.0 (compatible; Barkrowler/0.9; +https://babbar.tech/crawler)"
154.54.249.198 - - [15/Aug/2025:12:01:58 +0200] "GET /logistique-chaussure.htm HTTP/1.1" 304 3909 "-" "Mozilla/5.0 (compatible; Barkrowler/0.9; +https://babbar.tech/crawler)"
85.208.96.193 - - [15/Aug/2025:12:02:00 +0200] "GET /robots.txt HTTP/1.1" 200 3720 "-" "Mozilla/5.0 (compatible; SemrushBot/7~bl; +http://www.semrush.com/bot.html)"
185.191.171.14 - - [15/Aug/2025:12:02:03 +0200] "GET /logistique-jeux-jouets.htm HTTP/1.1" 200 8296 "-" "Mozilla/5.0 (compatible; SemrushBot/7~bl; +http://www.semrush.com/bot.html)"
217.113.194.52 - - [15/Aug/2025:12:02:16 +0200] "GET /logistique-jeux-jouets.htm HTTP/1.1" 304 3909 "-" "Mozilla/5.0 (compatible; Barkrowler/0.9; +https://babbar.tech/crawler)"
66.249.74.37 - - [15/Aug/2025:12:02:18 +0200] "GET /robots.txt HTTP/1.1" 200 3661 "-" "Mozilla/5.0 (compatible; Googlebot/2.1; +http://www.google.com/bot.html)"
66.249.74.38 - - [15/Aug/2025:12:02:18 +0200] "GET /conseil-logistique-transport-international.htm HTTP/1.1" 304 3405 "-" "Mozilla/5.0 (Linux; Android 6.0.1; Nexus 5X Build/MMB29P) AppleWebKit/537.36 (KHTML, like Gecko) Chrome/138.0.7204.183 Mobile Safari/537.36 (compatible; Googlebot/2.1; +http://www.google.com/bot.html)"
66.249.74.33 - - [15/Aug/2025:12:02:21 +0200] "GET /favicon.ico HTTP/1.1" 304 3389 "-" "Googlebot-Image/1.0"
43.166.128.86 - - [15/Aug/2025:12:02:22 +0200] "GET /" 404 684 "-" "-"
185.191.171.11 - - [15/Aug/2025:12:02:25 +0200] "GET /conseil-logistique-developpement-e-commerce.htm HTTP/1.1" 200 9352 "-" "Mozilla/5.0 (compatible; SemrushBot/7~bl; +http://www.semrush.com/bot.html)"
217.113.194.52 - - [15/Aug/2025:12:02:26 +0200] "GET /informatique-logistique.htm HTTP/1.1" 304 3909 "-" "Mozilla/5.0 (compatible; Barkrowler/0.9; +https://babbar.tech/crawler)"
217.113.194.58 - - [15/Aug/2025:12:02:44 +0200] "GET /logistique-maroquinerie.htm HTTP/1.1" 304 3909 "-" "Mozilla/5.0 (compatible; Barkrowler/0.9; +https://babbar.tech/crawler)"
217.113.194.214 - - [15/Aug/2025:12:02:53 +0200] "GET /chaussons-beaba.htm HTTP/1.1" 304 3909 "-" "Mozilla/5.0 (compatible; Barkrowler/0.9; +https://babbar.tech/crawler)"
217.113.194.56 - - [15/Aug/2025:12:03:14 +0200] "GET /logistique-textile.htm HTTP/1.1" 304 3909 "-" "Mozilla/5.0 (compatible; Barkrowler/0.9; +https://babbar.tech/crawler)"
217.113.194.54 - - [15/Aug/2025:12:03:22 +0200] "GET /actualites-logistique.htm HTTP/1.1" 304 3909 "-" "Mozilla/5.0 (compatible; Barkrowler/0.9; +https://babbar.tech/crawler)"
85.208.96.193 - - [15/Aug/2025:12:03:32 +0200] "GET /robots.txt HTTP/1.1" 200 3720 "-" "Mozilla/5.0 (compatible; SemrushBot/7~bl; +http://www.semrush.com/bot.html)"
85.208.96.196 - - [15/Aug/2025:12:03:32 +0200] "GET /informatique-logistique.htm HTTP/1.1" 200 8136 "-" "Mozilla/5.0 (compatible; SemrushBot/7~bl; +http://www.semrush.com/bot.html)"
217.113.194.59 - - [15/Aug/2025:12:03:42 +0200] "GET /gestion-stocks-e-commerce.htm HTTP/1.1" 304 3909 "-" "Mozilla/5.0 (compatible; Barkrowler/0.9; +https://babbar.tech/crawler)"
217.113.194.60 - - [15/Aug/2025:12:03:51 +0200] "GET /contact-logistique-yvelines.htm HTTP/1.1" 304 3909 "-" "Mozilla/5.0 (compatible; Barkrowler/0.9; +https://babbar.tech/crawler)"
217.113.194.53 - - [15/Aug/2025:12:04:07 +0200] "GET /chaussure-dragon-sea.htm HTTP/1.1" 304 3909 "-" "Mozilla/5.0 (compatible; Barkrowler/0.9; +https://babbar.tech/crawler)"
217.113.194.58 - - [15/Aug/2025:12:04:17 +0200] "GET /chaussures-running-spira.htm HTTP/1.1" 304 3909 "-" "Mozilla/5.0 (compatible; Barkrowler/0.9; +https://babbar.tech/crawler)"
217.113.194.55 - - [15/Aug/2025:12:04:36 +0200] "GET /ita/news-logistica-2016.htm HTTP/1.1" 304 3909 "-" "Mozilla/5.0 (compatible; Barkrowler/0.9; +https://babbar.tech/crawler)"
217.113.194.213 - - [15/Aug/2025:12:04:45 +0200] "GET /actualites-logistique-2018.htm HTTP/1.1" 304 3908 "-" "Mozilla/5.0 (compatible; Barkrowler/0.9; +https://babbar.tech/crawler)"
217.113.194.214 - - [15/Aug/2025:12:05:04 +0200] "GET /presse-actualites-logistique.htm HTTP/1.1" 304 3909 "-" "Mozilla/5.0 (compatible; Barkrowler/0.9; +https://babbar.tech/crawler)"
217.113.194.56 - - [15/Aug/2025:12:05:14 +0200] "GET /entreposage-e-commerce.htm HTTP/1.1" 304 3909 "-" "Mozilla/5.0 (compatible; Barkrowler/0.9; +https://babbar.tech/crawler)"
66.249.74.133 - - [15/Aug/2025:12:05:26 +0200] "GET /robots.txt HTTP/1.1" 200 3661 "-" "Mozilla/5.0 (compatible; Googlebot/2.1; +http://www.google.com/bot.html)"
66.249.74.135 - - [15/Aug/2025:12:05:27 +0200] "GET /index.htm HTTP/1.1" 200 11785 "-" "Mozilla/5.0 (Linux; Android 6.0.1; Nexus 5X Build/MMB29P) AppleWebKit/537.36 (KHTML, like Gecko) Chrome/138.0.7204.183 Mobile Safari/537.36 (compatible; Googlebot/2.1; +http://www.google.com/bot.html)"
66.249.74.134 - - [15/Aug/2025:12:05:33 +0200] "GET /css/bootstrap.css HTTP/1.1" 200 19688 "https://heyjoe-pomades.fr/index.htm" "Mozilla/5.0 (Linux; Android 6.0.1; Nexus 5X Build/MMB29P) AppleWebKit/537.36 (KHTML, like Gecko) Chrome/138.0.7204.183 Mobile Safari/537.36 (compatible; Googlebot/2.1; +http://www.google.com/bot.html)"
66.249.74.134 - - [15/Aug/2025:12:05:33 +0200] "GET /css/theme.css HTTP/1.1" 200 6481 "https://heyjoe-pomades.fr/index.htm" "Mozilla/5.0 (Linux; Android 6.0.1; Nexus 5X Build/MMB29P) AppleWebKit/537.36 (KHTML, like Gecko) Chrome/138.0.7204.183 Mobile Safari/537.36 (compatible; Googlebot/2.1; +http://www.google.com/bot.html)"
66.249.74.134 - - [15/Aug/2025:12:05:34 +0200] "GET /vendor/rs-plugin/js/jquery.themepunch.revolution.js HTTP/1.1" 200 20432 "https://heyjoe-pomades.fr/index.htm" "Mozilla/5.0 (Linux; Android 6.0.1; Nexus 5X Build/MMB29P) AppleWebKit/537.36 (KHTML, like Gecko) Chrome/138.0.7204.183 Mobile Safari/537.36 (compatible; Googlebot/2.1; +http://www.google.com/bot.html)"
66.249.74.134 - - [15/Aug/2025:12:05:34 +0200] "GET /vendor/rs-plugin/js/jquery.themepunch.plugins.min.js HTTP/1.1" 200 23968 "https://heyjoe-pomades.fr/index.htm" "Mozilla/5.0 (Linux; Android 6.0.1; Nexus 5X Build/MMB29P) AppleWebKit/537.36 (KHTML, like Gecko) Chrome/138.0.7204.183 Mobile Safari/537.36 (compatible; Googlebot/2.1; +http://www.google.com/bot.html)"
66.249.74.133 - - [15/Aug/2025:12:05:35 +0200] "GET /vendor/jquery.validate.js HTTP/1.1" 200 9995 "https://heyjoe-pomades.fr/index.htm" "Mozilla/5.0 (Linux; Android 6.0.1; Nexus 5X Build/MMB29P) AppleWebKit/537.36 (KHTML, like Gecko) Chrome/138.0.7204.183 Mobile Safari/537.36 (compatible; Googlebot/2.1; +http://www.google.com/bot.html)"
66.249.74.134 - - [15/Aug/2025:12:05:35 +0200] "GET /c=%22js/custom.js%22 HTTP/1.1" 404 691 "https://heyjoe-pomades.fr/index.htm" "Mozilla/5.0 (Linux; Android 6.0.1; Nexus 5X Build/MMB29P) AppleWebKit/537.36 (KHTML, like Gecko) Chrome/138.0.7204.183 Mobile Safari/537.36 (compatible; Googlebot/2.1; +http://www.google.com/bot.html)"
66.249.74.133 - - [15/Aug/2025:12:05:36 +0200] "GET /js/views/view.home.js HTTP/1.1" 200 1420 "https://heyjoe-pomades.fr/index.htm" "Mozilla/5.0 (Linux; Android 6.0.1; Nexus 5X Build/MMB29P) AppleWebKit/537.36 (KHTML, like Gecko) Chrome/138.0.7204.183 Mobile Safari/537.36 (compatible; Googlebot/2.1; +http://www.google.com/bot.html)"
217.113.194.57 - - [15/Aug/2025:12:05:38 +0200] "GET /poteries-persannes.htm HTTP/1.1" 304 3909 "-" "Mozilla/5.0 (compatible; Barkrowler/0.9; +https://babbar.tech/crawler)"
217.113.194.56 - - [15/Aug/2025:12:05:47 +0200] "GET /module-logistique-e-commerce.htm HTTP/1.1" 304 3909 "-" "Mozilla/5.0 (compatible; Barkrowler/0.9; +https://babbar.tech/crawler)"
217.113.194.61 - - [15/Aug/2025:12:06:07 +0200] "GET /logistique-e-commerce-design.htm HTTP/1.1" 304 3909 "-" "Mozilla/5.0 (compatible; Barkrowler/0.9; +https://babbar.tech/crawler)"
217.113.194.54 - - [15/Aug/2025:12:06:16 +0200] "GET /actualites-logistique-2017.htm HTTP/1.1" 304 3909 "-" "Mozilla/5.0 (compatible; Barkrowler/0.9; +https://babbar.tech/crawler)"
217.113.194.59 - - [15/Aug/2025:12:06:28 +0200] "GET /logistique-boutique-en-ligne.html HTTP/1.1" 304 3909 "-" "Mozilla/5.0 (compatible; Barkrowler/0.9; +https://babbar.tech/crawler)"
217.113.194.59 - - [15/Aug/2025:12:06:36 +0200] "GET /actualites-logistique-2013.htm HTTP/1.1" 304 3909 "-" "Mozilla/5.0 (compatible; Barkrowler/0.9; +https://babbar.tech/crawler)"
217.113.194.53 - - [15/Aug/2025:12:06:48 +0200] "GET /logistique-transport-yvelines.htm HTTP/1.1" 304 3909 "-" "Mozilla/5.0 (compatible; Barkrowler/0.9; +https://babbar.tech/crawler)"
154.54.249.198 - - [15/Aug/2025:12:06:56 +0200] "GET /actualites-logistique-2010.htm HTTP/1.1" 304 3909 "-" "Mozilla/5.0 (compatible; Barkrowler/0.9; +https://babbar.tech/crawler)"
217.113.194.54 - - [15/Aug/2025:12:07:09 +0200] "GET /tarif-logistique-e-commerce.htm HTTP/1.1" 304 3910 "-" "Mozilla/5.0 (compatible; Barkrowler/0.9; +https://babbar.tech/crawler)"
217.113.194.58 - - [15/Aug/2025:12:07:18 +0200] "GET /actualites-logistique-2016.htm HTTP/1.1" 304 3909 "-" "Mozilla/5.0 (compatible; Barkrowler/0.9; +https://babbar.tech/crawler)"
217.113.194.53 - - [15/Aug/2025:12:07:31 +0200] "GET /interface-client-logistique.htm HTTP/1.1" 304 3909 "-" "Mozilla/5.0 (compatible; Barkrowler/0.9; +https://babbar.tech/crawler)"
45.77.244.75 - - [15/Aug/2025:12:07:34 +0200] "GET / HTTP/1.1" 200 11553 "-" "Mozilla/5.0 (Macintosh; Intel Mac OS X 10_15_7) AppleWebKit/605.1.15 (KHTML, like Gecko) Version/17.1.1 Safari/605.1.15"
217.113.194.57 - - [15/Aug/2025:12:07:39 +0200] "GET /actualites-logistique-2012.htm HTTP/1.1" 304 3909 "-" "Mozilla/5.0 (compatible; Barkrowler/0.9; +https://babbar.tech/crawler)"
85.208.96.210 - - [15/Aug/2025:12:07:45 +0200] "GET /logisticien-specialiste-e-commerce.htm HTTP/1.1" 200 9272 "-" "Mozilla/5.0 (compatible; SemrushBot/7~bl; +http://www.semrush.com/bot.html)"
217.113.194.56 - - [15/Aug/2025:12:07:52 +0200] "GET /conseil-logistique-e-commerce.htm HTTP/1.1" 304 3909 "-" "Mozilla/5.0 (compatible; Barkrowler/0.9; +https://babbar.tech/crawler)"
217.113.194.61 - - [15/Aug/2025:12:08:03 +0200] "GET /actualites-logistique-2019.htm HTTP/1.1" 304 3910 "-" "Mozilla/5.0 (compatible; Barkrowler/0.9; +https://babbar.tech/crawler)"
51.222.253.9 - - [15/Aug/2025:12:08:05 +0200] "GET /robots.txt HTTP/1.1" 200 3942 "-" "Mozilla/5.0 (compatible; AhrefsBot/7.0; +http://ahrefs.com/robot/)"
54.36.148.44 - - [15/Aug/2025:12:08:06 +0200] "GET /logistique-transport-yvelines.htm HTTP/1.1" 304 3685 "-" "Mozilla/5.0 (compatible; AhrefsBot/7.0; +http://ahrefs.com/robot/)"
217.113.194.59 - - [15/Aug/2025:12:08:13 +0200] "GET /module-logistique-e-commerce.htm HTTP/1.1" 304 3909 "-" "Mozilla/5.0 (compatible; Barkrowler/0.9; +https://babbar.tech/crawler)"
217.113.194.59 - - [15/Aug/2025:12:08:25 +0200] "GET /plv-logistique-stockage.htm HTTP/1.1" 304 3909 "-" "Mozilla/5.0 (compatible; Barkrowler/0.9; +https://babbar.tech/crawler)"
217.113.194.213 - - [15/Aug/2025:12:08:33 +0200] "GET /actualites-logistique-2017.htm HTTP/1.1" 304 3909 "-" "Mozilla/5.0 (compatible; Barkrowler/0.9; +https://babbar.tech/crawler)"
217.113.194.61 - - [15/Aug/2025:12:08:45 +0200] "GET /logistique-decoupe-tissus.htm HTTP/1.1" 304 3909 "-" "Mozilla/5.0 (compatible; Barkrowler/0.9; +https://babbar.tech/crawler)"
154.54.249.198 - - [15/Aug/2025:12:08:54 +0200] "GET /actualites-logistique-2015.htm HTTP/1.1" 304 3909 "-" "Mozilla/5.0 (compatible; Barkrowler/0.9; +https://babbar.tech/crawler)"
217.113.194.55 - - [15/Aug/2025:12:09:06 +0200] "GET /logistique-achats-groupes.htm HTTP/1.1" 304 3909 "-" "Mozilla/5.0 (compatible; Barkrowler/0.9; +https://babbar.tech/crawler)"
217.113.194.61 - - [15/Aug/2025:12:09:17 +0200] "GET /actualites-logistique-2010.htm HTTP/1.1" 304 3909 "-" "Mozilla/5.0 (compatible; Barkrowler/0.9; +https://babbar.tech/crawler)"
217.113.194.53 - - [15/Aug/2025:12:09:27 +0200] "GET /envois-en-nombre-colis.htm HTTP/1.1" 304 3909 "-" "Mozilla/5.0 (compatible; Barkrowler/0.9; +https://babbar.tech/crawler)"
54.36.148.181 - - [15/Aug/2025:12:09:29 +0200] "GET /tarif-logistique-e-commerce.htm HTTP/1.1" 304 3686 "-" "Mozilla/5.0 (compatible; AhrefsBot/7.0; +http://ahrefs.com/robot/)"
217.113.194.59 - - [15/Aug/2025:12:09:36 +0200] "GET /actualites-logistique-2016.htm HTTP/1.1" 304 3909 "-" "Mozilla/5.0 (compatible; Barkrowler/0.9; +https://babbar.tech/crawler)"
217.113.194.55 - - [15/Aug/2025:12:09:46 +0200] "GET /devis-logistique-e-commerce.htm HTTP/1.1" 304 3909 "-" "Mozilla/5.0 (compatible; Barkrowler/0.9; +https://babbar.tech/crawler)"
217.113.194.213 - - [15/Aug/2025:12:09:57 +0200] "GET /actualites-logistique-2019.htm HTTP/1.1" 304 3910 "-" "Mozilla/5.0 (compatible; Barkrowler/0.9; +https://babbar.tech/crawler)"
217.113.194.54 - - [15/Aug/2025:12:10:07 +0200] "GET /logistique-e-commerce-marketplace.htm HTTP/1.1" 304 3909 "-" "Mozilla/5.0 (compatible; Barkrowler/0.9; +https://babbar.tech/crawler)"
217.113.194.59 - - [15/Aug/2025:12:10:17 +0200] "GET /ita/logistica-francia-prodotti.htm HTTP/1.1" 304 3909 "-" "Mozilla/5.0 (compatible; Barkrowler/0.9; +https://babbar.tech/crawler)"
217.113.194.58 - - [15/Aug/2025:12:10:27 +0200] "GET /logistique-envois-en-nombre.htm HTTP/1.1" 304 3909 "-" "Mozilla/5.0 (compatible; Barkrowler/0.9; +https://babbar.tech/crawler)"
217.113.194.54 - - [15/Aug/2025:12:10:39 +0200] "GET /stockage-logistique-e-commerce.htm HTTP/1.1" 304 3909 "-" "Mozilla/5.0 (compatible; Barkrowler/0.9; +https://babbar.tech/crawler)"
217.113.194.56 - - [15/Aug/2025:12:10:51 +0200] "GET /prestataire-logistique-e-commerce.htm HTTP/1.1" 304 3909 "-" "Mozilla/5.0 (compatible; Barkrowler/0.9; +https://babbar.tech/crawler)"
154.54.249.198 - - [15/Aug/2025:12:11:00 +0200] "GET /logistique-decoupe-tissus.htm HTTP/1.1" 304 3909 "-" "Mozilla/5.0 (compatible; Barkrowler/0.9; +https://babbar.tech/crawler)"
217.113.194.61 - - [15/Aug/2025:12:11:12 +0200] "GET /logistique-e-commerce-hight-tech.htm HTTP/1.1" 304 3909 "-" "Mozilla/5.0 (compatible; Barkrowler/0.9; +https://babbar.tech/crawler)"
103.8.27.27 - - [15/Aug/2025:12:11:19 +0200] "GET /.env HTTP/1.1" 404 3633 "-" "Mozilla/5.0 (X11; Linux x86_64)"
103.8.27.27 - - [15/Aug/2025:12:11:19 +0200] "GET /.env HTTP/1.1" 404 3637 "-" "Mozilla/5.0 (X11; Linux x86_64)"
217.113.194.60 - - [15/Aug/2025:12:11:21 +0200] "GET /logistique-pour-un-e-shop.html HTTP/1.1" 304 3909 "-" "Mozilla/5.0 (compatible; Barkrowler/0.9; +https://babbar.tech/crawler)"
217.113.194.59 - - [15/Aug/2025:12:11:32 +0200] "GET /logistique-plv-marketing-distribution.htm HTTP/1.1" 304 3909 "-" "Mozilla/5.0 (compatible; Barkrowler/0.9; +https://babbar.tech/crawler)"
217.113.194.213 - - [15/Aug/2025:12:11:42 +0200] "GET /logistique-e-commerce-luxe.htm HTTP/1.1" 304 3909 "-" "Mozilla/5.0 (compatible; Barkrowler/0.9; +https://babbar.tech/crawler)"
43.153.123.4 - - [15/Aug/2025:12:12:02 +0200] "GET /" 404 684 "-" "-"
217.113.194.61 - - [15/Aug/2025:12:12:03 +0200] "GET /logistique-agences-communication.htm HTTP/1.1" 304 3909 "-" "Mozilla/5.0 (compatible; Barkrowler/0.9; +https://babbar.tech/crawler)"
217.113.194.59 - - [15/Aug/2025:12:12:24 +0200] "GET /logistique-distribution-chaussures.htm HTTP/1.1" 304 3909 "-" "Mozilla/5.0 (compatible; Barkrowler/0.9; +https://babbar.tech/crawler)"
217.113.194.59 - - [15/Aug/2025:12:12:46 +0200] "GET /logistique-distribution-presse.htm HTTP/1.1" 304 3909 "-" "Mozilla/5.0 (compatible; Barkrowler/0.9; +https://babbar.tech/crawler)"
217.113.194.58 - - [15/Aug/2025:12:13:07 +0200] "GET /logisticien-boutique-en-ligne.htm HTTP/1.1" 304 3909 "-" "Mozilla/5.0 (compatible; Barkrowler/0.9; +https://babbar.tech/crawler)"
217.113.194.58 - - [15/Aug/2025:12:13:27 +0200] "GET /logistique-parapharmacie.htm HTTP/1.1" 304 3909 "-" "Mozilla/5.0 (compatible; Barkrowler/0.9; +https://babbar.tech/crawler)"
154.54.249.198 - - [15/Aug/2025:12:13:48 +0200] "GET /logistique-site-e-commerce.htm HTTP/1.1" 304 3909 "-" "Mozilla/5.0 (compatible; Barkrowler/0.9; +https://babbar.tech/crawler)"
217.113.194.58 - - [15/Aug/2025:12:14:07 +0200] "GET /devis-logistique-e-commerce.htm HTTP/1.1" 304 3909 "-" "Mozilla/5.0 (compatible; Barkrowler/0.9; +https://babbar.tech/crawler)"
185.191.171.3 - - [15/Aug/2025:12:14:24 +0200] "GET /robots.txt HTTP/1.1" 200 3736 "-" "Mozilla/5.0 (compatible; SemrushBot/7~bl; +http://www.semrush.com/bot.html)"
185.191.171.18 - - [15/Aug/2025:12:14:25 +0200] "GET /ita/logistica-francia-prodotti.htm HTTP/1.1" 200 7880 "-" "Mozilla/5.0 (compatible; SemrushBot/7~bl; +http://www.semrush.com/bot.html)"
217.113.194.59 - - [15/Aug/2025:12:14:28 +0200] "GET /preparation-commande-e-commerce.htm HTTP/1.1" 304 3909 "-" "Mozilla/5.0 (compatible; Barkrowler/0.9; +https://babbar.tech/crawler)"
217.113.194.56 - - [15/Aug/2025:12:14:52 +0200] "GET /actualites-logistique-2020.htm HTTP/1.1" 304 3910 "-" "Mozilla/5.0 (compatible; Barkrowler/0.9; +https://babbar.tech/crawler)"
217.113.194.59 - - [15/Aug/2025:12:15:13 +0200] "GET /vente-en-ligne-logistique-e-commerce.htm HTTP/1.1" 304 3910 "-" "Mozilla/5.0 (compatible; Barkrowler/0.9; +https://babbar.tech/crawler)"
185.191.171.19 - - [15/Aug/2025:12:15:22 +0200] "GET /logistique-pour-le-e-commerce-pret-a-porter.htm HTTP/1.1" 200 9144 "-" "Mozilla/5.0 (compatible; SemrushBot/7~bl; +http://www.semrush.com/bot.html)"
217.113.194.55 - - [15/Aug/2025:12:15:34 +0200] "GET /vente-privee-polo-de-deauville.htm HTTP/1.1" 304 3909 "-" "Mozilla/5.0 (compatible; Barkrowler/0.9; +https://babbar.tech/crawler)"
217.113.194.61 - - [15/Aug/2025:12:15:52 +0200] "GET /externalisation-logistique-e-commerce.htm HTTP/1.1" 304 3909 "-" "Mozilla/5.0 (compatible; Barkrowler/0.9; +https://babbar.tech/crawler)"
217.113.194.60 - - [15/Aug/2025:12:16:12 +0200] "GET /logistique-e-commerce-marketplace.htm HTTP/1.1" 304 3909 "-" "Mozilla/5.0 (compatible; Barkrowler/0.9; +https://babbar.tech/crawler)"
217.113.194.53 - - [15/Aug/2025:12:16:30 +0200] "GET /logistique-e-commerce-cosmetique.html HTTP/1.1" 304 3909 "-" "Mozilla/5.0 (compatible; Barkrowler/0.9; +https://babbar.tech/crawler)"
217.113.194.60 - - [15/Aug/2025:12:16:49 +0200] "GET /entreprise-logistique-e-commerce.htm HTTP/1.1" 304 3909 "-" "Mozilla/5.0 (compatible; Barkrowler/0.9; +https://babbar.tech/crawler)"
217.113.194.213 - - [15/Aug/2025:12:17:08 +0200] "GET /interface-informatique-logistique.htm HTTP/1.1" 304 3909 "-" "Mozilla/5.0 (compatible; Barkrowler/0.9; +https://babbar.tech/crawler)"
217.113.194.56 - - [15/Aug/2025:12:17:27 +0200] "GET /ita/logistica-ecommerce-francia.htm HTTP/1.1" 304 3909 "-" "Mozilla/5.0 (compatible; Barkrowler/0.9; +https://babbar.tech/crawler)"
85.208.96.205 - - [15/Aug/2025:12:17:45 +0200] "GET /robots.txt HTTP/1.1" 200 3720 "-" "Mozilla/5.0 (compatible; SemrushBot/7~bl; +http://www.semrush.com/bot.html)"
85.208.96.193 - - [15/Aug/2025:12:17:46 +0200] "GET /logisticien-marque-cosmetique.htm HTTP/1.1" 200 9272 "-" "Mozilla/5.0 (compatible; SemrushBot/7~bl; +http://www.semrush.com/bot.html)"
217.113.194.214 - - [15/Aug/2025:12:17:47 +0200] "GET /plateforme-logistique-e-commerce.htm HTTP/1.1" 304 3909 "-" "Mozilla/5.0 (compatible; Barkrowler/0.9; +https://babbar.tech/crawler)"
170.106.180.153 - - [15/Aug/2025:12:17:58 +0200] "GET /logistique-e-commerce-mode-made-in-france.htm HTTP/1.1" 200 8959 "-" "Mozilla/5.0 (iPhone; CPU iPhone OS 13_2_3 like Mac OS X) AppleWebKit/605.1.15 (KHTML, like Gecko) Version/13.0.3 Mobile/15E148 Safari/604.1"
217.113.194.52 - - [15/Aug/2025:12:18:09 +0200] "GET /logistique-e-commerce-mode-decoration.htm HTTP/1.1" 304 3909 "-" "Mozilla/5.0 (compatible; Barkrowler/0.9; +https://babbar.tech/crawler)"
217.113.194.61 - - [15/Aug/2025:12:18:32 +0200] "GET /ita/la-logistica-in-francia.htm HTTP/1.1" 304 3909 "-" "Mozilla/5.0 (compatible; Barkrowler/0.9; +https://babbar.tech/crawler)"
54.36.148.99 - - [15/Aug/2025:12:18:36 +0200] "GET /logistique-jeux-jouets.htm HTTP/1.1" 304 3685 "-" "Mozilla/5.0 (compatible; AhrefsBot/7.0; +http://ahrefs.com/robot/)"
