206.204.47.105 - - [28/Aug/2025:23:01:28 +0200] "GET /vendor/jquery.js HTTP/1.1" 200 33955 "https://occasion-retro86.fr/prestataire-logistique-e-commerce-web.htm" "Mozilla/5.0 (X11; Linux x86_64) AppleWebKit/537.36 (KHTML, like Gecko) HeadlessChrome/106.0.5249.30 Safari/537.36"
213.188.85.53 - - [28/Aug/2025:23:01:28 +0200] "GET /vendor/magnific-popup/magnific-popup.js HTTP/1.1" 200 8089 "https://occasion-retro86.fr/services-logistiques.htm" "Mozilla/5.0 (X11; Linux x86_64) AppleWebKit/537.36 (KHTML, like Gecko) HeadlessChrome/106.0.5249.30 Safari/537.36"
152.39.191.43 - - [28/Aug/2025:23:01:28 +0200] "GET /vendor/jquery.validate.js HTTP/1.1" 200 6830 "https://occasion-retro86.fr/logistique-e-commerce.htm" "Mozilla/5.0 (X11; Linux x86_64) AppleWebKit/537.36 (KHTML, like Gecko) HeadlessChrome/106.0.5249.30 Safari/537.36"
152.39.241.225 - - [28/Aug/2025:23:01:28 +0200] "GET /vendor/magnific-popup/magnific-popup.js HTTP/1.1" 200 8234 "https://occasion-retro86.fr/logistique-e-commerce.htm" "Mozilla/5.0 (X11; Linux x86_64) AppleWebKit/537.36 (KHTML, like Gecko) HeadlessChrome/106.0.5249.30 Safari/537.36"
206.204.59.195 - - [28/Aug/2025:23:01:28 +0200] "GET /js/theme.js HTTP/1.1" 200 5262 "https://occasion-retro86.fr/services-logistiques.htm" "Mozilla/5.0 (X11; Linux x86_64) AppleWebKit/537.36 (KHTML, like Gecko) HeadlessChrome/106.0.5249.30 Safari/537.36"
93.115.13.102 - - [28/Aug/2025:23:01:28 +0200] "GET /vendor/jquery.validate.js HTTP/1.1" 200 6830 "https://occasion-retro86.fr/services-logistiques.htm" "Mozilla/5.0 (X11; Linux x86_64) AppleWebKit/537.36 (KHTML, like Gecko) HeadlessChrome/106.0.5249.30 Safari/537.36"
216.194.83.88 - - [28/Aug/2025:23:01:28 +0200] "GET /js/custom.js HTTP/1.1" 200 525 "https://occasion-retro86.fr/services-logistiques.htm" "Mozilla/5.0 (X11; Linux x86_64) AppleWebKit/537.36 (KHTML, like Gecko) HeadlessChrome/106.0.5249.30 Safari/537.36"
173.254.241.195 - - [28/Aug/2025:23:01:28 +0200] "GET /js/theme.js HTTP/1.1" 200 5262 "https://occasion-retro86.fr/logistique-e-commerce.htm" "Mozilla/5.0 (X11; Linux x86_64) AppleWebKit/537.36 (KHTML, like Gecko) HeadlessChrome/106.0.5249.30 Safari/537.36"
152.39.191.43 - - [28/Aug/2025:23:01:28 +0200] "GET /js/custom.js HTTP/1.1" 200 525 "https://occasion-retro86.fr/logistique-e-commerce.htm" "Mozilla/5.0 (X11; Linux x86_64) AppleWebKit/537.36 (KHTML, like Gecko) HeadlessChrome/106.0.5249.30 Safari/537.36"
206.204.47.105 - - [28/Aug/2025:23:01:28 +0200] "GET /vendor/jquery.appear.js HTTP/1.1" 200 1140 "https://occasion-retro86.fr/prestataire-logistique-e-commerce-web.htm" "Mozilla/5.0 (X11; Linux x86_64) AppleWebKit/537.36 (KHTML, like Gecko) HeadlessChrome/106.0.5249.30 Safari/537.36"
206.204.47.105 - - [28/Aug/2025:23:01:28 +0200] "GET /js/plugins.js HTTP/1.1" 200 5468 "https://occasion-retro86.fr/prestataire-logistique-e-commerce-web.htm" "Mozilla/5.0 (X11; Linux x86_64) AppleWebKit/537.36 (KHTML, like Gecko) HeadlessChrome/106.0.5249.30 Safari/537.36"
206.204.47.105 - - [28/Aug/2025:23:01:29 +0200] "GET /vendor/jquery.easing.js HTTP/1.1" 200 1291 "https://occasion-retro86.fr/prestataire-logistique-e-commerce-web.htm" "Mozilla/5.0 (X11; Linux x86_64) AppleWebKit/537.36 (KHTML, like Gecko) HeadlessChrome/106.0.5249.30 Safari/537.36"
161.123.83.65 - - [28/Aug/2025:23:01:29 +0200] "GET /vendor/twitterjs/twitter.js HTTP/1.1" 200 2060 "https://occasion-retro86.fr/prestataire-logistique-e-commerce-web.htm" "Mozilla/5.0 (X11; Linux x86_64) AppleWebKit/537.36 (KHTML, like Gecko) HeadlessChrome/106.0.5249.30 Safari/537.36"
119.13.204.78 - - [28/Aug/2025:23:01:29 +0200] "GET /vendor/bootstrap.js HTTP/1.1" 200 8232 "https://occasion-retro86.fr/prestataire-logistique-e-commerce-web.htm" "Mozilla/5.0 (X11; Linux x86_64) AppleWebKit/537.36 (KHTML, like Gecko) HeadlessChrome/106.0.5249.30 Safari/537.36"
161.129.164.23 - - [28/Aug/2025:23:01:29 +0200] "GET /vendor/jquery.cookie.js HTTP/1.1" 200 1385 "https://occasion-retro86.fr/prestataire-logistique-e-commerce-web.htm" "Mozilla/5.0 (X11; Linux x86_64) AppleWebKit/537.36 (KHTML, like Gecko) HeadlessChrome/106.0.5249.30 Safari/537.36"
206.204.47.105 - - [28/Aug/2025:23:01:29 +0200] "GET /vendor/owl-carousel/owl.carousel.js HTTP/1.1" 200 7389 "https://occasion-retro86.fr/prestataire-logistique-e-commerce-web.htm" "Mozilla/5.0 (X11; Linux x86_64) AppleWebKit/537.36 (KHTML, like Gecko) HeadlessChrome/106.0.5249.30 Safari/537.36"
161.123.172.253 - - [28/Aug/2025:23:01:29 +0200] "GET /vendor/magnific-popup/magnific-popup.js HTTP/1.1" 200 8234 "https://occasion-retro86.fr/prestataire-logistique-e-commerce-web.htm" "Mozilla/5.0 (X11; Linux x86_64) AppleWebKit/537.36 (KHTML, like Gecko) HeadlessChrome/106.0.5249.30 Safari/537.36"
161.129.164.23 - - [28/Aug/2025:23:01:29 +0200] "GET /js/theme.js HTTP/1.1" 200 5262 "https://occasion-retro86.fr/prestataire-logistique-e-commerce-web.htm" "Mozilla/5.0 (X11; Linux x86_64) AppleWebKit/537.36 (KHTML, like Gecko) HeadlessChrome/106.0.5249.30 Safari/537.36"
119.13.204.78 - - [28/Aug/2025:23:01:29 +0200] "GET /js/custom.js HTTP/1.1" 200 525 "https://occasion-retro86.fr/prestataire-logistique-e-commerce-web.htm" "Mozilla/5.0 (X11; Linux x86_64) AppleWebKit/537.36 (KHTML, like Gecko) HeadlessChrome/106.0.5249.30 Safari/537.36"
161.123.83.65 - - [28/Aug/2025:23:01:29 +0200] "GET /vendor/jquery.validate.js HTTP/1.1" 200 6830 "https://occasion-retro86.fr/prestataire-logistique-e-commerce-web.htm" "Mozilla/5.0 (X11; Linux x86_64) AppleWebKit/537.36 (KHTML, like Gecko) HeadlessChrome/106.0.5249.30 Safari/537.36"
3.91.60.138 - - [28/Aug/2025:23:01:29 +0200] "GET /presse-actualites-logistique.htm HTTP/1.1" 304 3678 "-" "Mozilla/5.0/Firefox/42.0 - nbertaupete95(at)gmail.com"
217.113.196.87 - - [28/Aug/2025:23:01:34 +0200] "GET /logistique-e_commercant-e_commerce.htm HTTP/1.1" 200 9904 "-" "Mozilla/5.0 (compatible; IbouBot/1.0; +bot@ibou.io; +https://ibou.io/iboubot.html)"
217.113.196.65 - - [28/Aug/2025:23:01:50 +0200] "GET /logistique-edition-diffuseur-livres.htm HTTP/1.1" 304 3909 "-" "Mozilla/5.0 (compatible; IbouBot/1.0; +bot@ibou.io; +https://ibou.io/iboubot.html)"
209.95.169.57 - - [28/Aug/2025:23:01:53 +0200] "GET /logistique-co-packing.htm HTTP/1.1" 200 7899 "-" "Mozilla/5.0 (X11; Linux x86_64) AppleWebKit/537.36 (KHTML, like Gecko) HeadlessChrome/106.0.5249.30 Safari/537.36"
213.188.81.117 - - [28/Aug/2025:23:01:53 +0200] "GET /ecommerce-logistique.htm HTTP/1.1" 200 8770 "-" "Mozilla/5.0 (X11; Linux x86_64) AppleWebKit/537.36 (KHTML, like Gecko) HeadlessChrome/106.0.5249.30 Safari/537.36"
209.95.169.57 - - [28/Aug/2025:23:01:53 +0200] "GET /vendor/modernizr.js HTTP/1.1" 200 4644 "https://occasion-retro86.fr/logistique-co-packing.htm" "Mozilla/5.0 (X11; Linux x86_64) AppleWebKit/537.36 (KHTML, like Gecko) HeadlessChrome/106.0.5249.30 Safari/537.36"
119.12.197.92 - - [28/Aug/2025:23:01:53 +0200] "GET /stockage-privatif-sos-stockage.htm HTTP/1.1" 200 8154 "-" "Mozilla/5.0 (X11; Linux x86_64) AppleWebKit/537.36 (KHTML, like Gecko) HeadlessChrome/106.0.5249.30 Safari/537.36"
46.232.209.103 - - [28/Aug/2025:23:01:53 +0200] "GET /stockage-logistique-e-commerce.htm HTTP/1.1" 200 10551 "-" "Mozilla/5.0 (X11; Linux x86_64) AppleWebKit/537.36 (KHTML, like Gecko) HeadlessChrome/106.0.5249.30 Safari/537.36"
209.95.169.57 - - [28/Aug/2025:23:01:53 +0200] "GET /vendor/jquery.js HTTP/1.1" 200 33955 "https://occasion-retro86.fr/logistique-co-packing.htm" "Mozilla/5.0 (X11; Linux x86_64) AppleWebKit/537.36 (KHTML, like Gecko) HeadlessChrome/106.0.5249.30 Safari/537.36"
152.39.213.182 - - [28/Aug/2025:23:01:53 +0200] "GET /e-commerce-logistique.htm HTTP/1.1" 200 9525 "-" "Mozilla/5.0 (X11; Linux x86_64) AppleWebKit/537.36 (KHTML, like Gecko) HeadlessChrome/106.0.5249.30 Safari/537.36"
213.188.81.117 - - [28/Aug/2025:23:01:53 +0200] "GET /vendor/modernizr.js HTTP/1.1" 200 4644 "https://occasion-retro86.fr/ecommerce-logistique.htm" "Mozilla/5.0 (X11; Linux x86_64) AppleWebKit/537.36 (KHTML, like Gecko) HeadlessChrome/106.0.5249.30 Safari/537.36"
119.12.197.92 - - [28/Aug/2025:23:01:53 +0200] "GET /vendor/modernizr.js HTTP/1.1" 200 4644 "https://occasion-retro86.fr/stockage-privatif-sos-stockage.htm" "Mozilla/5.0 (X11; Linux x86_64) AppleWebKit/537.36 (KHTML, like Gecko) HeadlessChrome/106.0.5249.30 Safari/537.36"
46.232.209.103 - - [28/Aug/2025:23:01:53 +0200] "GET /vendor/modernizr.js HTTP/1.1" 200 4644 "https://occasion-retro86.fr/stockage-logistique-e-commerce.htm" "Mozilla/5.0 (X11; Linux x86_64) AppleWebKit/537.36 (KHTML, like Gecko) HeadlessChrome/106.0.5249.30 Safari/537.36"
91.92.179.113 - - [28/Aug/2025:23:01:53 +0200] "GET /location-bureaux-yvelines-versailles.htm HTTP/1.1" 200 8097 "-" "Mozilla/5.0 (X11; Linux x86_64) AppleWebKit/537.36 (KHTML, like Gecko) HeadlessChrome/106.0.5249.30 Safari/537.36"
209.95.169.57 - - [28/Aug/2025:23:01:53 +0200] "GET /js/plugins.js HTTP/1.1" 200 5468 "https://occasion-retro86.fr/logistique-co-packing.htm" "Mozilla/5.0 (X11; Linux x86_64) AppleWebKit/537.36 (KHTML, like Gecko) HeadlessChrome/106.0.5249.30 Safari/537.36"
152.39.171.203 - - [28/Aug/2025:23:01:53 +0200] "GET /logistique-e-commerce-personnalisation-des-envois.htm HTTP/1.1" 200 9069 "-" "Mozilla/5.0 (X11; Linux x86_64) AppleWebKit/537.36 (KHTML, like Gecko) HeadlessChrome/106.0.5249.30 Safari/537.36"
180.149.22.84 - - [28/Aug/2025:23:01:53 +0200] "GET /devis-logistique-e-commerce.htm HTTP/1.1" 200 9236 "-" "Mozilla/5.0 (X11; Linux x86_64) AppleWebKit/537.36 (KHTML, like Gecko) HeadlessChrome/106.0.5249.30 Safari/537.36"
213.188.81.117 - - [28/Aug/2025:23:01:53 +0200] "GET /vendor/jquery.js HTTP/1.1" 200 33955 "https://occasion-retro86.fr/ecommerce-logistique.htm" "Mozilla/5.0 (X11; Linux x86_64) AppleWebKit/537.36 (KHTML, like Gecko) HeadlessChrome/106.0.5249.30 Safari/537.36"
209.95.169.57 - - [28/Aug/2025:23:01:53 +0200] "GET /vendor/jquery.easing.js HTTP/1.1" 200 1291 "https://occasion-retro86.fr/logistique-co-packing.htm" "Mozilla/5.0 (X11; Linux x86_64) AppleWebKit/537.36 (KHTML, like Gecko) HeadlessChrome/106.0.5249.30 Safari/537.36"
119.12.197.92 - - [28/Aug/2025:23:01:53 +0200] "GET /vendor/jquery.js HTTP/1.1" 200 33955 "https://occasion-retro86.fr/stockage-privatif-sos-stockage.htm" "Mozilla/5.0 (X11; Linux x86_64) AppleWebKit/537.36 (KHTML, like Gecko) HeadlessChrome/106.0.5249.30 Safari/537.36"
46.232.209.103 - - [28/Aug/2025:23:01:53 +0200] "GET /vendor/jquery.js HTTP/1.1" 200 33955 "https://occasion-retro86.fr/stockage-logistique-e-commerce.htm" "Mozilla/5.0 (X11; Linux x86_64) AppleWebKit/537.36 (KHTML, like Gecko) HeadlessChrome/106.0.5249.30 Safari/537.36"
209.95.169.57 - - [28/Aug/2025:23:01:53 +0200] "GET /vendor/jquery.cookie.js HTTP/1.1" 200 1240 "https://occasion-retro86.fr/logistique-co-packing.htm" "Mozilla/5.0 (X11; Linux x86_64) AppleWebKit/537.36 (KHTML, like Gecko) HeadlessChrome/106.0.5249.30 Safari/537.36"
152.39.171.203 - - [28/Aug/2025:23:01:53 +0200] "GET /vendor/modernizr.js HTTP/1.1" 200 4644 "https://occasion-retro86.fr/logistique-e-commerce-personnalisation-des-envois.htm" "Mozilla/5.0 (X11; Linux x86_64) AppleWebKit/537.36 (KHTML, like Gecko) HeadlessChrome/106.0.5249.30 Safari/537.36"
152.39.213.182 - - [28/Aug/2025:23:01:54 +0200] "GET /vendor/modernizr.js HTTP/1.1" 200 4644 "https://occasion-retro86.fr/e-commerce-logistique.htm" "Mozilla/5.0 (X11; Linux x86_64) AppleWebKit/537.36 (KHTML, like Gecko) HeadlessChrome/106.0.5249.30 Safari/537.36"
119.12.198.183 - - [28/Aug/2025:23:01:54 +0200] "GET /tarif-logistique-e-commerce.htm HTTP/1.1" 200 12352 "-" "Mozilla/5.0 (X11; Linux x86_64) AppleWebKit/537.36 (KHTML, like Gecko) HeadlessChrome/106.0.5249.30 Safari/537.36"
209.95.169.57 - - [28/Aug/2025:23:01:54 +0200] "GET /vendor/bootstrap.js HTTP/1.1" 200 8087 "https://occasion-retro86.fr/logistique-co-packing.htm" "Mozilla/5.0 (X11; Linux x86_64) AppleWebKit/537.36 (KHTML, like Gecko) HeadlessChrome/106.0.5249.30 Safari/537.36"
213.188.81.117 - - [28/Aug/2025:23:01:54 +0200] "GET /js/plugins.js HTTP/1.1" 200 5468 "https://occasion-retro86.fr/ecommerce-logistique.htm" "Mozilla/5.0 (X11; Linux x86_64) AppleWebKit/537.36 (KHTML, like Gecko) HeadlessChrome/106.0.5249.30 Safari/537.36"
180.149.22.84 - - [28/Aug/2025:23:01:54 +0200] "GET /vendor/modernizr.js HTTP/1.1" 200 4644 "https://occasion-retro86.fr/devis-logistique-e-commerce.htm" "Mozilla/5.0 (X11; Linux x86_64) AppleWebKit/537.36 (KHTML, like Gecko) HeadlessChrome/106.0.5249.30 Safari/537.36"
152.39.171.203 - - [28/Aug/2025:23:01:54 +0200] "GET /vendor/jquery.js HTTP/1.1" 200 33955 "https://occasion-retro86.fr/logistique-e-commerce-personnalisation-des-envois.htm" "Mozilla/5.0 (X11; Linux x86_64) AppleWebKit/537.36 (KHTML, like Gecko) HeadlessChrome/106.0.5249.30 Safari/537.36"
209.95.169.57 - - [28/Aug/2025:23:01:54 +0200] "GET /vendor/twitterjs/twitter.js HTTP/1.1" 200 1915 "https://occasion-retro86.fr/logistique-co-packing.htm" "Mozilla/5.0 (X11; Linux x86_64) AppleWebKit/537.36 (KHTML, like Gecko) HeadlessChrome/106.0.5249.30 Safari/537.36"
91.92.179.113 - - [28/Aug/2025:23:01:54 +0200] "GET /vendor/modernizr.js HTTP/1.1" 200 4644 "https://occasion-retro86.fr/location-bureaux-yvelines-versailles.htm" "Mozilla/5.0 (X11; Linux x86_64) AppleWebKit/537.36 (KHTML, like Gecko) HeadlessChrome/106.0.5249.30 Safari/537.36"
213.188.81.117 - - [28/Aug/2025:23:01:54 +0200] "GET /vendor/jquery.easing.js HTTP/1.1" 200 1291 "https://occasion-retro86.fr/ecommerce-logistique.htm" "Mozilla/5.0 (X11; Linux x86_64) AppleWebKit/537.36 (KHTML, like Gecko) HeadlessChrome/106.0.5249.30 Safari/537.36"
152.39.213.182 - - [28/Aug/2025:23:01:54 +0200] "GET /vendor/jquery.js HTTP/1.1" 200 33955 "https://occasion-retro86.fr/e-commerce-logistique.htm" "Mozilla/5.0 (X11; Linux x86_64) AppleWebKit/537.36 (KHTML, like Gecko) HeadlessChrome/106.0.5249.30 Safari/537.36"
152.39.250.34 - - [28/Aug/2025:23:01:54 +0200] "GET /interface-client-logistique.htm HTTP/1.1" 200 8115 "-" "Mozilla/5.0 (X11; Linux x86_64) AppleWebKit/537.36 (KHTML, like Gecko) HeadlessChrome/106.0.5249.30 Safari/537.36"
209.95.169.57 - - [28/Aug/2025:23:01:54 +0200] "GET /vendor/owl-carousel/owl.carousel.js HTTP/1.1" 200 7389 "https://occasion-retro86.fr/logistique-co-packing.htm" "Mozilla/5.0 (X11; Linux x86_64) AppleWebKit/537.36 (KHTML, like Gecko) HeadlessChrome/106.0.5249.30 Safari/537.36"
180.149.22.84 - - [28/Aug/2025:23:01:54 +0200] "GET /vendor/jquery.js HTTP/1.1" 200 33955 "https://occasion-retro86.fr/devis-logistique-e-commerce.htm" "Mozilla/5.0 (X11; Linux x86_64) AppleWebKit/537.36 (KHTML, like Gecko) HeadlessChrome/106.0.5249.30 Safari/537.36"
213.188.81.117 - - [28/Aug/2025:23:01:54 +0200] "GET /vendor/jquery.appear.js HTTP/1.1" 200 1140 "https://occasion-retro86.fr/ecommerce-logistique.htm" "Mozilla/5.0 (X11; Linux x86_64) AppleWebKit/537.36 (KHTML, like Gecko) HeadlessChrome/106.0.5249.30 Safari/537.36"
209.95.169.57 - - [28/Aug/2025:23:01:54 +0200] "GET /vendor/jquery.appear.js HTTP/1.1" 200 1140 "https://occasion-retro86.fr/logistique-co-packing.htm" "Mozilla/5.0 (X11; Linux x86_64) AppleWebKit/537.36 (KHTML, like Gecko) HeadlessChrome/106.0.5249.30 Safari/537.36"
119.12.198.183 - - [28/Aug/2025:23:01:54 +0200] "GET /vendor/modernizr.js HTTP/1.1" 200 4644 "https://occasion-retro86.fr/tarif-logistique-e-commerce.htm" "Mozilla/5.0 (X11; Linux x86_64) AppleWebKit/537.36 (KHTML, like Gecko) HeadlessChrome/106.0.5249.30 Safari/537.36"
46.232.209.103 - - [28/Aug/2025:23:01:54 +0200] "GET /js/plugins.js HTTP/1.1" 200 5468 "https://occasion-retro86.fr/stockage-logistique-e-commerce.htm" "Mozilla/5.0 (X11; Linux x86_64) AppleWebKit/537.36 (KHTML, like Gecko) HeadlessChrome/106.0.5249.30 Safari/537.36"
119.12.197.92 - - [28/Aug/2025:23:01:54 +0200] "GET /js/plugins.js HTTP/1.1" 200 5468 "https://occasion-retro86.fr/stockage-privatif-sos-stockage.htm" "Mozilla/5.0 (X11; Linux x86_64) AppleWebKit/537.36 (KHTML, like Gecko) HeadlessChrome/106.0.5249.30 Safari/537.36"
213.188.81.117 - - [28/Aug/2025:23:01:54 +0200] "GET /vendor/jquery.cookie.js HTTP/1.1" 200 1240 "https://occasion-retro86.fr/ecommerce-logistique.htm" "Mozilla/5.0 (X11; Linux x86_64) AppleWebKit/537.36 (KHTML, like Gecko) HeadlessChrome/106.0.5249.30 Safari/537.36"
213.188.65.141 - - [28/Aug/2025:23:01:54 +0200] "GET /prestataire-logistique-e-commerce.htm HTTP/1.1" 200 9968 "-" "Mozilla/5.0 (X11; Linux x86_64) AppleWebKit/537.36 (KHTML, like Gecko) HeadlessChrome/106.0.5249.30 Safari/537.36"
91.92.179.113 - - [28/Aug/2025:23:01:54 +0200] "GET /vendor/jquery.js HTTP/1.1" 200 33955 "https://occasion-retro86.fr/location-bureaux-yvelines-versailles.htm" "Mozilla/5.0 (X11; Linux x86_64) AppleWebKit/537.36 (KHTML, like Gecko) HeadlessChrome/106.0.5249.30 Safari/537.36"
209.95.169.57 - - [28/Aug/2025:23:01:54 +0200] "GET /vendor/magnific-popup/magnific-popup.js HTTP/1.1" 200 8089 "https://occasion-retro86.fr/logistique-co-packing.htm" "Mozilla/5.0 (X11; Linux x86_64) AppleWebKit/537.36 (KHTML, like Gecko) HeadlessChrome/106.0.5249.30 Safari/537.36"
152.39.171.203 - - [28/Aug/2025:23:01:54 +0200] "GET /js/plugins.js HTTP/1.1" 200 5468 "https://occasion-retro86.fr/logistique-e-commerce-personnalisation-des-envois.htm" "Mozilla/5.0 (X11; Linux x86_64) AppleWebKit/537.36 (KHTML, like Gecko) HeadlessChrome/106.0.5249.30 Safari/537.36"
119.12.198.183 - - [28/Aug/2025:23:01:54 +0200] "GET /vendor/jquery.js HTTP/1.1" 200 33955 "https://occasion-retro86.fr/tarif-logistique-e-commerce.htm" "Mozilla/5.0 (X11; Linux x86_64) AppleWebKit/537.36 (KHTML, like Gecko) HeadlessChrome/106.0.5249.30 Safari/537.36"
46.232.209.103 - - [28/Aug/2025:23:01:54 +0200] "GET /vendor/jquery.easing.js HTTP/1.1" 200 1291 "https://occasion-retro86.fr/stockage-logistique-e-commerce.htm" "Mozilla/5.0 (X11; Linux x86_64) AppleWebKit/537.36 (KHTML, like Gecko) HeadlessChrome/106.0.5249.30 Safari/537.36"
119.12.197.92 - - [28/Aug/2025:23:01:54 +0200] "GET /vendor/jquery.easing.js HTTP/1.1" 200 1291 "https://occasion-retro86.fr/stockage-privatif-sos-stockage.htm" "Mozilla/5.0 (X11; Linux x86_64) AppleWebKit/537.36 (KHTML, like Gecko) HeadlessChrome/106.0.5249.30 Safari/537.36"
213.188.81.117 - - [28/Aug/2025:23:01:54 +0200] "GET /vendor/bootstrap.js HTTP/1.1" 200 8087 "https://occasion-retro86.fr/ecommerce-logistique.htm" "Mozilla/5.0 (X11; Linux x86_64) AppleWebKit/537.36 (KHTML, like Gecko) HeadlessChrome/106.0.5249.30 Safari/537.36"
209.95.169.57 - - [28/Aug/2025:23:01:54 +0200] "GET /vendor/jquery.validate.js HTTP/1.1" 200 6830 "https://occasion-retro86.fr/logistique-co-packing.htm" "Mozilla/5.0 (X11; Linux x86_64) AppleWebKit/537.36 (KHTML, like Gecko) HeadlessChrome/106.0.5249.30 Safari/537.36"
152.39.171.203 - - [28/Aug/2025:23:01:54 +0200] "GET /vendor/jquery.easing.js HTTP/1.1" 200 1291 "https://occasion-retro86.fr/logistique-e-commerce-personnalisation-des-envois.htm" "Mozilla/5.0 (X11; Linux x86_64) AppleWebKit/537.36 (KHTML, like Gecko) HeadlessChrome/106.0.5249.30 Safari/537.36"
152.39.250.34 - - [28/Aug/2025:23:01:54 +0200] "GET /vendor/modernizr.js HTTP/1.1" 200 4644 "https://occasion-retro86.fr/interface-client-logistique.htm" "Mozilla/5.0 (X11; Linux x86_64) AppleWebKit/537.36 (KHTML, like Gecko) HeadlessChrome/106.0.5249.30 Safari/537.36"
209.95.169.57 - - [28/Aug/2025:23:01:54 +0200] "GET /js/theme.js HTTP/1.1" 200 5262 "https://occasion-retro86.fr/logistique-co-packing.htm" "Mozilla/5.0 (X11; Linux x86_64) AppleWebKit/537.36 (KHTML, like Gecko) HeadlessChrome/106.0.5249.30 Safari/537.36"
213.188.81.117 - - [28/Aug/2025:23:01:54 +0200] "GET /vendor/twitterjs/twitter.js HTTP/1.1" 200 1915 "https://occasion-retro86.fr/ecommerce-logistique.htm" "Mozilla/5.0 (X11; Linux x86_64) AppleWebKit/537.36 (KHTML, like Gecko) HeadlessChrome/106.0.5249.30 Safari/537.36"
46.232.209.103 - - [28/Aug/2025:23:01:54 +0200] "GET /vendor/jquery.appear.js HTTP/1.1" 200 1140 "https://occasion-retro86.fr/stockage-logistique-e-commerce.htm" "Mozilla/5.0 (X11; Linux x86_64) AppleWebKit/537.36 (KHTML, like Gecko) HeadlessChrome/106.0.5249.30 Safari/537.36"
152.39.171.203 - - [28/Aug/2025:23:01:54 +0200] "GET /vendor/jquery.appear.js HTTP/1.1" 200 1140 "https://occasion-retro86.fr/logistique-e-commerce-personnalisation-des-envois.htm" "Mozilla/5.0 (X11; Linux x86_64) AppleWebKit/537.36 (KHTML, like Gecko) HeadlessChrome/106.0.5249.30 Safari/537.36"
119.12.197.92 - - [28/Aug/2025:23:01:54 +0200] "GET /vendor/jquery.appear.js HTTP/1.1" 200 1140 "https://occasion-retro86.fr/stockage-privatif-sos-stockage.htm" "Mozilla/5.0 (X11; Linux x86_64) AppleWebKit/537.36 (KHTML, like Gecko) HeadlessChrome/106.0.5249.30 Safari/537.36"
180.149.22.84 - - [28/Aug/2025:23:01:54 +0200] "GET /js/plugins.js HTTP/1.1" 200 5468 "https://occasion-retro86.fr/devis-logistique-e-commerce.htm" "Mozilla/5.0 (X11; Linux x86_64) AppleWebKit/537.36 (KHTML, like Gecko) HeadlessChrome/106.0.5249.30 Safari/537.36"
209.95.169.57 - - [28/Aug/2025:23:01:54 +0200] "GET /js/custom.js HTTP/1.1" 200 525 "https://occasion-retro86.fr/logistique-co-packing.htm" "Mozilla/5.0 (X11; Linux x86_64) AppleWebKit/537.36 (KHTML, like Gecko) HeadlessChrome/106.0.5249.30 Safari/537.36"
213.188.81.117 - - [28/Aug/2025:23:01:54 +0200] "GET /vendor/owl-carousel/owl.carousel.js HTTP/1.1" 200 7389 "https://occasion-retro86.fr/ecommerce-logistique.htm" "Mozilla/5.0 (X11; Linux x86_64) AppleWebKit/537.36 (KHTML, like Gecko) HeadlessChrome/106.0.5249.30 Safari/537.36"
152.39.250.34 - - [28/Aug/2025:23:01:54 +0200] "GET /vendor/jquery.js HTTP/1.1" 200 33955 "https://occasion-retro86.fr/interface-client-logistique.htm" "Mozilla/5.0 (X11; Linux x86_64) AppleWebKit/537.36 (KHTML, like Gecko) HeadlessChrome/106.0.5249.30 Safari/537.36"
152.39.171.203 - - [28/Aug/2025:23:01:54 +0200] "GET /vendor/jquery.cookie.js HTTP/1.1" 200 1240 "https://occasion-retro86.fr/logistique-e-commerce-personnalisation-des-envois.htm" "Mozilla/5.0 (X11; Linux x86_64) AppleWebKit/537.36 (KHTML, like Gecko) HeadlessChrome/106.0.5249.30 Safari/537.36"
152.39.213.182 - - [28/Aug/2025:23:01:54 +0200] "GET /js/plugins.js HTTP/1.1" 200 5468 "https://occasion-retro86.fr/e-commerce-logistique.htm" "Mozilla/5.0 (X11; Linux x86_64) AppleWebKit/537.36 (KHTML, like Gecko) HeadlessChrome/106.0.5249.30 Safari/537.36"
46.232.209.103 - - [28/Aug/2025:23:01:54 +0200] "GET /vendor/jquery.cookie.js HTTP/1.1" 200 1240 "https://occasion-retro86.fr/stockage-logistique-e-commerce.htm" "Mozilla/5.0 (X11; Linux x86_64) AppleWebKit/537.36 (KHTML, like Gecko) HeadlessChrome/106.0.5249.30 Safari/537.36"
119.12.197.92 - - [28/Aug/2025:23:01:54 +0200] "GET /vendor/jquery.cookie.js HTTP/1.1" 200 1240 "https://occasion-retro86.fr/stockage-privatif-sos-stockage.htm" "Mozilla/5.0 (X11; Linux x86_64) AppleWebKit/537.36 (KHTML, like Gecko) HeadlessChrome/106.0.5249.30 Safari/537.36"
213.188.81.117 - - [28/Aug/2025:23:01:54 +0200] "GET /vendor/magnific-popup/magnific-popup.js HTTP/1.1" 200 8089 "https://occasion-retro86.fr/ecommerce-logistique.htm" "Mozilla/5.0 (X11; Linux x86_64) AppleWebKit/537.36 (KHTML, like Gecko) HeadlessChrome/106.0.5249.30 Safari/537.36"
213.188.65.141 - - [28/Aug/2025:23:01:54 +0200] "GET /vendor/modernizr.js HTTP/1.1" 200 4644 "https://occasion-retro86.fr/prestataire-logistique-e-commerce.htm" "Mozilla/5.0 (X11; Linux x86_64) AppleWebKit/537.36 (KHTML, like Gecko) HeadlessChrome/106.0.5249.30 Safari/537.36"
180.149.22.84 - - [28/Aug/2025:23:01:54 +0200] "GET /vendor/jquery.easing.js HTTP/1.1" 200 1291 "https://occasion-retro86.fr/devis-logistique-e-commerce.htm" "Mozilla/5.0 (X11; Linux x86_64) AppleWebKit/537.36 (KHTML, like Gecko) HeadlessChrome/106.0.5249.30 Safari/537.36"
152.39.171.203 - - [28/Aug/2025:23:01:54 +0200] "GET /vendor/bootstrap.js HTTP/1.1" 200 8087 "https://occasion-retro86.fr/logistique-e-commerce-personnalisation-des-envois.htm" "Mozilla/5.0 (X11; Linux x86_64) AppleWebKit/537.36 (KHTML, like Gecko) HeadlessChrome/106.0.5249.30 Safari/537.36"
91.92.179.113 - - [28/Aug/2025:23:01:54 +0200] "GET /js/plugins.js HTTP/1.1" 200 5468 "https://occasion-retro86.fr/location-bureaux-yvelines-versailles.htm" "Mozilla/5.0 (X11; Linux x86_64) AppleWebKit/537.36 (KHTML, like Gecko) HeadlessChrome/106.0.5249.30 Safari/537.36"
213.188.81.117 - - [28/Aug/2025:23:01:55 +0200] "GET /vendor/jquery.validate.js HTTP/1.1" 200 6830 "https://occasion-retro86.fr/ecommerce-logistique.htm" "Mozilla/5.0 (X11; Linux x86_64) AppleWebKit/537.36 (KHTML, like Gecko) HeadlessChrome/106.0.5249.30 Safari/537.36"
46.232.209.103 - - [28/Aug/2025:23:01:55 +0200] "GET /vendor/bootstrap.js HTTP/1.1" 200 8087 "https://occasion-retro86.fr/stockage-logistique-e-commerce.htm" "Mozilla/5.0 (X11; Linux x86_64) AppleWebKit/537.36 (KHTML, like Gecko) HeadlessChrome/106.0.5249.30 Safari/537.36"
119.12.198.183 - - [28/Aug/2025:23:01:55 +0200] "GET /js/plugins.js HTTP/1.1" 200 5468 "https://occasion-retro86.fr/tarif-logistique-e-commerce.htm" "Mozilla/5.0 (X11; Linux x86_64) AppleWebKit/537.36 (KHTML, like Gecko) HeadlessChrome/106.0.5249.30 Safari/537.36"
119.12.197.92 - - [28/Aug/2025:23:01:55 +0200] "GET /vendor/bootstrap.js HTTP/1.1" 200 8087 "https://occasion-retro86.fr/stockage-privatif-sos-stockage.htm" "Mozilla/5.0 (X11; Linux x86_64) AppleWebKit/537.36 (KHTML, like Gecko) HeadlessChrome/106.0.5249.30 Safari/537.36"
152.39.213.182 - - [28/Aug/2025:23:01:55 +0200] "GET /vendor/jquery.easing.js HTTP/1.1" 200 1291 "https://occasion-retro86.fr/e-commerce-logistique.htm" "Mozilla/5.0 (X11; Linux x86_64) AppleWebKit/537.36 (KHTML, like Gecko) HeadlessChrome/106.0.5249.30 Safari/537.36"
152.39.171.203 - - [28/Aug/2025:23:01:55 +0200] "GET /vendor/twitterjs/twitter.js HTTP/1.1" 200 1915 "https://occasion-retro86.fr/logistique-e-commerce-personnalisation-des-envois.htm" "Mozilla/5.0 (X11; Linux x86_64) AppleWebKit/537.36 (KHTML, like Gecko) HeadlessChrome/106.0.5249.30 Safari/537.36"
213.188.81.117 - - [28/Aug/2025:23:01:55 +0200] "GET /js/theme.js HTTP/1.1" 200 5262 "https://occasion-retro86.fr/ecommerce-logistique.htm" "Mozilla/5.0 (X11; Linux x86_64) AppleWebKit/537.36 (KHTML, like Gecko) HeadlessChrome/106.0.5249.30 Safari/537.36"
180.149.22.84 - - [28/Aug/2025:23:01:55 +0200] "GET /vendor/jquery.appear.js HTTP/1.1" 200 1140 "https://occasion-retro86.fr/devis-logistique-e-commerce.htm" "Mozilla/5.0 (X11; Linux x86_64) AppleWebKit/537.36 (KHTML, like Gecko) HeadlessChrome/106.0.5249.30 Safari/537.36"
46.232.209.103 - - [28/Aug/2025:23:01:55 +0200] "GET /vendor/twitterjs/twitter.js HTTP/1.1" 200 1915 "https://occasion-retro86.fr/stockage-logistique-e-commerce.htm" "Mozilla/5.0 (X11; Linux x86_64) AppleWebKit/537.36 (KHTML, like Gecko) HeadlessChrome/106.0.5249.30 Safari/537.36"
119.12.198.183 - - [28/Aug/2025:23:01:55 +0200] "GET /vendor/jquery.easing.js HTTP/1.1" 200 1291 "https://occasion-retro86.fr/tarif-logistique-e-commerce.htm" "Mozilla/5.0 (X11; Linux x86_64) AppleWebKit/537.36 (KHTML, like Gecko) HeadlessChrome/106.0.5249.30 Safari/537.36"
213.188.65.141 - - [28/Aug/2025:23:01:55 +0200] "GET /vendor/jquery.js HTTP/1.1" 200 33955 "https://occasion-retro86.fr/prestataire-logistique-e-commerce.htm" "Mozilla/5.0 (X11; Linux x86_64) AppleWebKit/537.36 (KHTML, like Gecko) HeadlessChrome/106.0.5249.30 Safari/537.36"
185.66.136.68 - - [28/Aug/2025:23:01:55 +0200] "GET /logistique-ecommerce-pics-activite-preparation-commandes.htm HTTP/1.1" 200 10330 "-" "Mozilla/5.0 (X11; Linux x86_64) AppleWebKit/537.36 (KHTML, like Gecko) HeadlessChrome/106.0.5249.30 Safari/537.36"
152.39.171.203 - - [28/Aug/2025:23:01:55 +0200] "GET /vendor/owl-carousel/owl.carousel.js HTTP/1.1" 200 7389 "https://occasion-retro86.fr/logistique-e-commerce-personnalisation-des-envois.htm" "Mozilla/5.0 (X11; Linux x86_64) AppleWebKit/537.36 (KHTML, like Gecko) HeadlessChrome/106.0.5249.30 Safari/537.36"
91.92.179.113 - - [28/Aug/2025:23:01:55 +0200] "GET /vendor/jquery.easing.js HTTP/1.1" 200 1291 "https://occasion-retro86.fr/location-bureaux-yvelines-versailles.htm" "Mozilla/5.0 (X11; Linux x86_64) AppleWebKit/537.36 (KHTML, like Gecko) HeadlessChrome/106.0.5249.30 Safari/537.36"
119.12.197.92 - - [28/Aug/2025:23:01:55 +0200] "GET /vendor/twitterjs/twitter.js HTTP/1.1" 200 1915 "https://occasion-retro86.fr/stockage-privatif-sos-stockage.htm" "Mozilla/5.0 (X11; Linux x86_64) AppleWebKit/537.36 (KHTML, like Gecko) HeadlessChrome/106.0.5249.30 Safari/537.36"
213.188.81.117 - - [28/Aug/2025:23:01:55 +0200] "GET /js/custom.js HTTP/1.1" 200 525 "https://occasion-retro86.fr/ecommerce-logistique.htm" "Mozilla/5.0 (X11; Linux x86_64) AppleWebKit/537.36 (KHTML, like Gecko) HeadlessChrome/106.0.5249.30 Safari/537.36"
180.149.22.84 - - [28/Aug/2025:23:01:55 +0200] "GET /vendor/jquery.cookie.js HTTP/1.1" 200 1240 "https://occasion-retro86.fr/devis-logistique-e-commerce.htm" "Mozilla/5.0 (X11; Linux x86_64) AppleWebKit/537.36 (KHTML, like Gecko) HeadlessChrome/106.0.5249.30 Safari/537.36"
152.39.250.34 - - [28/Aug/2025:23:01:55 +0200] "GET /js/plugins.js HTTP/1.1" 200 5468 "https://occasion-retro86.fr/interface-client-logistique.htm" "Mozilla/5.0 (X11; Linux x86_64) AppleWebKit/537.36 (KHTML, like Gecko) HeadlessChrome/106.0.5249.30 Safari/537.36"
152.39.213.182 - - [28/Aug/2025:23:01:55 +0200] "GET /vendor/jquery.appear.js HTTP/1.1" 200 1140 "https://occasion-retro86.fr/e-commerce-logistique.htm" "Mozilla/5.0 (X11; Linux x86_64) AppleWebKit/537.36 (KHTML, like Gecko) HeadlessChrome/106.0.5249.30 Safari/537.36"
46.232.209.103 - - [28/Aug/2025:23:01:55 +0200] "GET /vendor/owl-carousel/owl.carousel.js HTTP/1.1" 200 7389 "https://occasion-retro86.fr/stockage-logistique-e-commerce.htm" "Mozilla/5.0 (X11; Linux x86_64) AppleWebKit/537.36 (KHTML, like Gecko) HeadlessChrome/106.0.5249.30 Safari/537.36"
119.12.198.183 - - [28/Aug/2025:23:01:55 +0200] "GET /vendor/jquery.appear.js HTTP/1.1" 200 1140 "https://occasion-retro86.fr/tarif-logistique-e-commerce.htm" "Mozilla/5.0 (X11; Linux x86_64) AppleWebKit/537.36 (KHTML, like Gecko) HeadlessChrome/106.0.5249.30 Safari/537.36"
152.39.171.203 - - [28/Aug/2025:23:01:55 +0200] "GET /vendor/magnific-popup/magnific-popup.js HTTP/1.1" 200 8089 "https://occasion-retro86.fr/logistique-e-commerce-personnalisation-des-envois.htm" "Mozilla/5.0 (X11; Linux x86_64) AppleWebKit/537.36 (KHTML, like Gecko) HeadlessChrome/106.0.5249.30 Safari/537.36"
152.39.215.94 - - [28/Aug/2025:23:01:55 +0200] "GET /externalisation-logistique-e-commerce.htm HTTP/1.1" 200 9497 "-" "Mozilla/5.0 (X11; Linux x86_64) AppleWebKit/537.36 (KHTML, like Gecko) HeadlessChrome/106.0.5249.30 Safari/537.36"
119.12.197.92 - - [28/Aug/2025:23:01:55 +0200] "GET /vendor/owl-carousel/owl.carousel.js HTTP/1.1" 200 7389 "https://occasion-retro86.fr/stockage-privatif-sos-stockage.htm" "Mozilla/5.0 (X11; Linux x86_64) AppleWebKit/537.36 (KHTML, like Gecko) HeadlessChrome/106.0.5249.30 Safari/537.36"
180.149.22.84 - - [28/Aug/2025:23:01:55 +0200] "GET /vendor/bootstrap.js HTTP/1.1" 200 8087 "https://occasion-retro86.fr/devis-logistique-e-commerce.htm" "Mozilla/5.0 (X11; Linux x86_64) AppleWebKit/537.36 (KHTML, like Gecko) HeadlessChrome/106.0.5249.30 Safari/537.36"
91.92.179.113 - - [28/Aug/2025:23:01:55 +0200] "GET /vendor/jquery.appear.js HTTP/1.1" 200 1140 "https://occasion-retro86.fr/location-bureaux-yvelines-versailles.htm" "Mozilla/5.0 (X11; Linux x86_64) AppleWebKit/537.36 (KHTML, like Gecko) HeadlessChrome/106.0.5249.30 Safari/537.36"
152.39.171.203 - - [28/Aug/2025:23:01:55 +0200] "GET /vendor/jquery.validate.js HTTP/1.1" 200 6830 "https://occasion-retro86.fr/logistique-e-commerce-personnalisation-des-envois.htm" "Mozilla/5.0 (X11; Linux x86_64) AppleWebKit/537.36 (KHTML, like Gecko) HeadlessChrome/106.0.5249.30 Safari/537.36"
119.12.198.183 - - [28/Aug/2025:23:01:55 +0200] "GET /vendor/jquery.cookie.js HTTP/1.1" 200 1240 "https://occasion-retro86.fr/tarif-logistique-e-commerce.htm" "Mozilla/5.0 (X11; Linux x86_64) AppleWebKit/537.36 (KHTML, like Gecko) HeadlessChrome/106.0.5249.30 Safari/537.36"
46.232.209.103 - - [28/Aug/2025:23:01:55 +0200] "GET /vendor/magnific-popup/magnific-popup.js HTTP/1.1" 200 8089 "https://occasion-retro86.fr/stockage-logistique-e-commerce.htm" "Mozilla/5.0 (X11; Linux x86_64) AppleWebKit/537.36 (KHTML, like Gecko) HeadlessChrome/106.0.5249.30 Safari/537.36"
185.66.136.68 - - [28/Aug/2025:23:01:55 +0200] "GET /vendor/modernizr.js HTTP/1.1" 200 4644 "https://occasion-retro86.fr/logistique-ecommerce-pics-activite-preparation-commandes.htm" "Mozilla/5.0 (X11; Linux x86_64) AppleWebKit/537.36 (KHTML, like Gecko) HeadlessChrome/106.0.5249.30 Safari/537.36"
152.39.250.34 - - [28/Aug/2025:23:01:55 +0200] "GET /vendor/jquery.easing.js HTTP/1.1" 200 1291 "https://occasion-retro86.fr/interface-client-logistique.htm" "Mozilla/5.0 (X11; Linux x86_64) AppleWebKit/537.36 (KHTML, like Gecko) HeadlessChrome/106.0.5249.30 Safari/537.36"
152.39.213.182 - - [28/Aug/2025:23:01:55 +0200] "GET /vendor/jquery.cookie.js HTTP/1.1" 200 1240 "https://occasion-retro86.fr/e-commerce-logistique.htm" "Mozilla/5.0 (X11; Linux x86_64) AppleWebKit/537.36 (KHTML, like Gecko) HeadlessChrome/106.0.5249.30 Safari/537.36"
119.12.197.92 - - [28/Aug/2025:23:01:55 +0200] "GET /vendor/magnific-popup/magnific-popup.js HTTP/1.1" 200 8089 "https://occasion-retro86.fr/stockage-privatif-sos-stockage.htm" "Mozilla/5.0 (X11; Linux x86_64) AppleWebKit/537.36 (KHTML, like Gecko) HeadlessChrome/106.0.5249.30 Safari/537.36"
152.39.171.203 - - [28/Aug/2025:23:01:55 +0200] "GET /js/theme.js HTTP/1.1" 200 5262 "https://occasion-retro86.fr/logistique-e-commerce-personnalisation-des-envois.htm" "Mozilla/5.0 (X11; Linux x86_64) AppleWebKit/537.36 (KHTML, like Gecko) HeadlessChrome/106.0.5249.30 Safari/537.36"
180.149.22.84 - - [28/Aug/2025:23:01:55 +0200] "GET /vendor/twitterjs/twitter.js HTTP/1.1" 200 1915 "https://occasion-retro86.fr/devis-logistique-e-commerce.htm" "Mozilla/5.0 (X11; Linux x86_64) AppleWebKit/537.36 (KHTML, like Gecko) HeadlessChrome/106.0.5249.30 Safari/537.36"
185.66.136.68 - - [28/Aug/2025:23:01:55 +0200] "GET /vendor/jquery.js HTTP/1.1" 200 33955 "https://occasion-retro86.fr/logistique-ecommerce-pics-activite-preparation-commandes.htm" "Mozilla/5.0 (X11; Linux x86_64) AppleWebKit/537.36 (KHTML, like Gecko) HeadlessChrome/106.0.5249.30 Safari/537.36"
46.232.209.103 - - [28/Aug/2025:23:01:55 +0200] "GET /vendor/jquery.validate.js HTTP/1.1" 200 6830 "https://occasion-retro86.fr/stockage-logistique-e-commerce.htm" "Mozilla/5.0 (X11; Linux x86_64) AppleWebKit/537.36 (KHTML, like Gecko) HeadlessChrome/106.0.5249.30 Safari/537.36"
119.12.198.183 - - [28/Aug/2025:23:01:55 +0200] "GET /vendor/bootstrap.js HTTP/1.1" 200 8087 "https://occasion-retro86.fr/tarif-logistique-e-commerce.htm" "Mozilla/5.0 (X11; Linux x86_64) AppleWebKit/537.36 (KHTML, like Gecko) HeadlessChrome/106.0.5249.30 Safari/537.36"
45.142.97.68 - - [28/Aug/2025:23:01:55 +0200] "GET /gestion-stock-e-commerce.htm HTTP/1.1" 200 13147 "-" "Mozilla/5.0 (X11; Linux x86_64) AppleWebKit/537.36 (KHTML, like Gecko) HeadlessChrome/106.0.5249.30 Safari/537.36"
91.92.179.113 - - [28/Aug/2025:23:01:55 +0200] "GET /vendor/jquery.cookie.js HTTP/1.1" 200 1240 "https://occasion-retro86.fr/location-bureaux-yvelines-versailles.htm" "Mozilla/5.0 (X11; Linux x86_64) AppleWebKit/537.36 (KHTML, like Gecko) HeadlessChrome/106.0.5249.30 Safari/537.36"
152.39.250.34 - - [28/Aug/2025:23:01:55 +0200] "GET /vendor/jquery.appear.js HTTP/1.1" 200 1140 "https://occasion-retro86.fr/interface-client-logistique.htm" "Mozilla/5.0 (X11; Linux x86_64) AppleWebKit/537.36 (KHTML, like Gecko) HeadlessChrome/106.0.5249.30 Safari/537.36"
152.39.171.203 - - [28/Aug/2025:23:01:55 +0200] "GET /js/custom.js HTTP/1.1" 200 525 "https://occasion-retro86.fr/logistique-e-commerce-personnalisation-des-envois.htm" "Mozilla/5.0 (X11; Linux x86_64) AppleWebKit/537.36 (KHTML, like Gecko) HeadlessChrome/106.0.5249.30 Safari/537.36"
152.39.213.182 - - [28/Aug/2025:23:01:55 +0200] "GET /vendor/bootstrap.js HTTP/1.1" 200 8087 "https://occasion-retro86.fr/e-commerce-logistique.htm" "Mozilla/5.0 (X11; Linux x86_64) AppleWebKit/537.36 (KHTML, like Gecko) HeadlessChrome/106.0.5249.30 Safari/537.36"
119.12.197.92 - - [28/Aug/2025:23:01:55 +0200] "GET /vendor/jquery.validate.js HTTP/1.1" 200 6830 "https://occasion-retro86.fr/stockage-privatif-sos-stockage.htm" "Mozilla/5.0 (X11; Linux x86_64) AppleWebKit/537.36 (KHTML, like Gecko) HeadlessChrome/106.0.5249.30 Safari/537.36"
213.188.65.141 - - [28/Aug/2025:23:01:55 +0200] "GET /js/plugins.js HTTP/1.1" 200 5468 "https://occasion-retro86.fr/prestataire-logistique-e-commerce.htm" "Mozilla/5.0 (X11; Linux x86_64) AppleWebKit/537.36 (KHTML, like Gecko) HeadlessChrome/106.0.5249.30 Safari/537.36"
180.149.22.84 - - [28/Aug/2025:23:01:55 +0200] "GET /vendor/owl-carousel/owl.carousel.js HTTP/1.1" 200 7389 "https://occasion-retro86.fr/devis-logistique-e-commerce.htm" "Mozilla/5.0 (X11; Linux x86_64) AppleWebKit/537.36 (KHTML, like Gecko) HeadlessChrome/106.0.5249.30 Safari/537.36"
152.39.215.94 - - [28/Aug/2025:23:01:55 +0200] "GET /vendor/modernizr.js HTTP/1.1" 200 4644 "https://occasion-retro86.fr/externalisation-logistique-e-commerce.htm" "Mozilla/5.0 (X11; Linux x86_64) AppleWebKit/537.36 (KHTML, like Gecko) HeadlessChrome/106.0.5249.30 Safari/537.36"
46.232.209.103 - - [28/Aug/2025:23:01:55 +0200] "GET /js/theme.js HTTP/1.1" 200 5262 "https://occasion-retro86.fr/stockage-logistique-e-commerce.htm" "Mozilla/5.0 (X11; Linux x86_64) AppleWebKit/537.36 (KHTML, like Gecko) HeadlessChrome/106.0.5249.30 Safari/537.36"
119.12.198.183 - - [28/Aug/2025:23:01:55 +0200] "GET /vendor/twitterjs/twitter.js HTTP/1.1" 200 1915 "https://occasion-retro86.fr/tarif-logistique-e-commerce.htm" "Mozilla/5.0 (X11; Linux x86_64) AppleWebKit/537.36 (KHTML, like Gecko) HeadlessChrome/106.0.5249.30 Safari/537.36"
119.12.197.92 - - [28/Aug/2025:23:01:55 +0200] "GET /js/theme.js HTTP/1.1" 200 5262 "https://occasion-retro86.fr/stockage-privatif-sos-stockage.htm" "Mozilla/5.0 (X11; Linux x86_64) AppleWebKit/537.36 (KHTML, like Gecko) HeadlessChrome/106.0.5249.30 Safari/537.36"
91.92.179.113 - - [28/Aug/2025:23:01:55 +0200] "GET /vendor/bootstrap.js HTTP/1.1" 200 8087 "https://occasion-retro86.fr/location-bureaux-yvelines-versailles.htm" "Mozilla/5.0 (X11; Linux x86_64) AppleWebKit/537.36 (KHTML, like Gecko) HeadlessChrome/106.0.5249.30 Safari/537.36"
185.66.136.68 - - [28/Aug/2025:23:01:55 +0200] "GET /js/plugins.js HTTP/1.1" 200 5468 "https://occasion-retro86.fr/logistique-ecommerce-pics-activite-preparation-commandes.htm" "Mozilla/5.0 (X11; Linux x86_64) AppleWebKit/537.36 (KHTML, like Gecko) HeadlessChrome/106.0.5249.30 Safari/537.36"
152.39.250.34 - - [28/Aug/2025:23:01:55 +0200] "GET /vendor/jquery.cookie.js HTTP/1.1" 200 1240 "https://occasion-retro86.fr/interface-client-logistique.htm" "Mozilla/5.0 (X11; Linux x86_64) AppleWebKit/537.36 (KHTML, like Gecko) HeadlessChrome/106.0.5249.30 Safari/537.36"
180.149.22.84 - - [28/Aug/2025:23:01:55 +0200] "GET /vendor/magnific-popup/magnific-popup.js HTTP/1.1" 200 8089 "https://occasion-retro86.fr/devis-logistique-e-commerce.htm" "Mozilla/5.0 (X11; Linux x86_64) AppleWebKit/537.36 (KHTML, like Gecko) HeadlessChrome/106.0.5249.30 Safari/537.36"
152.39.213.182 - - [28/Aug/2025:23:01:55 +0200] "GET /vendor/twitterjs/twitter.js HTTP/1.1" 200 1915 "https://occasion-retro86.fr/e-commerce-logistique.htm" "Mozilla/5.0 (X11; Linux x86_64) AppleWebKit/537.36 (KHTML, like Gecko) HeadlessChrome/106.0.5249.30 Safari/537.36"
46.232.209.103 - - [28/Aug/2025:23:01:55 +0200] "GET /js/custom.js HTTP/1.1" 200 525 "https://occasion-retro86.fr/stockage-logistique-e-commerce.htm" "Mozilla/5.0 (X11; Linux x86_64) AppleWebKit/537.36 (KHTML, like Gecko) HeadlessChrome/106.0.5249.30 Safari/537.36"
152.39.215.94 - - [28/Aug/2025:23:01:56 +0200] "GET /vendor/jquery.js HTTP/1.1" 200 33955 "https://occasion-retro86.fr/externalisation-logistique-e-commerce.htm" "Mozilla/5.0 (X11; Linux x86_64) AppleWebKit/537.36 (KHTML, like Gecko) HeadlessChrome/106.0.5249.30 Safari/537.36"
119.12.198.183 - - [28/Aug/2025:23:01:56 +0200] "GET /vendor/owl-carousel/owl.carousel.js HTTP/1.1" 200 7389 "https://occasion-retro86.fr/tarif-logistique-e-commerce.htm" "Mozilla/5.0 (X11; Linux x86_64) AppleWebKit/537.36 (KHTML, like Gecko) HeadlessChrome/106.0.5249.30 Safari/537.36"
213.188.65.141 - - [28/Aug/2025:23:01:56 +0200] "GET /vendor/jquery.easing.js HTTP/1.1" 200 1291 "https://occasion-retro86.fr/prestataire-logistique-e-commerce.htm" "Mozilla/5.0 (X11; Linux x86_64) AppleWebKit/537.36 (KHTML, like Gecko) HeadlessChrome/106.0.5249.30 Safari/537.36"
185.66.136.68 - - [28/Aug/2025:23:01:56 +0200] "GET /vendor/jquery.easing.js HTTP/1.1" 200 1291 "https://occasion-retro86.fr/logistique-ecommerce-pics-activite-preparation-commandes.htm" "Mozilla/5.0 (X11; Linux x86_64) AppleWebKit/537.36 (KHTML, like Gecko) HeadlessChrome/106.0.5249.30 Safari/537.36"
119.12.197.92 - - [28/Aug/2025:23:01:56 +0200] "GET /js/custom.js HTTP/1.1" 200 525 "https://occasion-retro86.fr/stockage-privatif-sos-stockage.htm" "Mozilla/5.0 (X11; Linux x86_64) AppleWebKit/537.36 (KHTML, like Gecko) HeadlessChrome/106.0.5249.30 Safari/537.36"
180.149.22.84 - - [28/Aug/2025:23:01:56 +0200] "GET /vendor/jquery.validate.js HTTP/1.1" 200 6830 "https://occasion-retro86.fr/devis-logistique-e-commerce.htm" "Mozilla/5.0 (X11; Linux x86_64) AppleWebKit/537.36 (KHTML, like Gecko) HeadlessChrome/106.0.5249.30 Safari/537.36"
45.142.97.68 - - [28/Aug/2025:23:01:56 +0200] "GET /vendor/modernizr.js HTTP/1.1" 200 4644 "https://occasion-retro86.fr/gestion-stock-e-commerce.htm" "Mozilla/5.0 (X11; Linux x86_64) AppleWebKit/537.36 (KHTML, like Gecko) HeadlessChrome/106.0.5249.30 Safari/537.36"
152.39.250.34 - - [28/Aug/2025:23:01:56 +0200] "GET /vendor/bootstrap.js HTTP/1.1" 200 8087 "https://occasion-retro86.fr/interface-client-logistique.htm" "Mozilla/5.0 (X11; Linux x86_64) AppleWebKit/537.36 (KHTML, like Gecko) HeadlessChrome/106.0.5249.30 Safari/537.36"
91.92.179.113 - - [28/Aug/2025:23:01:56 +0200] "GET /vendor/twitterjs/twitter.js HTTP/1.1" 200 1915 "https://occasion-retro86.fr/location-bureaux-yvelines-versailles.htm" "Mozilla/5.0 (X11; Linux x86_64) AppleWebKit/537.36 (KHTML, like Gecko) HeadlessChrome/106.0.5249.30 Safari/537.36"
152.39.213.182 - - [28/Aug/2025:23:01:56 +0200] "GET /vendor/magnific-popup/magnific-popup.js HTTP/1.1" 200 8089 "https://occasion-retro86.fr/e-commerce-logistique.htm" "Mozilla/5.0 (X11; Linux x86_64) AppleWebKit/537.36 (KHTML, like Gecko) HeadlessChrome/106.0.5249.30 Safari/537.36"
185.66.136.68 - - [28/Aug/2025:23:01:56 +0200] "GET /vendor/jquery.appear.js HTTP/1.1" 200 1140 "https://occasion-retro86.fr/logistique-ecommerce-pics-activite-preparation-commandes.htm" "Mozilla/5.0 (X11; Linux x86_64) AppleWebKit/537.36 (KHTML, like Gecko) HeadlessChrome/106.0.5249.30 Safari/537.36"
119.12.198.183 - - [28/Aug/2025:23:01:56 +0200] "GET /vendor/magnific-popup/magnific-popup.js HTTP/1.1" 200 8089 "https://occasion-retro86.fr/tarif-logistique-e-commerce.htm" "Mozilla/5.0 (X11; Linux x86_64) AppleWebKit/537.36 (KHTML, like Gecko) HeadlessChrome/106.0.5249.30 Safari/537.36"
180.149.22.84 - - [28/Aug/2025:23:01:56 +0200] "GET /js/custom.js HTTP/1.1" 200 525 "https://occasion-retro86.fr/devis-logistique-e-commerce.htm" "Mozilla/5.0 (X11; Linux x86_64) AppleWebKit/537.36 (KHTML, like Gecko) HeadlessChrome/106.0.5249.30 Safari/537.36"
185.66.136.68 - - [28/Aug/2025:23:01:56 +0200] "GET /vendor/jquery.cookie.js HTTP/1.1" 200 1240 "https://occasion-retro86.fr/logistique-ecommerce-pics-activite-preparation-commandes.htm" "Mozilla/5.0 (X11; Linux x86_64) AppleWebKit/537.36 (KHTML, like Gecko) HeadlessChrome/106.0.5249.30 Safari/537.36"
213.188.65.141 - - [28/Aug/2025:23:01:56 +0200] "GET /vendor/jquery.appear.js HTTP/1.1" 200 1140 "https://occasion-retro86.fr/prestataire-logistique-e-commerce.htm" "Mozilla/5.0 (X11; Linux x86_64) AppleWebKit/537.36 (KHTML, like Gecko) HeadlessChrome/106.0.5249.30 Safari/537.36"
162.43.225.43 - - [28/Aug/2025:23:01:56 +0200] "GET /logistique-e-commerce-hight-tech.htm HTTP/1.1" 200 10297 "-" "Mozilla/5.0 (X11; Linux x86_64) AppleWebKit/537.36 (KHTML, like Gecko) HeadlessChrome/106.0.5249.30 Safari/537.36"
119.12.198.183 - - [28/Aug/2025:23:01:56 +0200] "GET /vendor/jquery.validate.js HTTP/1.1" 200 6830 "https://occasion-retro86.fr/tarif-logistique-e-commerce.htm" "Mozilla/5.0 (X11; Linux x86_64) AppleWebKit/537.36 (KHTML, like Gecko) HeadlessChrome/106.0.5249.30 Safari/537.36"
152.39.250.34 - - [28/Aug/2025:23:01:56 +0200] "GET /vendor/twitterjs/twitter.js HTTP/1.1" 200 1915 "https://occasion-retro86.fr/interface-client-logistique.htm" "Mozilla/5.0 (X11; Linux x86_64) AppleWebKit/537.36 (KHTML, like Gecko) HeadlessChrome/106.0.5249.30 Safari/537.36"
45.142.97.68 - - [28/Aug/2025:23:01:56 +0200] "GET /vendor/jquery.js HTTP/1.1" 200 33955 "https://occasion-retro86.fr/gestion-stock-e-commerce.htm" "Mozilla/5.0 (X11; Linux x86_64) AppleWebKit/537.36 (KHTML, like Gecko) HeadlessChrome/106.0.5249.30 Safari/537.36"
152.39.213.182 - - [28/Aug/2025:23:01:56 +0200] "GET /js/custom.js HTTP/1.1" 200 525 "https://occasion-retro86.fr/e-commerce-logistique.htm" "Mozilla/5.0 (X11; Linux x86_64) AppleWebKit/537.36 (KHTML, like Gecko) HeadlessChrome/106.0.5249.30 Safari/537.36"
185.66.136.68 - - [28/Aug/2025:23:01:56 +0200] "GET /vendor/bootstrap.js HTTP/1.1" 200 8087 "https://occasion-retro86.fr/logistique-ecommerce-pics-activite-preparation-commandes.htm" "Mozilla/5.0 (X11; Linux x86_64) AppleWebKit/537.36 (KHTML, like Gecko) HeadlessChrome/106.0.5249.30 Safari/537.36"
91.92.179.113 - - [28/Aug/2025:23:01:56 +0200] "GET /vendor/owl-carousel/owl.carousel.js HTTP/1.1" 200 7389 "https://occasion-retro86.fr/location-bureaux-yvelines-versailles.htm" "Mozilla/5.0 (X11; Linux x86_64) AppleWebKit/537.36 (KHTML, like Gecko) HeadlessChrome/106.0.5249.30 Safari/537.36"
180.149.22.84 - - [28/Aug/2025:23:01:56 +0200] "GET /js/theme.js HTTP/1.1" 200 5262 "https://occasion-retro86.fr/devis-logistique-e-commerce.htm" "Mozilla/5.0 (X11; Linux x86_64) AppleWebKit/537.36 (KHTML, like Gecko) HeadlessChrome/106.0.5249.30 Safari/537.36"
152.39.215.94 - - [28/Aug/2025:23:01:56 +0200] "GET /js/plugins.js HTTP/1.1" 200 5468 "https://occasion-retro86.fr/externalisation-logistique-e-commerce.htm" "Mozilla/5.0 (X11; Linux x86_64) AppleWebKit/537.36 (KHTML, like Gecko) HeadlessChrome/106.0.5249.30 Safari/537.36"
119.12.198.183 - - [28/Aug/2025:23:01:56 +0200] "GET /js/theme.js HTTP/1.1" 200 5262 "https://occasion-retro86.fr/tarif-logistique-e-commerce.htm" "Mozilla/5.0 (X11; Linux x86_64) AppleWebKit/537.36 (KHTML, like Gecko) HeadlessChrome/106.0.5249.30 Safari/537.36"
185.66.136.68 - - [28/Aug/2025:23:01:56 +0200] "GET /vendor/twitterjs/twitter.js HTTP/1.1" 200 1915 "https://occasion-retro86.fr/logistique-ecommerce-pics-activite-preparation-commandes.htm" "Mozilla/5.0 (X11; Linux x86_64) AppleWebKit/537.36 (KHTML, like Gecko) HeadlessChrome/106.0.5249.30 Safari/537.36"
213.188.65.141 - - [28/Aug/2025:23:01:56 +0200] "GET /vendor/jquery.cookie.js HTTP/1.1" 200 1240 "https://occasion-retro86.fr/prestataire-logistique-e-commerce.htm" "Mozilla/5.0 (X11; Linux x86_64) AppleWebKit/537.36 (KHTML, like Gecko) HeadlessChrome/106.0.5249.30 Safari/537.36"
152.39.250.34 - - [28/Aug/2025:23:01:56 +0200] "GET /vendor/owl-carousel/owl.carousel.js HTTP/1.1" 200 7389 "https://occasion-retro86.fr/interface-client-logistique.htm" "Mozilla/5.0 (X11; Linux x86_64) AppleWebKit/537.36 (KHTML, like Gecko) HeadlessChrome/106.0.5249.30 Safari/537.36"
152.39.213.182 - - [28/Aug/2025:23:01:56 +0200] "GET /vendor/owl-carousel/owl.carousel.js HTTP/1.1" 200 7389 "https://occasion-retro86.fr/e-commerce-logistique.htm" "Mozilla/5.0 (X11; Linux x86_64) AppleWebKit/537.36 (KHTML, like Gecko) HeadlessChrome/106.0.5249.30 Safari/537.36"
162.43.225.43 - - [28/Aug/2025:23:01:56 +0200] "GET /vendor/modernizr.js HTTP/1.1" 200 4644 "https://occasion-retro86.fr/logistique-e-commerce-hight-tech.htm" "Mozilla/5.0 (X11; Linux x86_64) AppleWebKit/537.36 (KHTML, like Gecko) HeadlessChrome/106.0.5249.30 Safari/537.36"
185.66.136.68 - - [28/Aug/2025:23:01:56 +0200] "GET /vendor/owl-carousel/owl.carousel.js HTTP/1.1" 200 7389 "https://occasion-retro86.fr/logistique-ecommerce-pics-activite-preparation-commandes.htm" "Mozilla/5.0 (X11; Linux x86_64) AppleWebKit/537.36 (KHTML, like Gecko) HeadlessChrome/106.0.5249.30 Safari/537.36"
91.92.179.113 - - [28/Aug/2025:23:01:56 +0200] "GET /js/custom.js HTTP/1.1" 200 525 "https://occasion-retro86.fr/location-bureaux-yvelines-versailles.htm" "Mozilla/5.0 (X11; Linux x86_64) AppleWebKit/537.36 (KHTML, like Gecko) HeadlessChrome/106.0.5249.30 Safari/537.36"
119.12.198.183 - - [28/Aug/2025:23:01:56 +0200] "GET /js/custom.js HTTP/1.1" 200 525 "https://occasion-retro86.fr/tarif-logistique-e-commerce.htm" "Mozilla/5.0 (X11; Linux x86_64) AppleWebKit/537.36 (KHTML, like Gecko) HeadlessChrome/106.0.5249.30 Safari/537.36"
152.39.215.94 - - [28/Aug/2025:23:01:56 +0200] "GET /vendor/jquery.easing.js HTTP/1.1" 200 1291 "https://occasion-retro86.fr/externalisation-logistique-e-commerce.htm" "Mozilla/5.0 (X11; Linux x86_64) AppleWebKit/537.36 (KHTML, like Gecko) HeadlessChrome/106.0.5249.30 Safari/537.36"
45.142.99.40 - - [28/Aug/2025:23:01:56 +0200] "GET /conditionnement-a-facon.htm HTTP/1.1" 200 8532 "-" "Mozilla/5.0 (X11; Linux x86_64) AppleWebKit/537.36 (KHTML, like Gecko) HeadlessChrome/106.0.5249.30 Safari/537.36"
185.66.136.68 - - [28/Aug/2025:23:01:56 +0200] "GET /vendor/magnific-popup/magnific-popup.js HTTP/1.1" 200 8089 "https://occasion-retro86.fr/logistique-ecommerce-pics-activite-preparation-commandes.htm" "Mozilla/5.0 (X11; Linux x86_64) AppleWebKit/537.36 (KHTML, like Gecko) HeadlessChrome/106.0.5249.30 Safari/537.36"
162.43.225.43 - - [28/Aug/2025:23:01:56 +0200] "GET /vendor/jquery.js HTTP/1.1" 200 33955 "https://occasion-retro86.fr/logistique-e-commerce-hight-tech.htm" "Mozilla/5.0 (X11; Linux x86_64) AppleWebKit/537.36 (KHTML, like Gecko) HeadlessChrome/106.0.5249.30 Safari/537.36"
