104.244.83.53 - - [28/Aug/2025:23:00:56 +0200] "GET /img/actualite-clients/preparation-commande-site-e-commerce.jpg HTTP/1.1" 200 9920 "https://occasion-retro86.fr/" "Mozilla/5.0 (X11; Linux x86_64) AppleWebKit/537.36 (KHTML, like Gecko) HeadlessChrome/106.0.5249.30 Safari/537.36"
150.129.93.43 - - [28/Aug/2025:23:00:56 +0200] "GET /img/entrepot/logistique%20e-commerce.jpg HTTP/1.1" 200 24304 "https://occasion-retro86.fr/" "Mozilla/5.0 (X11; Linux x86_64) AppleWebKit/537.36 (KHTML, like Gecko) HeadlessChrome/106.0.5249.30 Safari/537.36"
119.12.197.87 - - [28/Aug/2025:23:00:56 +0200] "GET /img/actualites/logistique-international.jpg HTTP/1.1" 200 28874 "https://occasion-retro86.fr/" "Mozilla/5.0 (X11; Linux x86_64) AppleWebKit/537.36 (KHTML, like Gecko) HeadlessChrome/106.0.5249.30 Safari/537.36"
45.114.243.83 - - [28/Aug/2025:23:00:56 +0200] "GET /img/e-logistique-logistique-e-commerce.jpg HTTP/1.1" 200 5026 "https://occasion-retro86.fr/" "Mozilla/5.0 (X11; Linux x86_64) AppleWebKit/537.36 (KHTML, like Gecko) HeadlessChrome/106.0.5249.30 Safari/537.36"
185.131.220.58 - - [28/Aug/2025:23:00:56 +0200] "GET /img/actualite-clients/logistique-e-commerce-nouveau-site.jpg HTTP/1.1" 200 14258 "https://occasion-retro86.fr/" "Mozilla/5.0 (X11; Linux x86_64) AppleWebKit/537.36 (KHTML, like Gecko) HeadlessChrome/106.0.5249.30 Safari/537.36"
206.204.20.123 - - [28/Aug/2025:23:00:56 +0200] "GET /img/actualite-clients/externalisation-preparation-commandes.jpg HTTP/1.1" 200 20244 "https://occasion-retro86.fr/" "Mozilla/5.0 (X11; Linux x86_64) AppleWebKit/537.36 (KHTML, like Gecko) HeadlessChrome/106.0.5249.30 Safari/537.36"
104.244.83.43 - - [28/Aug/2025:23:00:56 +0200] "GET /img/entrepot/stockage-logistique-site-e-commerce.jpg HTTP/1.1" 200 45758 "https://occasion-retro86.fr/" "Mozilla/5.0 (X11; Linux x86_64) AppleWebKit/537.36 (KHTML, like Gecko) HeadlessChrome/106.0.5249.30 Safari/537.36"
94.176.56.53 - - [28/Aug/2025:23:00:56 +0200] "GET /img/actualites/expedition-conditionnement-a-fa%C3%A7on-manuel.JPG HTTP/1.1" 200 97202 "https://occasion-retro86.fr/" "Mozilla/5.0 (X11; Linux x86_64) AppleWebKit/537.36 (KHTML, like Gecko) HeadlessChrome/106.0.5249.30 Safari/537.36"
198.240.78.233 - - [28/Aug/2025:23:00:56 +0200] "GET /img/actualites/logistique-e-commerce-hiht-tech.jpg HTTP/1.1" 200 11311 "https://occasion-retro86.fr/" "Mozilla/5.0 (X11; Linux x86_64) AppleWebKit/537.36 (KHTML, like Gecko) HeadlessChrome/106.0.5249.30 Safari/537.36"
152.39.241.225 - - [28/Aug/2025:23:00:56 +0200] "GET /img/actualites/logistique-e-commerce-preparation-de-commandes.jpg HTTP/1.1" 200 79317 "https://occasion-retro86.fr/" "Mozilla/5.0 (X11; Linux x86_64) AppleWebKit/537.36 (KHTML, like Gecko) HeadlessChrome/106.0.5249.30 Safari/537.36"
104.244.83.53 - - [28/Aug/2025:23:00:56 +0200] "GET /img/prestataire/mode-et-marque-de-luxe.jpg HTTP/1.1" 200 73135 "https://occasion-retro86.fr/" "Mozilla/5.0 (X11; Linux x86_64) AppleWebKit/537.36 (KHTML, like Gecko) HeadlessChrome/106.0.5249.30 Safari/537.36"
119.13.205.63 - - [28/Aug/2025:23:00:56 +0200] "GET /img/donnees/logo-endurance-logistique-fb.jpg HTTP/1.1" 200 190126 "https://occasion-retro86.fr/" "Mozilla/5.0 (X11; Linux x86_64) AppleWebKit/537.36 (KHTML, like Gecko) HeadlessChrome/106.0.5249.30 Safari/537.36"
217.113.196.99 - - [28/Aug/2025:23:01:04 +0200] "GET /logistique-e-commerce-epicerie-fine.htm HTTP/1.1" 304 3909 "-" "Mozilla/5.0 (compatible; IbouBot/1.0; +bot@ibou.io; +https://ibou.io/iboubot.html)"
217.113.196.78 - - [28/Aug/2025:23:01:19 +0200] "GET /logistique-e-commerce-externalisation.htm HTTP/1.1" 304 3909 "-" "Mozilla/5.0 (compatible; IbouBot/1.0; +bot@ibou.io; +https://ibou.io/iboubot.html)"
152.39.182.139 - - [28/Aug/2025:23:01:24 +0200] "GET /mentions-legales.htm HTTP/1.1" 200 8226 "-" "Mozilla/5.0 (X11; Linux x86_64) AppleWebKit/537.36 (KHTML, like Gecko) HeadlessChrome/106.0.5249.30 Safari/537.36"
45.33.155.106 - - [28/Aug/2025:23:01:24 +0200] "GET /index.htm HTTP/1.1" 200 11785 "-" "Mozilla/5.0 (X11; Linux x86_64) AppleWebKit/537.36 (KHTML, like Gecko) HeadlessChrome/106.0.5249.30 Safari/537.36"
152.39.182.139 - - [28/Aug/2025:23:01:24 +0200] "GET /vendor/modernizr.js HTTP/1.1" 200 4644 "https://occasion-retro86.fr/mentions-legales.htm" "Mozilla/5.0 (X11; Linux x86_64) AppleWebKit/537.36 (KHTML, like Gecko) HeadlessChrome/106.0.5249.30 Safari/537.36"
152.39.182.139 - - [28/Aug/2025:23:01:24 +0200] "GET /vendor/jquery.js HTTP/1.1" 200 33955 "https://occasion-retro86.fr/mentions-legales.htm" "Mozilla/5.0 (X11; Linux x86_64) AppleWebKit/537.36 (KHTML, like Gecko) HeadlessChrome/106.0.5249.30 Safari/537.36"
93.180.237.221 - - [28/Aug/2025:23:01:24 +0200] "GET /logisticien-ile-de-france-idf.htm HTTP/1.1" 200 9361 "-" "Mozilla/5.0 (X11; Linux x86_64) AppleWebKit/537.36 (KHTML, like Gecko) HeadlessChrome/106.0.5249.30 Safari/537.36"
45.33.155.106 - - [28/Aug/2025:23:01:24 +0200] "GET /vendor/jquery.js HTTP/1.1" 200 33955 "https://occasion-retro86.fr/index.htm" "Mozilla/5.0 (X11; Linux x86_64) AppleWebKit/537.36 (KHTML, like Gecko) HeadlessChrome/106.0.5249.30 Safari/537.36"
93.180.237.221 - - [28/Aug/2025:23:01:24 +0200] "GET /vendor/modernizr.js HTTP/1.1" 200 4644 "https://occasion-retro86.fr/logisticien-ile-de-france-idf.htm" "Mozilla/5.0 (X11; Linux x86_64) AppleWebKit/537.36 (KHTML, like Gecko) HeadlessChrome/106.0.5249.30 Safari/537.36"
66.180.148.143 - - [28/Aug/2025:23:01:24 +0200] "GET /stockage-essonne.htm HTTP/1.1" 200 8393 "-" "Mozilla/5.0 (X11; Linux x86_64) AppleWebKit/537.36 (KHTML, like Gecko) HeadlessChrome/106.0.5249.30 Safari/537.36"
152.39.182.139 - - [28/Aug/2025:23:01:24 +0200] "GET /js/plugins.js HTTP/1.1" 200 5468 "https://occasion-retro86.fr/mentions-legales.htm" "Mozilla/5.0 (X11; Linux x86_64) AppleWebKit/537.36 (KHTML, like Gecko) HeadlessChrome/106.0.5249.30 Safari/537.36"
93.115.12.250 - - [28/Aug/2025:23:01:24 +0200] "GET /acces-stockage-yvelines.htm HTTP/1.1" 200 7132 "-" "Mozilla/5.0 (X11; Linux x86_64) AppleWebKit/537.36 (KHTML, like Gecko) HeadlessChrome/106.0.5249.30 Safari/537.36"
154.197.8.40 - - [28/Aug/2025:23:01:24 +0200] "GET /stockage-hauts-de-seine.htm HTTP/1.1" 200 8659 "-" "Mozilla/5.0 (X11; Linux x86_64) AppleWebKit/537.36 (KHTML, like Gecko) HeadlessChrome/106.0.5249.30 Safari/537.36"
185.246.175.58 - - [28/Aug/2025:23:01:24 +0200] "GET /logistique-client.htm HTTP/1.1" 200 8845 "-" "Mozilla/5.0 (X11; Linux x86_64) AppleWebKit/537.36 (KHTML, like Gecko) HeadlessChrome/106.0.5249.30 Safari/537.36"
93.180.237.221 - - [28/Aug/2025:23:01:24 +0200] "GET /vendor/jquery.js HTTP/1.1" 200 33955 "https://occasion-retro86.fr/logisticien-ile-de-france-idf.htm" "Mozilla/5.0 (X11; Linux x86_64) AppleWebKit/537.36 (KHTML, like Gecko) HeadlessChrome/106.0.5249.30 Safari/537.36"
45.33.155.106 - - [28/Aug/2025:23:01:24 +0200] "GET /js/plugins.js HTTP/1.1" 200 5468 "https://occasion-retro86.fr/index.htm" "Mozilla/5.0 (X11; Linux x86_64) AppleWebKit/537.36 (KHTML, like Gecko) HeadlessChrome/106.0.5249.30 Safari/537.36"
152.39.182.139 - - [28/Aug/2025:23:01:24 +0200] "GET /vendor/jquery.easing.js HTTP/1.1" 200 1291 "https://occasion-retro86.fr/mentions-legales.htm" "Mozilla/5.0 (X11; Linux x86_64) AppleWebKit/537.36 (KHTML, like Gecko) HeadlessChrome/106.0.5249.30 Safari/537.36"
66.180.148.143 - - [28/Aug/2025:23:01:24 +0200] "GET /vendor/modernizr.js HTTP/1.1" 200 4644 "https://occasion-retro86.fr/stockage-essonne.htm" "Mozilla/5.0 (X11; Linux x86_64) AppleWebKit/537.36 (KHTML, like Gecko) HeadlessChrome/106.0.5249.30 Safari/537.36"
154.197.9.171 - - [28/Aug/2025:23:01:24 +0200] "GET /contact-logistique-yvelines.htm HTTP/1.1" 200 8516 "-" "Mozilla/5.0 (X11; Linux x86_64) AppleWebKit/537.36 (KHTML, like Gecko) HeadlessChrome/106.0.5249.30 Safari/537.36"
92.255.35.200 - - [28/Aug/2025:23:01:24 +0200] "GET /webservices-e-commerce.htm HTTP/1.1" 200 8909 "-" "Mozilla/5.0 (X11; Linux x86_64) AppleWebKit/537.36 (KHTML, like Gecko) HeadlessChrome/106.0.5249.30 Safari/537.36"
45.33.155.106 - - [28/Aug/2025:23:01:24 +0200] "GET /vendor/jquery.easing.js HTTP/1.1" 200 1291 "https://occasion-retro86.fr/index.htm" "Mozilla/5.0 (X11; Linux x86_64) AppleWebKit/537.36 (KHTML, like Gecko) HeadlessChrome/106.0.5249.30 Safari/537.36"
119.12.193.34 - - [28/Aug/2025:23:01:24 +0200] "GET /vente-en-ligne-logistique-e-commerce.htm HTTP/1.1" 200 11793 "-" "Mozilla/5.0 (X11; Linux x86_64) AppleWebKit/537.36 (KHTML, like Gecko) HeadlessChrome/106.0.5249.30 Safari/537.36"
154.197.8.40 - - [28/Aug/2025:23:01:24 +0200] "GET /vendor/modernizr.js HTTP/1.1" 200 4644 "https://occasion-retro86.fr/stockage-hauts-de-seine.htm" "Mozilla/5.0 (X11; Linux x86_64) AppleWebKit/537.36 (KHTML, like Gecko) HeadlessChrome/106.0.5249.30 Safari/537.36"
152.39.182.139 - - [28/Aug/2025:23:01:24 +0200] "GET /vendor/jquery.appear.js HTTP/1.1" 200 1140 "https://occasion-retro86.fr/mentions-legales.htm" "Mozilla/5.0 (X11; Linux x86_64) AppleWebKit/537.36 (KHTML, like Gecko) HeadlessChrome/106.0.5249.30 Safari/537.36"
93.115.12.250 - - [28/Aug/2025:23:01:25 +0200] "GET /vendor/modernizr.js HTTP/1.1" 200 4644 "https://occasion-retro86.fr/acces-stockage-yvelines.htm" "Mozilla/5.0 (X11; Linux x86_64) AppleWebKit/537.36 (KHTML, like Gecko) HeadlessChrome/106.0.5249.30 Safari/537.36"
66.180.148.143 - - [28/Aug/2025:23:01:25 +0200] "GET /vendor/jquery.js HTTP/1.1" 200 33955 "https://occasion-retro86.fr/stockage-essonne.htm" "Mozilla/5.0 (X11; Linux x86_64) AppleWebKit/537.36 (KHTML, like Gecko) HeadlessChrome/106.0.5249.30 Safari/537.36"
185.246.175.58 - - [28/Aug/2025:23:01:25 +0200] "GET /vendor/modernizr.js HTTP/1.1" 200 4644 "https://occasion-retro86.fr/logistique-client.htm" "Mozilla/5.0 (X11; Linux x86_64) AppleWebKit/537.36 (KHTML, like Gecko) HeadlessChrome/106.0.5249.30 Safari/537.36"
45.33.155.106 - - [28/Aug/2025:23:01:25 +0200] "GET /vendor/jquery.appear.js HTTP/1.1" 200 1140 "https://occasion-retro86.fr/index.htm" "Mozilla/5.0 (X11; Linux x86_64) AppleWebKit/537.36 (KHTML, like Gecko) HeadlessChrome/106.0.5249.30 Safari/537.36"
154.197.8.40 - - [28/Aug/2025:23:01:25 +0200] "GET /vendor/jquery.js HTTP/1.1" 200 33955 "https://occasion-retro86.fr/stockage-hauts-de-seine.htm" "Mozilla/5.0 (X11; Linux x86_64) AppleWebKit/537.36 (KHTML, like Gecko) HeadlessChrome/106.0.5249.30 Safari/537.36"
152.39.182.139 - - [28/Aug/2025:23:01:25 +0200] "GET /vendor/jquery.cookie.js HTTP/1.1" 200 1240 "https://occasion-retro86.fr/mentions-legales.htm" "Mozilla/5.0 (X11; Linux x86_64) AppleWebKit/537.36 (KHTML, like Gecko) HeadlessChrome/106.0.5249.30 Safari/537.36"
93.180.237.221 - - [28/Aug/2025:23:01:25 +0200] "GET /js/plugins.js HTTP/1.1" 200 5468 "https://occasion-retro86.fr/logisticien-ile-de-france-idf.htm" "Mozilla/5.0 (X11; Linux x86_64) AppleWebKit/537.36 (KHTML, like Gecko) HeadlessChrome/106.0.5249.30 Safari/537.36"
154.197.9.171 - - [28/Aug/2025:23:01:25 +0200] "GET /vendor/modernizr.js HTTP/1.1" 200 4644 "https://occasion-retro86.fr/contact-logistique-yvelines.htm" "Mozilla/5.0 (X11; Linux x86_64) AppleWebKit/537.36 (KHTML, like Gecko) HeadlessChrome/106.0.5249.30 Safari/537.36"
93.115.12.250 - - [28/Aug/2025:23:01:25 +0200] "GET /vendor/jquery.js HTTP/1.1" 200 33955 "https://occasion-retro86.fr/acces-stockage-yvelines.htm" "Mozilla/5.0 (X11; Linux x86_64) AppleWebKit/537.36 (KHTML, like Gecko) HeadlessChrome/106.0.5249.30 Safari/537.36"
92.255.35.200 - - [28/Aug/2025:23:01:25 +0200] "GET /vendor/modernizr.js HTTP/1.1" 200 4644 "https://occasion-retro86.fr/webservices-e-commerce.htm" "Mozilla/5.0 (X11; Linux x86_64) AppleWebKit/537.36 (KHTML, like Gecko) HeadlessChrome/106.0.5249.30 Safari/537.36"
45.33.155.106 - - [28/Aug/2025:23:01:25 +0200] "GET /vendor/bootstrap.js HTTP/1.1" 200 8087 "https://occasion-retro86.fr/index.htm" "Mozilla/5.0 (X11; Linux x86_64) AppleWebKit/537.36 (KHTML, like Gecko) HeadlessChrome/106.0.5249.30 Safari/537.36"
93.180.237.221 - - [28/Aug/2025:23:01:25 +0200] "GET /vendor/jquery.easing.js HTTP/1.1" 200 1291 "https://occasion-retro86.fr/logisticien-ile-de-france-idf.htm" "Mozilla/5.0 (X11; Linux x86_64) AppleWebKit/537.36 (KHTML, like Gecko) HeadlessChrome/106.0.5249.30 Safari/537.36"
185.246.175.58 - - [28/Aug/2025:23:01:25 +0200] "GET /vendor/jquery.js HTTP/1.1" 200 33955 "https://occasion-retro86.fr/logistique-client.htm" "Mozilla/5.0 (X11; Linux x86_64) AppleWebKit/537.36 (KHTML, like Gecko) HeadlessChrome/106.0.5249.30 Safari/537.36"
154.197.9.171 - - [28/Aug/2025:23:01:25 +0200] "GET /vendor/jquery.js HTTP/1.1" 200 33955 "https://occasion-retro86.fr/contact-logistique-yvelines.htm" "Mozilla/5.0 (X11; Linux x86_64) AppleWebKit/537.36 (KHTML, like Gecko) HeadlessChrome/106.0.5249.30 Safari/537.36"
152.39.182.139 - - [28/Aug/2025:23:01:25 +0200] "GET /vendor/bootstrap.js HTTP/1.1" 200 8087 "https://occasion-retro86.fr/mentions-legales.htm" "Mozilla/5.0 (X11; Linux x86_64) AppleWebKit/537.36 (KHTML, like Gecko) HeadlessChrome/106.0.5249.30 Safari/537.36"
92.255.35.200 - - [28/Aug/2025:23:01:25 +0200] "GET /vendor/jquery.js HTTP/1.1" 200 33955 "https://occasion-retro86.fr/webservices-e-commerce.htm" "Mozilla/5.0 (X11; Linux x86_64) AppleWebKit/537.36 (KHTML, like Gecko) HeadlessChrome/106.0.5249.30 Safari/537.36"
66.180.148.143 - - [28/Aug/2025:23:01:25 +0200] "GET /js/plugins.js HTTP/1.1" 200 5468 "https://occasion-retro86.fr/stockage-essonne.htm" "Mozilla/5.0 (X11; Linux x86_64) AppleWebKit/537.36 (KHTML, like Gecko) HeadlessChrome/106.0.5249.30 Safari/537.36"
161.129.162.37 - - [28/Aug/2025:23:01:25 +0200] "GET /plateforme-logistique-e-commerce.htm HTTP/1.1" 200 8625 "-" "Mozilla/5.0 (X11; Linux x86_64) AppleWebKit/537.36 (KHTML, like Gecko) HeadlessChrome/106.0.5249.30 Safari/537.36"
119.12.193.34 - - [28/Aug/2025:23:01:25 +0200] "GET /vendor/modernizr.js HTTP/1.1" 200 4644 "https://occasion-retro86.fr/vente-en-ligne-logistique-e-commerce.htm" "Mozilla/5.0 (X11; Linux x86_64) AppleWebKit/537.36 (KHTML, like Gecko) HeadlessChrome/106.0.5249.30 Safari/537.36"
45.33.155.106 - - [28/Aug/2025:23:01:25 +0200] "GET /vendor/rs-plugin/js/jquery.themepunch.plugins.min.js HTTP/1.1" 200 23968 "https://occasion-retro86.fr/index.htm" "Mozilla/5.0 (X11; Linux x86_64) AppleWebKit/537.36 (KHTML, like Gecko) HeadlessChrome/106.0.5249.30 Safari/537.36"
152.39.182.139 - - [28/Aug/2025:23:01:25 +0200] "GET /vendor/twitterjs/twitter.js HTTP/1.1" 200 1915 "https://occasion-retro86.fr/mentions-legales.htm" "Mozilla/5.0 (X11; Linux x86_64) AppleWebKit/537.36 (KHTML, like Gecko) HeadlessChrome/106.0.5249.30 Safari/537.36"
93.180.237.221 - - [28/Aug/2025:23:01:25 +0200] "GET /vendor/jquery.appear.js HTTP/1.1" 200 1140 "https://occasion-retro86.fr/logisticien-ile-de-france-idf.htm" "Mozilla/5.0 (X11; Linux x86_64) AppleWebKit/537.36 (KHTML, like Gecko) HeadlessChrome/106.0.5249.30 Safari/537.36"
154.197.8.40 - - [28/Aug/2025:23:01:25 +0200] "GET /js/plugins.js HTTP/1.1" 200 5468 "https://occasion-retro86.fr/stockage-hauts-de-seine.htm" "Mozilla/5.0 (X11; Linux x86_64) AppleWebKit/537.36 (KHTML, like Gecko) HeadlessChrome/106.0.5249.30 Safari/537.36"
66.180.148.143 - - [28/Aug/2025:23:01:25 +0200] "GET /vendor/jquery.easing.js HTTP/1.1" 200 1291 "https://occasion-retro86.fr/stockage-essonne.htm" "Mozilla/5.0 (X11; Linux x86_64) AppleWebKit/537.36 (KHTML, like Gecko) HeadlessChrome/106.0.5249.30 Safari/537.36"
93.115.12.250 - - [28/Aug/2025:23:01:25 +0200] "GET /js/plugins.js HTTP/1.1" 200 5468 "https://occasion-retro86.fr/acces-stockage-yvelines.htm" "Mozilla/5.0 (X11; Linux x86_64) AppleWebKit/537.36 (KHTML, like Gecko) HeadlessChrome/106.0.5249.30 Safari/537.36"
152.39.182.139 - - [28/Aug/2025:23:01:25 +0200] "GET /vendor/owl-carousel/owl.carousel.js HTTP/1.1" 200 7389 "https://occasion-retro86.fr/mentions-legales.htm" "Mozilla/5.0 (X11; Linux x86_64) AppleWebKit/537.36 (KHTML, like Gecko) HeadlessChrome/106.0.5249.30 Safari/537.36"
154.197.8.40 - - [28/Aug/2025:23:01:25 +0200] "GET /vendor/jquery.easing.js HTTP/1.1" 200 1291 "https://occasion-retro86.fr/stockage-hauts-de-seine.htm" "Mozilla/5.0 (X11; Linux x86_64) AppleWebKit/537.36 (KHTML, like Gecko) HeadlessChrome/106.0.5249.30 Safari/537.36"
93.180.237.221 - - [28/Aug/2025:23:01:25 +0200] "GET /vendor/jquery.cookie.js HTTP/1.1" 200 1240 "https://occasion-retro86.fr/logisticien-ile-de-france-idf.htm" "Mozilla/5.0 (X11; Linux x86_64) AppleWebKit/537.36 (KHTML, like Gecko) HeadlessChrome/106.0.5249.30 Safari/537.36"
119.12.193.34 - - [28/Aug/2025:23:01:25 +0200] "GET /vendor/jquery.js HTTP/1.1" 200 33955 "https://occasion-retro86.fr/vente-en-ligne-logistique-e-commerce.htm" "Mozilla/5.0 (X11; Linux x86_64) AppleWebKit/537.36 (KHTML, like Gecko) HeadlessChrome/106.0.5249.30 Safari/537.36"
154.197.9.171 - - [28/Aug/2025:23:01:25 +0200] "GET /js/plugins.js HTTP/1.1" 200 5468 "https://occasion-retro86.fr/contact-logistique-yvelines.htm" "Mozilla/5.0 (X11; Linux x86_64) AppleWebKit/537.36 (KHTML, like Gecko) HeadlessChrome/106.0.5249.30 Safari/537.36"
66.180.148.143 - - [28/Aug/2025:23:01:25 +0200] "GET /vendor/jquery.appear.js HTTP/1.1" 200 1140 "https://occasion-retro86.fr/stockage-essonne.htm" "Mozilla/5.0 (X11; Linux x86_64) AppleWebKit/537.36 (KHTML, like Gecko) HeadlessChrome/106.0.5249.30 Safari/537.36"
45.33.155.106 - - [28/Aug/2025:23:01:25 +0200] "GET /vendor/rs-plugin/js/jquery.themepunch.revolution.js HTTP/1.1" 200 20432 "https://occasion-retro86.fr/index.htm" "Mozilla/5.0 (X11; Linux x86_64) AppleWebKit/537.36 (KHTML, like Gecko) HeadlessChrome/106.0.5249.30 Safari/537.36"
93.115.12.250 - - [28/Aug/2025:23:01:25 +0200] "GET /vendor/jquery.easing.js HTTP/1.1" 200 1291 "https://occasion-retro86.fr/acces-stockage-yvelines.htm" "Mozilla/5.0 (X11; Linux x86_64) AppleWebKit/537.36 (KHTML, like Gecko) HeadlessChrome/106.0.5249.30 Safari/537.36"
154.197.8.40 - - [28/Aug/2025:23:01:25 +0200] "GET /vendor/jquery.appear.js HTTP/1.1" 200 1140 "https://occasion-retro86.fr/stockage-hauts-de-seine.htm" "Mozilla/5.0 (X11; Linux x86_64) AppleWebKit/537.36 (KHTML, like Gecko) HeadlessChrome/106.0.5249.30 Safari/537.36"
152.39.182.139 - - [28/Aug/2025:23:01:25 +0200] "GET /vendor/magnific-popup/magnific-popup.js HTTP/1.1" 200 8089 "https://occasion-retro86.fr/mentions-legales.htm" "Mozilla/5.0 (X11; Linux x86_64) AppleWebKit/537.36 (KHTML, like Gecko) HeadlessChrome/106.0.5249.30 Safari/537.36"
92.255.35.200 - - [28/Aug/2025:23:01:25 +0200] "GET /js/plugins.js HTTP/1.1" 200 5468 "https://occasion-retro86.fr/webservices-e-commerce.htm" "Mozilla/5.0 (X11; Linux x86_64) AppleWebKit/537.36 (KHTML, like Gecko) HeadlessChrome/106.0.5249.30 Safari/537.36"
93.180.237.221 - - [28/Aug/2025:23:01:25 +0200] "GET /vendor/bootstrap.js HTTP/1.1" 200 8087 "https://occasion-retro86.fr/logisticien-ile-de-france-idf.htm" "Mozilla/5.0 (X11; Linux x86_64) AppleWebKit/537.36 (KHTML, like Gecko) HeadlessChrome/106.0.5249.30 Safari/537.36"
154.197.9.171 - - [28/Aug/2025:23:01:25 +0200] "GET /vendor/jquery.easing.js HTTP/1.1" 200 1291 "https://occasion-retro86.fr/contact-logistique-yvelines.htm" "Mozilla/5.0 (X11; Linux x86_64) AppleWebKit/537.36 (KHTML, like Gecko) HeadlessChrome/106.0.5249.30 Safari/537.36"
66.180.148.143 - - [28/Aug/2025:23:01:25 +0200] "GET /vendor/jquery.cookie.js HTTP/1.1" 200 1240 "https://occasion-retro86.fr/stockage-essonne.htm" "Mozilla/5.0 (X11; Linux x86_64) AppleWebKit/537.36 (KHTML, like Gecko) HeadlessChrome/106.0.5249.30 Safari/537.36"
154.197.8.40 - - [28/Aug/2025:23:01:25 +0200] "GET /vendor/jquery.cookie.js HTTP/1.1" 200 1240 "https://occasion-retro86.fr/stockage-hauts-de-seine.htm" "Mozilla/5.0 (X11; Linux x86_64) AppleWebKit/537.36 (KHTML, like Gecko) HeadlessChrome/106.0.5249.30 Safari/537.36"
185.246.175.58 - - [28/Aug/2025:23:01:25 +0200] "GET /js/plugins.js HTTP/1.1" 200 5468 "https://occasion-retro86.fr/logistique-client.htm" "Mozilla/5.0 (X11; Linux x86_64) AppleWebKit/537.36 (KHTML, like Gecko) HeadlessChrome/106.0.5249.30 Safari/537.36"
45.33.155.106 - - [28/Aug/2025:23:01:25 +0200] "GET /vendor/owl-carousel/owl.carousel.js HTTP/1.1" 200 7389 "https://occasion-retro86.fr/index.htm" "Mozilla/5.0 (X11; Linux x86_64) AppleWebKit/537.36 (KHTML, like Gecko) HeadlessChrome/106.0.5249.30 Safari/537.36"
152.39.182.139 - - [28/Aug/2025:23:01:25 +0200] "GET /js/custom.js HTTP/1.1" 200 525 "https://occasion-retro86.fr/mentions-legales.htm" "Mozilla/5.0 (X11; Linux x86_64) AppleWebKit/537.36 (KHTML, like Gecko) HeadlessChrome/106.0.5249.30 Safari/537.36"
93.115.12.250 - - [28/Aug/2025:23:01:25 +0200] "GET /vendor/jquery.appear.js HTTP/1.1" 200 1140 "https://occasion-retro86.fr/acces-stockage-yvelines.htm" "Mozilla/5.0 (X11; Linux x86_64) AppleWebKit/537.36 (KHTML, like Gecko) HeadlessChrome/106.0.5249.30 Safari/537.36"
154.197.9.171 - - [28/Aug/2025:23:01:25 +0200] "GET /vendor/jquery.appear.js HTTP/1.1" 200 1140 "https://occasion-retro86.fr/contact-logistique-yvelines.htm" "Mozilla/5.0 (X11; Linux x86_64) AppleWebKit/537.36 (KHTML, like Gecko) HeadlessChrome/106.0.5249.30 Safari/537.36"
92.255.35.200 - - [28/Aug/2025:23:01:25 +0200] "GET /vendor/jquery.easing.js HTTP/1.1" 200 1291 "https://occasion-retro86.fr/webservices-e-commerce.htm" "Mozilla/5.0 (X11; Linux x86_64) AppleWebKit/537.36 (KHTML, like Gecko) HeadlessChrome/106.0.5249.30 Safari/537.36"
93.180.237.221 - - [28/Aug/2025:23:01:25 +0200] "GET /vendor/twitterjs/twitter.js HTTP/1.1" 200 1915 "https://occasion-retro86.fr/logisticien-ile-de-france-idf.htm" "Mozilla/5.0 (X11; Linux x86_64) AppleWebKit/537.36 (KHTML, like Gecko) HeadlessChrome/106.0.5249.30 Safari/537.36"
66.180.148.143 - - [28/Aug/2025:23:01:25 +0200] "GET /vendor/bootstrap.js HTTP/1.1" 200 8087 "https://occasion-retro86.fr/stockage-essonne.htm" "Mozilla/5.0 (X11; Linux x86_64) AppleWebKit/537.36 (KHTML, like Gecko) HeadlessChrome/106.0.5249.30 Safari/537.36"
154.197.8.40 - - [28/Aug/2025:23:01:25 +0200] "GET /vendor/bootstrap.js HTTP/1.1" 200 8087 "https://occasion-retro86.fr/stockage-hauts-de-seine.htm" "Mozilla/5.0 (X11; Linux x86_64) AppleWebKit/537.36 (KHTML, like Gecko) HeadlessChrome/106.0.5249.30 Safari/537.36"
154.197.9.171 - - [28/Aug/2025:23:01:25 +0200] "GET /vendor/jquery.cookie.js HTTP/1.1" 200 1240 "https://occasion-retro86.fr/contact-logistique-yvelines.htm" "Mozilla/5.0 (X11; Linux x86_64) AppleWebKit/537.36 (KHTML, like Gecko) HeadlessChrome/106.0.5249.30 Safari/537.36"
152.39.182.139 - - [28/Aug/2025:23:01:25 +0200] "GET /vendor/jquery.validate.js HTTP/1.1" 200 6830 "https://occasion-retro86.fr/mentions-legales.htm" "Mozilla/5.0 (X11; Linux x86_64) AppleWebKit/537.36 (KHTML, like Gecko) HeadlessChrome/106.0.5249.30 Safari/537.36"
93.115.12.250 - - [28/Aug/2025:23:01:25 +0200] "GET /vendor/jquery.cookie.js HTTP/1.1" 200 1240 "https://occasion-retro86.fr/acces-stockage-yvelines.htm" "Mozilla/5.0 (X11; Linux x86_64) AppleWebKit/537.36 (KHTML, like Gecko) HeadlessChrome/106.0.5249.30 Safari/537.36"
185.246.175.58 - - [28/Aug/2025:23:01:25 +0200] "GET /vendor/jquery.easing.js HTTP/1.1" 200 1291 "https://occasion-retro86.fr/logistique-client.htm" "Mozilla/5.0 (X11; Linux x86_64) AppleWebKit/537.36 (KHTML, like Gecko) HeadlessChrome/106.0.5249.30 Safari/537.36"
92.255.35.200 - - [28/Aug/2025:23:01:25 +0200] "GET /vendor/jquery.appear.js HTTP/1.1" 200 1140 "https://occasion-retro86.fr/webservices-e-commerce.htm" "Mozilla/5.0 (X11; Linux x86_64) AppleWebKit/537.36 (KHTML, like Gecko) HeadlessChrome/106.0.5249.30 Safari/537.36"
45.33.155.106 - - [28/Aug/2025:23:01:25 +0200] "GET /vendor/jquery.validate.js HTTP/1.1" 200 6830 "https://occasion-retro86.fr/index.htm" "Mozilla/5.0 (X11; Linux x86_64) AppleWebKit/537.36 (KHTML, like Gecko) HeadlessChrome/106.0.5249.30 Safari/537.36"
93.180.237.221 - - [28/Aug/2025:23:01:25 +0200] "GET /vendor/owl-carousel/owl.carousel.js HTTP/1.1" 200 7389 "https://occasion-retro86.fr/logisticien-ile-de-france-idf.htm" "Mozilla/5.0 (X11; Linux x86_64) AppleWebKit/537.36 (KHTML, like Gecko) HeadlessChrome/106.0.5249.30 Safari/537.36"
66.180.148.143 - - [28/Aug/2025:23:01:25 +0200] "GET /vendor/twitterjs/twitter.js HTTP/1.1" 200 1915 "https://occasion-retro86.fr/stockage-essonne.htm" "Mozilla/5.0 (X11; Linux x86_64) AppleWebKit/537.36 (KHTML, like Gecko) HeadlessChrome/106.0.5249.30 Safari/537.36"
154.197.8.40 - - [28/Aug/2025:23:01:25 +0200] "GET /vendor/twitterjs/twitter.js HTTP/1.1" 200 1915 "https://occasion-retro86.fr/stockage-hauts-de-seine.htm" "Mozilla/5.0 (X11; Linux x86_64) AppleWebKit/537.36 (KHTML, like Gecko) HeadlessChrome/106.0.5249.30 Safari/537.36"
154.197.9.171 - - [28/Aug/2025:23:01:25 +0200] "GET /vendor/bootstrap.js HTTP/1.1" 200 8087 "https://occasion-retro86.fr/contact-logistique-yvelines.htm" "Mozilla/5.0 (X11; Linux x86_64) AppleWebKit/537.36 (KHTML, like Gecko) HeadlessChrome/106.0.5249.30 Safari/537.36"
161.129.162.37 - - [28/Aug/2025:23:01:25 +0200] "GET /vendor/modernizr.js HTTP/1.1" 200 4644 "https://occasion-retro86.fr/plateforme-logistique-e-commerce.htm" "Mozilla/5.0 (X11; Linux x86_64) AppleWebKit/537.36 (KHTML, like Gecko) HeadlessChrome/106.0.5249.30 Safari/537.36"
152.39.182.139 - - [28/Aug/2025:23:01:25 +0200] "GET /js/theme.js HTTP/1.1" 200 5262 "https://occasion-retro86.fr/mentions-legales.htm" "Mozilla/5.0 (X11; Linux x86_64) AppleWebKit/537.36 (KHTML, like Gecko) HeadlessChrome/106.0.5249.30 Safari/537.36"
93.115.12.250 - - [28/Aug/2025:23:01:25 +0200] "GET /vendor/bootstrap.js HTTP/1.1" 200 8087 "https://occasion-retro86.fr/acces-stockage-yvelines.htm" "Mozilla/5.0 (X11; Linux x86_64) AppleWebKit/537.36 (KHTML, like Gecko) HeadlessChrome/106.0.5249.30 Safari/537.36"
92.255.35.200 - - [28/Aug/2025:23:01:25 +0200] "GET /vendor/jquery.cookie.js HTTP/1.1" 200 1240 "https://occasion-retro86.fr/webservices-e-commerce.htm" "Mozilla/5.0 (X11; Linux x86_64) AppleWebKit/537.36 (KHTML, like Gecko) HeadlessChrome/106.0.5249.30 Safari/537.36"
119.12.193.34 - - [28/Aug/2025:23:01:25 +0200] "GET /js/plugins.js HTTP/1.1" 200 5468 "https://occasion-retro86.fr/vente-en-ligne-logistique-e-commerce.htm" "Mozilla/5.0 (X11; Linux x86_64) AppleWebKit/537.36 (KHTML, like Gecko) HeadlessChrome/106.0.5249.30 Safari/537.36"
93.180.237.221 - - [28/Aug/2025:23:01:25 +0200] "GET /vendor/magnific-popup/magnific-popup.js HTTP/1.1" 200 8089 "https://occasion-retro86.fr/logisticien-ile-de-france-idf.htm" "Mozilla/5.0 (X11; Linux x86_64) AppleWebKit/537.36 (KHTML, like Gecko) HeadlessChrome/106.0.5249.30 Safari/537.36"
154.197.9.171 - - [28/Aug/2025:23:01:25 +0200] "GET /vendor/twitterjs/twitter.js HTTP/1.1" 200 1915 "https://occasion-retro86.fr/contact-logistique-yvelines.htm" "Mozilla/5.0 (X11; Linux x86_64) AppleWebKit/537.36 (KHTML, like Gecko) HeadlessChrome/106.0.5249.30 Safari/537.36"
154.197.8.40 - - [28/Aug/2025:23:01:25 +0200] "GET /vendor/owl-carousel/owl.carousel.js HTTP/1.1" 200 7389 "https://occasion-retro86.fr/stockage-hauts-de-seine.htm" "Mozilla/5.0 (X11; Linux x86_64) AppleWebKit/537.36 (KHTML, like Gecko) HeadlessChrome/106.0.5249.30 Safari/537.36"
185.246.175.58 - - [28/Aug/2025:23:01:25 +0200] "GET /vendor/jquery.appear.js HTTP/1.1" 200 1140 "https://occasion-retro86.fr/logistique-client.htm" "Mozilla/5.0 (X11; Linux x86_64) AppleWebKit/537.36 (KHTML, like Gecko) HeadlessChrome/106.0.5249.30 Safari/537.36"
66.180.148.143 - - [28/Aug/2025:23:01:25 +0200] "GET /vendor/owl-carousel/owl.carousel.js HTTP/1.1" 200 7389 "https://occasion-retro86.fr/stockage-essonne.htm" "Mozilla/5.0 (X11; Linux x86_64) AppleWebKit/537.36 (KHTML, like Gecko) HeadlessChrome/106.0.5249.30 Safari/537.36"
45.33.155.106 - - [28/Aug/2025:23:01:26 +0200] "GET /js/views/view.home.js HTTP/1.1" 200 1420 "https://occasion-retro86.fr/index.htm" "Mozilla/5.0 (X11; Linux x86_64) AppleWebKit/537.36 (KHTML, like Gecko) HeadlessChrome/106.0.5249.30 Safari/537.36"
93.115.12.250 - - [28/Aug/2025:23:01:26 +0200] "GET /vendor/twitterjs/twitter.js HTTP/1.1" 200 1915 "https://occasion-retro86.fr/acces-stockage-yvelines.htm" "Mozilla/5.0 (X11; Linux x86_64) AppleWebKit/537.36 (KHTML, like Gecko) HeadlessChrome/106.0.5249.30 Safari/537.36"
92.255.35.200 - - [28/Aug/2025:23:01:26 +0200] "GET /vendor/bootstrap.js HTTP/1.1" 200 8087 "https://occasion-retro86.fr/webservices-e-commerce.htm" "Mozilla/5.0 (X11; Linux x86_64) AppleWebKit/537.36 (KHTML, like Gecko) HeadlessChrome/106.0.5249.30 Safari/537.36"
154.197.9.171 - - [28/Aug/2025:23:01:26 +0200] "GET /vendor/owl-carousel/owl.carousel.js HTTP/1.1" 200 7389 "https://occasion-retro86.fr/contact-logistique-yvelines.htm" "Mozilla/5.0 (X11; Linux x86_64) AppleWebKit/537.36 (KHTML, like Gecko) HeadlessChrome/106.0.5249.30 Safari/537.36"
93.180.237.221 - - [28/Aug/2025:23:01:26 +0200] "GET /vendor/jquery.validate.js HTTP/1.1" 200 6830 "https://occasion-retro86.fr/logisticien-ile-de-france-idf.htm" "Mozilla/5.0 (X11; Linux x86_64) AppleWebKit/537.36 (KHTML, like Gecko) HeadlessChrome/106.0.5249.30 Safari/537.36"
154.197.8.40 - - [28/Aug/2025:23:01:26 +0200] "GET /vendor/magnific-popup/magnific-popup.js HTTP/1.1" 200 8089 "https://occasion-retro86.fr/stockage-hauts-de-seine.htm" "Mozilla/5.0 (X11; Linux x86_64) AppleWebKit/537.36 (KHTML, like Gecko) HeadlessChrome/106.0.5249.30 Safari/537.36"
161.129.162.37 - - [28/Aug/2025:23:01:26 +0200] "GET /vendor/jquery.js HTTP/1.1" 200 33955 "https://occasion-retro86.fr/plateforme-logistique-e-commerce.htm" "Mozilla/5.0 (X11; Linux x86_64) AppleWebKit/537.36 (KHTML, like Gecko) HeadlessChrome/106.0.5249.30 Safari/537.36"
66.180.148.143 - - [28/Aug/2025:23:01:26 +0200] "GET /vendor/magnific-popup/magnific-popup.js HTTP/1.1" 200 8089 "https://occasion-retro86.fr/stockage-essonne.htm" "Mozilla/5.0 (X11; Linux x86_64) AppleWebKit/537.36 (KHTML, like Gecko) HeadlessChrome/106.0.5249.30 Safari/537.36"
119.12.193.34 - - [28/Aug/2025:23:01:26 +0200] "GET /vendor/jquery.easing.js HTTP/1.1" 200 1291 "https://occasion-retro86.fr/vente-en-ligne-logistique-e-commerce.htm" "Mozilla/5.0 (X11; Linux x86_64) AppleWebKit/537.36 (KHTML, like Gecko) HeadlessChrome/106.0.5249.30 Safari/537.36"
185.246.175.58 - - [28/Aug/2025:23:01:26 +0200] "GET /vendor/jquery.cookie.js HTTP/1.1" 200 1240 "https://occasion-retro86.fr/logistique-client.htm" "Mozilla/5.0 (X11; Linux x86_64) AppleWebKit/537.36 (KHTML, like Gecko) HeadlessChrome/106.0.5249.30 Safari/537.36"
45.33.155.106 - - [28/Aug/2025:23:01:26 +0200] "GET /js/theme.js HTTP/1.1" 200 5262 "https://occasion-retro86.fr/index.htm" "Mozilla/5.0 (X11; Linux x86_64) AppleWebKit/537.36 (KHTML, like Gecko) HeadlessChrome/106.0.5249.30 Safari/537.36"
93.115.12.250 - - [28/Aug/2025:23:01:26 +0200] "GET /vendor/owl-carousel/owl.carousel.js HTTP/1.1" 200 7389 "https://occasion-retro86.fr/acces-stockage-yvelines.htm" "Mozilla/5.0 (X11; Linux x86_64) AppleWebKit/537.36 (KHTML, like Gecko) HeadlessChrome/106.0.5249.30 Safari/537.36"
154.197.9.171 - - [28/Aug/2025:23:01:26 +0200] "GET /vendor/magnific-popup/magnific-popup.js HTTP/1.1" 200 8089 "https://occasion-retro86.fr/contact-logistique-yvelines.htm" "Mozilla/5.0 (X11; Linux x86_64) AppleWebKit/537.36 (KHTML, like Gecko) HeadlessChrome/106.0.5249.30 Safari/537.36"
154.197.8.40 - - [28/Aug/2025:23:01:26 +0200] "GET /vendor/jquery.validate.js HTTP/1.1" 200 6830 "https://occasion-retro86.fr/stockage-hauts-de-seine.htm" "Mozilla/5.0 (X11; Linux x86_64) AppleWebKit/537.36 (KHTML, like Gecko) HeadlessChrome/106.0.5249.30 Safari/537.36"
92.255.35.200 - - [28/Aug/2025:23:01:26 +0200] "GET /vendor/twitterjs/twitter.js HTTP/1.1" 200 1915 "https://occasion-retro86.fr/webservices-e-commerce.htm" "Mozilla/5.0 (X11; Linux x86_64) AppleWebKit/537.36 (KHTML, like Gecko) HeadlessChrome/106.0.5249.30 Safari/537.36"
93.180.237.221 - - [28/Aug/2025:23:01:26 +0200] "GET /js/theme.js HTTP/1.1" 200 5262 "https://occasion-retro86.fr/logisticien-ile-de-france-idf.htm" "Mozilla/5.0 (X11; Linux x86_64) AppleWebKit/537.36 (KHTML, like Gecko) HeadlessChrome/106.0.5249.30 Safari/537.36"
66.180.148.143 - - [28/Aug/2025:23:01:26 +0200] "GET /vendor/jquery.validate.js HTTP/1.1" 200 6830 "https://occasion-retro86.fr/stockage-essonne.htm" "Mozilla/5.0 (X11; Linux x86_64) AppleWebKit/537.36 (KHTML, like Gecko) HeadlessChrome/106.0.5249.30 Safari/537.36"
154.197.9.171 - - [28/Aug/2025:23:01:26 +0200] "GET /vendor/jquery.validate.js HTTP/1.1" 200 6830 "https://occasion-retro86.fr/contact-logistique-yvelines.htm" "Mozilla/5.0 (X11; Linux x86_64) AppleWebKit/537.36 (KHTML, like Gecko) HeadlessChrome/106.0.5249.30 Safari/537.36"
154.197.8.40 - - [28/Aug/2025:23:01:26 +0200] "GET /js/theme.js HTTP/1.1" 200 5262 "https://occasion-retro86.fr/stockage-hauts-de-seine.htm" "Mozilla/5.0 (X11; Linux x86_64) AppleWebKit/537.36 (KHTML, like Gecko) HeadlessChrome/106.0.5249.30 Safari/537.36"
45.33.155.106 - - [28/Aug/2025:23:01:26 +0200] "GET /c=%22js/custom.js%22 HTTP/1.1" 404 694 "https://occasion-retro86.fr/index.htm" "Mozilla/5.0 (X11; Linux x86_64) AppleWebKit/537.36 (KHTML, like Gecko) HeadlessChrome/106.0.5249.30 Safari/537.36"
185.246.175.58 - - [28/Aug/2025:23:01:26 +0200] "GET /vendor/bootstrap.js HTTP/1.1" 200 8087 "https://occasion-retro86.fr/logistique-client.htm" "Mozilla/5.0 (X11; Linux x86_64) AppleWebKit/537.36 (KHTML, like Gecko) HeadlessChrome/106.0.5249.30 Safari/537.36"
93.115.12.250 - - [28/Aug/2025:23:01:26 +0200] "GET /vendor/magnific-popup/magnific-popup.js HTTP/1.1" 200 8089 "https://occasion-retro86.fr/acces-stockage-yvelines.htm" "Mozilla/5.0 (X11; Linux x86_64) AppleWebKit/537.36 (KHTML, like Gecko) HeadlessChrome/106.0.5249.30 Safari/537.36"
119.12.193.34 - - [28/Aug/2025:23:01:26 +0200] "GET /vendor/jquery.appear.js HTTP/1.1" 200 1140 "https://occasion-retro86.fr/vente-en-ligne-logistique-e-commerce.htm" "Mozilla/5.0 (X11; Linux x86_64) AppleWebKit/537.36 (KHTML, like Gecko) HeadlessChrome/106.0.5249.30 Safari/537.36"
93.180.237.221 - - [28/Aug/2025:23:01:26 +0200] "GET /js/custom.js HTTP/1.1" 200 525 "https://occasion-retro86.fr/logisticien-ile-de-france-idf.htm" "Mozilla/5.0 (X11; Linux x86_64) AppleWebKit/537.36 (KHTML, like Gecko) HeadlessChrome/106.0.5249.30 Safari/537.36"
92.255.35.200 - - [28/Aug/2025:23:01:26 +0200] "GET /vendor/owl-carousel/owl.carousel.js HTTP/1.1" 200 7389 "https://occasion-retro86.fr/webservices-e-commerce.htm" "Mozilla/5.0 (X11; Linux x86_64) AppleWebKit/537.36 (KHTML, like Gecko) HeadlessChrome/106.0.5249.30 Safari/537.36"
66.180.148.143 - - [28/Aug/2025:23:01:26 +0200] "GET /js/theme.js HTTP/1.1" 200 5262 "https://occasion-retro86.fr/stockage-essonne.htm" "Mozilla/5.0 (X11; Linux x86_64) AppleWebKit/537.36 (KHTML, like Gecko) HeadlessChrome/106.0.5249.30 Safari/537.36"
154.197.9.171 - - [28/Aug/2025:23:01:26 +0200] "GET /js/theme.js HTTP/1.1" 200 5262 "https://occasion-retro86.fr/contact-logistique-yvelines.htm" "Mozilla/5.0 (X11; Linux x86_64) AppleWebKit/537.36 (KHTML, like Gecko) HeadlessChrome/106.0.5249.30 Safari/537.36"
154.197.8.40 - - [28/Aug/2025:23:01:26 +0200] "GET /js/custom.js HTTP/1.1" 200 525 "https://occasion-retro86.fr/stockage-hauts-de-seine.htm" "Mozilla/5.0 (X11; Linux x86_64) AppleWebKit/537.36 (KHTML, like Gecko) HeadlessChrome/106.0.5249.30 Safari/537.36"
93.115.12.250 - - [28/Aug/2025:23:01:26 +0200] "GET /vendor/jquery.validate.js HTTP/1.1" 200 6830 "https://occasion-retro86.fr/acces-stockage-yvelines.htm" "Mozilla/5.0 (X11; Linux x86_64) AppleWebKit/537.36 (KHTML, like Gecko) HeadlessChrome/106.0.5249.30 Safari/537.36"
92.255.35.200 - - [28/Aug/2025:23:01:26 +0200] "GET /vendor/magnific-popup/magnific-popup.js HTTP/1.1" 200 8089 "https://occasion-retro86.fr/webservices-e-commerce.htm" "Mozilla/5.0 (X11; Linux x86_64) AppleWebKit/537.36 (KHTML, like Gecko) HeadlessChrome/106.0.5249.30 Safari/537.36"
66.180.148.143 - - [28/Aug/2025:23:01:26 +0200] "GET /js/custom.js HTTP/1.1" 200 525 "https://occasion-retro86.fr/stockage-essonne.htm" "Mozilla/5.0 (X11; Linux x86_64) AppleWebKit/537.36 (KHTML, like Gecko) HeadlessChrome/106.0.5249.30 Safari/537.36"
185.246.175.58 - - [28/Aug/2025:23:01:26 +0200] "GET /vendor/twitterjs/twitter.js HTTP/1.1" 200 1915 "https://occasion-retro86.fr/logistique-client.htm" "Mozilla/5.0 (X11; Linux x86_64) AppleWebKit/537.36 (KHTML, like Gecko) HeadlessChrome/106.0.5249.30 Safari/537.36"
154.197.9.171 - - [28/Aug/2025:23:01:26 +0200] "GET /js/custom.js HTTP/1.1" 200 525 "https://occasion-retro86.fr/contact-logistique-yvelines.htm" "Mozilla/5.0 (X11; Linux x86_64) AppleWebKit/537.36 (KHTML, like Gecko) HeadlessChrome/106.0.5249.30 Safari/537.36"
119.12.193.34 - - [28/Aug/2025:23:01:26 +0200] "GET /vendor/jquery.cookie.js HTTP/1.1" 200 1240 "https://occasion-retro86.fr/vente-en-ligne-logistique-e-commerce.htm" "Mozilla/5.0 (X11; Linux x86_64) AppleWebKit/537.36 (KHTML, like Gecko) HeadlessChrome/106.0.5249.30 Safari/537.36"
93.115.12.250 - - [28/Aug/2025:23:01:26 +0200] "GET /js/theme.js HTTP/1.1" 200 5262 "https://occasion-retro86.fr/acces-stockage-yvelines.htm" "Mozilla/5.0 (X11; Linux x86_64) AppleWebKit/537.36 (KHTML, like Gecko) HeadlessChrome/106.0.5249.30 Safari/537.36"
92.255.35.200 - - [28/Aug/2025:23:01:26 +0200] "GET /vendor/jquery.validate.js HTTP/1.1" 200 6830 "https://occasion-retro86.fr/webservices-e-commerce.htm" "Mozilla/5.0 (X11; Linux x86_64) AppleWebKit/537.36 (KHTML, like Gecko) HeadlessChrome/106.0.5249.30 Safari/537.36"
185.246.175.58 - - [28/Aug/2025:23:01:26 +0200] "GET /vendor/owl-carousel/owl.carousel.js HTTP/1.1" 200 7389 "https://occasion-retro86.fr/logistique-client.htm" "Mozilla/5.0 (X11; Linux x86_64) AppleWebKit/537.36 (KHTML, like Gecko) HeadlessChrome/106.0.5249.30 Safari/537.36"
161.129.162.37 - - [28/Aug/2025:23:01:26 +0200] "GET /js/plugins.js HTTP/1.1" 200 5468 "https://occasion-retro86.fr/plateforme-logistique-e-commerce.htm" "Mozilla/5.0 (X11; Linux x86_64) AppleWebKit/537.36 (KHTML, like Gecko) HeadlessChrome/106.0.5249.30 Safari/537.36"
93.115.12.250 - - [28/Aug/2025:23:01:26 +0200] "GET /js/custom.js HTTP/1.1" 200 525 "https://occasion-retro86.fr/acces-stockage-yvelines.htm" "Mozilla/5.0 (X11; Linux x86_64) AppleWebKit/537.36 (KHTML, like Gecko) HeadlessChrome/106.0.5249.30 Safari/537.36"
119.12.193.34 - - [28/Aug/2025:23:01:26 +0200] "GET /vendor/bootstrap.js HTTP/1.1" 200 8087 "https://occasion-retro86.fr/vente-en-ligne-logistique-e-commerce.htm" "Mozilla/5.0 (X11; Linux x86_64) AppleWebKit/537.36 (KHTML, like Gecko) HeadlessChrome/106.0.5249.30 Safari/537.36"
92.255.35.200 - - [28/Aug/2025:23:01:26 +0200] "GET /js/theme.js HTTP/1.1" 200 5262 "https://occasion-retro86.fr/webservices-e-commerce.htm" "Mozilla/5.0 (X11; Linux x86_64) AppleWebKit/537.36 (KHTML, like Gecko) HeadlessChrome/106.0.5249.30 Safari/537.36"
185.246.175.58 - - [28/Aug/2025:23:01:26 +0200] "GET /vendor/jquery.validate.js HTTP/1.1" 200 6830 "https://occasion-retro86.fr/logistique-client.htm" "Mozilla/5.0 (X11; Linux x86_64) AppleWebKit/537.36 (KHTML, like Gecko) HeadlessChrome/106.0.5249.30 Safari/537.36"
92.255.35.200 - - [28/Aug/2025:23:01:26 +0200] "GET /js/custom.js HTTP/1.1" 200 525 "https://occasion-retro86.fr/webservices-e-commerce.htm" "Mozilla/5.0 (X11; Linux x86_64) AppleWebKit/537.36 (KHTML, like Gecko) HeadlessChrome/106.0.5249.30 Safari/537.36"
119.12.193.34 - - [28/Aug/2025:23:01:26 +0200] "GET /vendor/owl-carousel/owl.carousel.js HTTP/1.1" 200 7389 "https://occasion-retro86.fr/vente-en-ligne-logistique-e-commerce.htm" "Mozilla/5.0 (X11; Linux x86_64) AppleWebKit/537.36 (KHTML, like Gecko) HeadlessChrome/106.0.5249.30 Safari/537.36"
161.129.162.37 - - [28/Aug/2025:23:01:26 +0200] "GET /vendor/jquery.easing.js HTTP/1.1" 200 1291 "https://occasion-retro86.fr/plateforme-logistique-e-commerce.htm" "Mozilla/5.0 (X11; Linux x86_64) AppleWebKit/537.36 (KHTML, like Gecko) HeadlessChrome/106.0.5249.30 Safari/537.36"
185.246.175.58 - - [28/Aug/2025:23:01:26 +0200] "GET /vendor/magnific-popup/magnific-popup.js HTTP/1.1" 200 8089 "https://occasion-retro86.fr/logistique-client.htm" "Mozilla/5.0 (X11; Linux x86_64) AppleWebKit/537.36 (KHTML, like Gecko) HeadlessChrome/106.0.5249.30 Safari/537.36"
119.12.176.92 - - [28/Aug/2025:23:01:26 +0200] "GET /logistique-e-commerce.htm HTTP/1.1" 200 11657 "-" "Mozilla/5.0 (X11; Linux x86_64) AppleWebKit/537.36 (KHTML, like Gecko) HeadlessChrome/106.0.5249.30 Safari/537.36"
119.12.193.34 - - [28/Aug/2025:23:01:27 +0200] "GET /vendor/twitterjs/twitter.js HTTP/1.1" 200 1915 "https://occasion-retro86.fr/vente-en-ligne-logistique-e-commerce.htm" "Mozilla/5.0 (X11; Linux x86_64) AppleWebKit/537.36 (KHTML, like Gecko) HeadlessChrome/106.0.5249.30 Safari/537.36"
206.204.49.96 - - [28/Aug/2025:23:01:27 +0200] "GET /js/custom.js HTTP/1.1" 200 670 "https://occasion-retro86.fr/logistique-client.htm" "Mozilla/5.0 (X11; Linux x86_64) AppleWebKit/537.36 (KHTML, like Gecko) HeadlessChrome/106.0.5249.30 Safari/537.36"
185.246.175.58 - - [28/Aug/2025:23:01:27 +0200] "GET /js/theme.js HTTP/1.1" 200 5262 "https://occasion-retro86.fr/logistique-client.htm" "Mozilla/5.0 (X11; Linux x86_64) AppleWebKit/537.36 (KHTML, like Gecko) HeadlessChrome/106.0.5249.30 Safari/537.36"
161.129.162.37 - - [28/Aug/2025:23:01:27 +0200] "GET /vendor/bootstrap.js HTTP/1.1" 200 8087 "https://occasion-retro86.fr/plateforme-logistique-e-commerce.htm" "Mozilla/5.0 (X11; Linux x86_64) AppleWebKit/537.36 (KHTML, like Gecko) HeadlessChrome/106.0.5249.30 Safari/537.36"
93.115.13.102 - - [28/Aug/2025:23:01:27 +0200] "GET /services-logistiques.htm HTTP/1.1" 200 8111 "-" "Mozilla/5.0 (X11; Linux x86_64) AppleWebKit/537.36 (KHTML, like Gecko) HeadlessChrome/106.0.5249.30 Safari/537.36"
119.12.193.34 - - [28/Aug/2025:23:01:27 +0200] "GET /vendor/magnific-popup/magnific-popup.js HTTP/1.1" 200 8089 "https://occasion-retro86.fr/vente-en-ligne-logistique-e-commerce.htm" "Mozilla/5.0 (X11; Linux x86_64) AppleWebKit/537.36 (KHTML, like Gecko) HeadlessChrome/106.0.5249.30 Safari/537.36"
209.95.169.213 - - [28/Aug/2025:23:01:27 +0200] "GET /vendor/jquery.validate.js HTTP/1.1" 200 6975 "https://occasion-retro86.fr/vente-en-ligne-logistique-e-commerce.htm" "Mozilla/5.0 (X11; Linux x86_64) AppleWebKit/537.36 (KHTML, like Gecko) HeadlessChrome/106.0.5249.30 Safari/537.36"
213.188.92.160 - - [28/Aug/2025:23:01:27 +0200] "GET /js/theme.js HTTP/1.1" 200 5407 "https://occasion-retro86.fr/vente-en-ligne-logistique-e-commerce.htm" "Mozilla/5.0 (X11; Linux x86_64) AppleWebKit/537.36 (KHTML, like Gecko) HeadlessChrome/106.0.5249.30 Safari/537.36"
119.12.176.92 - - [28/Aug/2025:23:01:27 +0200] "GET /vendor/modernizr.js HTTP/1.1" 200 4644 "https://occasion-retro86.fr/logistique-e-commerce.htm" "Mozilla/5.0 (X11; Linux x86_64) AppleWebKit/537.36 (KHTML, like Gecko) HeadlessChrome/106.0.5249.30 Safari/537.36"
152.39.137.85 - - [28/Aug/2025:23:01:27 +0200] "GET /js/custom.js HTTP/1.1" 200 670 "https://occasion-retro86.fr/vente-en-ligne-logistique-e-commerce.htm" "Mozilla/5.0 (X11; Linux x86_64) AppleWebKit/537.36 (KHTML, like Gecko) HeadlessChrome/106.0.5249.30 Safari/537.36"
185.66.136.53 - - [28/Aug/2025:23:01:27 +0200] "GET /vendor/jquery.appear.js HTTP/1.1" 200 1285 "https://occasion-retro86.fr/plateforme-logistique-e-commerce.htm" "Mozilla/5.0 (X11; Linux x86_64) AppleWebKit/537.36 (KHTML, like Gecko) HeadlessChrome/106.0.5249.30 Safari/537.36"
161.129.162.37 - - [28/Aug/2025:23:01:27 +0200] "GET /vendor/jquery.cookie.js HTTP/1.1" 200 1240 "https://occasion-retro86.fr/plateforme-logistique-e-commerce.htm" "Mozilla/5.0 (X11; Linux x86_64) AppleWebKit/537.36 (KHTML, like Gecko) HeadlessChrome/106.0.5249.30 Safari/537.36"
93.115.13.102 - - [28/Aug/2025:23:01:27 +0200] "GET /vendor/modernizr.js HTTP/1.1" 200 4644 "https://occasion-retro86.fr/services-logistiques.htm" "Mozilla/5.0 (X11; Linux x86_64) AppleWebKit/537.36 (KHTML, like Gecko) HeadlessChrome/106.0.5249.30 Safari/537.36"
206.204.47.105 - - [28/Aug/2025:23:01:27 +0200] "GET /prestataire-logistique-e-commerce-web.htm HTTP/1.1" 200 9163 "-" "Mozilla/5.0 (X11; Linux x86_64) AppleWebKit/537.36 (KHTML, like Gecko) HeadlessChrome/106.0.5249.30 Safari/537.36"
185.66.136.53 - - [28/Aug/2025:23:01:27 +0200] "GET /vendor/magnific-popup/magnific-popup.js HTTP/1.1" 200 8089 "https://occasion-retro86.fr/plateforme-logistique-e-commerce.htm" "Mozilla/5.0 (X11; Linux x86_64) AppleWebKit/537.36 (KHTML, like Gecko) HeadlessChrome/106.0.5249.30 Safari/537.36"
185.10.7.125 - - [28/Aug/2025:23:01:27 +0200] "GET /vendor/twitterjs/twitter.js HTTP/1.1" 200 2060 "https://occasion-retro86.fr/plateforme-logistique-e-commerce.htm" "Mozilla/5.0 (X11; Linux x86_64) AppleWebKit/537.36 (KHTML, like Gecko) HeadlessChrome/106.0.5249.30 Safari/537.36"
119.12.176.92 - - [28/Aug/2025:23:01:27 +0200] "GET /vendor/jquery.js HTTP/1.1" 200 33955 "https://occasion-retro86.fr/logistique-e-commerce.htm" "Mozilla/5.0 (X11; Linux x86_64) AppleWebKit/537.36 (KHTML, like Gecko) HeadlessChrome/106.0.5249.30 Safari/537.36"
93.115.13.102 - - [28/Aug/2025:23:01:27 +0200] "GET /vendor/jquery.js HTTP/1.1" 200 33955 "https://occasion-retro86.fr/services-logistiques.htm" "Mozilla/5.0 (X11; Linux x86_64) AppleWebKit/537.36 (KHTML, like Gecko) HeadlessChrome/106.0.5249.30 Safari/537.36"
185.66.136.53 - - [28/Aug/2025:23:01:27 +0200] "GET /vendor/jquery.validate.js HTTP/1.1" 200 6830 "https://occasion-retro86.fr/plateforme-logistique-e-commerce.htm" "Mozilla/5.0 (X11; Linux x86_64) AppleWebKit/537.36 (KHTML, like Gecko) HeadlessChrome/106.0.5249.30 Safari/537.36"
104.193.224.28 - - [28/Aug/2025:23:01:27 +0200] "GET /js/theme.js HTTP/1.1" 200 5407 "https://occasion-retro86.fr/plateforme-logistique-e-commerce.htm" "Mozilla/5.0 (X11; Linux x86_64) AppleWebKit/537.36 (KHTML, like Gecko) HeadlessChrome/106.0.5249.30 Safari/537.36"
161.129.162.37 - - [28/Aug/2025:23:01:27 +0200] "GET /vendor/owl-carousel/owl.carousel.js HTTP/1.1" 200 7389 "https://occasion-retro86.fr/plateforme-logistique-e-commerce.htm" "Mozilla/5.0 (X11; Linux x86_64) AppleWebKit/537.36 (KHTML, like Gecko) HeadlessChrome/106.0.5249.30 Safari/537.36"
185.10.7.125 - - [28/Aug/2025:23:01:27 +0200] "GET /js/custom.js HTTP/1.1" 200 525 "https://occasion-retro86.fr/plateforme-logistique-e-commerce.htm" "Mozilla/5.0 (X11; Linux x86_64) AppleWebKit/537.36 (KHTML, like Gecko) HeadlessChrome/106.0.5249.30 Safari/537.36"
93.115.13.102 - - [28/Aug/2025:23:01:27 +0200] "GET /vendor/bootstrap.js HTTP/1.1" 200 8087 "https://occasion-retro86.fr/services-logistiques.htm" "Mozilla/5.0 (X11; Linux x86_64) AppleWebKit/537.36 (KHTML, like Gecko) HeadlessChrome/106.0.5249.30 Safari/537.36"
206.204.47.105 - - [28/Aug/2025:23:01:27 +0200] "GET /vendor/modernizr.js HTTP/1.1" 200 4644 "https://occasion-retro86.fr/prestataire-logistique-e-commerce-web.htm" "Mozilla/5.0 (X11; Linux x86_64) AppleWebKit/537.36 (KHTML, like Gecko) HeadlessChrome/106.0.5249.30 Safari/537.36"
119.12.176.92 - - [28/Aug/2025:23:01:27 +0200] "GET /vendor/bootstrap.js HTTP/1.1" 200 8087 "https://occasion-retro86.fr/logistique-e-commerce.htm" "Mozilla/5.0 (X11; Linux x86_64) AppleWebKit/537.36 (KHTML, like Gecko) HeadlessChrome/106.0.5249.30 Safari/537.36"
93.115.13.102 - - [28/Aug/2025:23:01:27 +0200] "GET /vendor/jquery.easing.js HTTP/1.1" 200 1291 "https://occasion-retro86.fr/services-logistiques.htm" "Mozilla/5.0 (X11; Linux x86_64) AppleWebKit/537.36 (KHTML, like Gecko) HeadlessChrome/106.0.5249.30 Safari/537.36"
152.39.191.43 - - [28/Aug/2025:23:01:27 +0200] "GET /vendor/jquery.easing.js HTTP/1.1" 200 1436 "https://occasion-retro86.fr/logistique-e-commerce.htm" "Mozilla/5.0 (X11; Linux x86_64) AppleWebKit/537.36 (KHTML, like Gecko) HeadlessChrome/106.0.5249.30 Safari/537.36"
173.254.241.195 - - [28/Aug/2025:23:01:27 +0200] "GET /vendor/jquery.appear.js HTTP/1.1" 200 1285 "https://occasion-retro86.fr/logistique-e-commerce.htm" "Mozilla/5.0 (X11; Linux x86_64) AppleWebKit/537.36 (KHTML, like Gecko) HeadlessChrome/106.0.5249.30 Safari/537.36"
206.204.59.195 - - [28/Aug/2025:23:01:27 +0200] "GET /vendor/jquery.cookie.js HTTP/1.1" 200 1385 "https://occasion-retro86.fr/services-logistiques.htm" "Mozilla/5.0 (X11; Linux x86_64) AppleWebKit/537.36 (KHTML, like Gecko) HeadlessChrome/106.0.5249.30 Safari/537.36"
213.188.85.53 - - [28/Aug/2025:23:01:27 +0200] "GET /vendor/jquery.appear.js HTTP/1.1" 200 1285 "https://occasion-retro86.fr/services-logistiques.htm" "Mozilla/5.0 (X11; Linux x86_64) AppleWebKit/537.36 (KHTML, like Gecko) HeadlessChrome/106.0.5249.30 Safari/537.36"
152.39.191.43 - - [28/Aug/2025:23:01:28 +0200] "GET /vendor/owl-carousel/owl.carousel.js HTTP/1.1" 200 7389 "https://occasion-retro86.fr/logistique-e-commerce.htm" "Mozilla/5.0 (X11; Linux x86_64) AppleWebKit/537.36 (KHTML, like Gecko) HeadlessChrome/106.0.5249.30 Safari/537.36"
93.115.13.102 - - [28/Aug/2025:23:01:28 +0200] "GET /vendor/twitterjs/twitter.js HTTP/1.1" 200 1915 "https://occasion-retro86.fr/services-logistiques.htm" "Mozilla/5.0 (X11; Linux x86_64) AppleWebKit/537.36 (KHTML, like Gecko) HeadlessChrome/106.0.5249.30 Safari/537.36"
152.39.255.159 - - [28/Aug/2025:23:01:28 +0200] "GET /js/plugins.js HTTP/1.1" 200 5613 "https://occasion-retro86.fr/services-logistiques.htm" "Mozilla/5.0 (X11; Linux x86_64) AppleWebKit/537.36 (KHTML, like Gecko) HeadlessChrome/106.0.5249.30 Safari/537.36"
216.194.83.88 - - [28/Aug/2025:23:01:28 +0200] "GET /vendor/owl-carousel/owl.carousel.js HTTP/1.1" 200 7534 "https://occasion-retro86.fr/services-logistiques.htm" "Mozilla/5.0 (X11; Linux x86_64) AppleWebKit/537.36 (KHTML, like Gecko) HeadlessChrome/106.0.5249.30 Safari/537.36"
119.12.176.92 - - [28/Aug/2025:23:01:28 +0200] "GET /vendor/jquery.cookie.js HTTP/1.1" 200 1240 "https://occasion-retro86.fr/logistique-e-commerce.htm" "Mozilla/5.0 (X11; Linux x86_64) AppleWebKit/537.36 (KHTML, like Gecko) HeadlessChrome/106.0.5249.30 Safari/537.36"
173.254.241.195 - - [28/Aug/2025:23:01:28 +0200] "GET /js/plugins.js HTTP/1.1" 200 5468 "https://occasion-retro86.fr/logistique-e-commerce.htm" "Mozilla/5.0 (X11; Linux x86_64) AppleWebKit/537.36 (KHTML, like Gecko) HeadlessChrome/106.0.5249.30 Safari/537.36"
