35.90.62.106 - - [02/Sep/2025:10:44:08 +0200] "GET /vendor/jquery.js HTTP/1.1" 200 33955 "https://jks.lepetitcoindeparadis.com/" "Mozilla/5.0 (iPhone; CPU iPhone OS 14_6 like Mac OS X) AppleWebKit/605.1.15 (KHTML, like Gecko) Version/14.0.3 Mobile/15E148 Safari/604.1"
35.90.62.106 - - [02/Sep/2025:10:44:08 +0200] "GET /vendor/jquery.easing.js HTTP/1.1" 200 1291 "https://jks.lepetitcoindeparadis.com/" "Mozilla/5.0 (iPhone; CPU iPhone OS 14_6 like Mac OS X) AppleWebKit/605.1.15 (KHTML, like Gecko) Version/14.0.3 Mobile/15E148 Safari/604.1"
35.90.62.106 - - [02/Sep/2025:10:44:08 +0200] "GET /vendor/jquery.appear.js HTTP/1.1" 200 1140 "https://jks.lepetitcoindeparadis.com/" "Mozilla/5.0 (iPhone; CPU iPhone OS 14_6 like Mac OS X) AppleWebKit/605.1.15 (KHTML, like Gecko) Version/14.0.3 Mobile/15E148 Safari/604.1"
35.90.62.106 - - [02/Sep/2025:10:44:08 +0200] "GET /vendor/bootstrap.js HTTP/1.1" 200 8087 "https://jks.lepetitcoindeparadis.com/" "Mozilla/5.0 (iPhone; CPU iPhone OS 14_6 like Mac OS X) AppleWebKit/605.1.15 (KHTML, like Gecko) Version/14.0.3 Mobile/15E148 Safari/604.1"
35.90.62.106 - - [02/Sep/2025:10:44:08 +0200] "GET /vendor/owl-carousel/owl.carousel.js HTTP/1.1" 200 7389 "https://jks.lepetitcoindeparadis.com/" "Mozilla/5.0 (iPhone; CPU iPhone OS 14_6 like Mac OS X) AppleWebKit/605.1.15 (KHTML, like Gecko) Version/14.0.3 Mobile/15E148 Safari/604.1"
35.90.62.106 - - [02/Sep/2025:10:44:08 +0200] "GET /vendor/rs-plugin/js/jquery.themepunch.plugins.min.js HTTP/1.1" 200 23968 "https://jks.lepetitcoindeparadis.com/" "Mozilla/5.0 (iPhone; CPU iPhone OS 14_6 like Mac OS X) AppleWebKit/605.1.15 (KHTML, like Gecko) Version/14.0.3 Mobile/15E148 Safari/604.1"
35.90.62.106 - - [02/Sep/2025:10:44:08 +0200] "GET /vendor/rs-plugin/js/jquery.themepunch.revolution.js HTTP/1.1" 200 20432 "https://jks.lepetitcoindeparadis.com/" "Mozilla/5.0 (iPhone; CPU iPhone OS 14_6 like Mac OS X) AppleWebKit/605.1.15 (KHTML, like Gecko) Version/14.0.3 Mobile/15E148 Safari/604.1"
35.90.62.106 - - [02/Sep/2025:10:44:08 +0200] "GET /vendor/jquery.validate.js HTTP/1.1" 200 6830 "https://jks.lepetitcoindeparadis.com/" "Mozilla/5.0 (iPhone; CPU iPhone OS 14_6 like Mac OS X) AppleWebKit/605.1.15 (KHTML, like Gecko) Version/14.0.3 Mobile/15E148 Safari/604.1"
35.90.62.106 - - [02/Sep/2025:10:44:08 +0200] "GET /js/views/view.home.js HTTP/1.1" 200 1420 "https://jks.lepetitcoindeparadis.com/" "Mozilla/5.0 (iPhone; CPU iPhone OS 14_6 like Mac OS X) AppleWebKit/605.1.15 (KHTML, like Gecko) Version/14.0.3 Mobile/15E148 Safari/604.1"
35.90.62.106 - - [02/Sep/2025:10:44:08 +0200] "GET /js/theme.js HTTP/1.1" 200 5262 "https://jks.lepetitcoindeparadis.com/" "Mozilla/5.0 (iPhone; CPU iPhone OS 14_6 like Mac OS X) AppleWebKit/605.1.15 (KHTML, like Gecko) Version/14.0.3 Mobile/15E148 Safari/604.1"
35.90.62.106 - - [02/Sep/2025:10:44:08 +0200] "GET /c=%22js/custom.js%22 HTTP/1.1" 404 698 "https://jks.lepetitcoindeparadis.com/" "Mozilla/5.0 (iPhone; CPU iPhone OS 14_6 like Mac OS X) AppleWebKit/605.1.15 (KHTML, like Gecko) Version/14.0.3 Mobile/15E148 Safari/604.1"
35.90.62.106 - - [02/Sep/2025:10:44:08 +0200] "GET /img/map-top.png HTTP/1.1" 200 4426 "https://jks.lepetitcoindeparadis.com/css/theme.css" "Mozilla/5.0 (iPhone; CPU iPhone OS 14_6 like Mac OS X) AppleWebKit/605.1.15 (KHTML, like Gecko) Version/14.0.3 Mobile/15E148 Safari/604.1"
35.90.62.106 - - [02/Sep/2025:10:44:08 +0200] "GET /img/map-bottom.png HTTP/1.1" 200 1440 "https://jks.lepetitcoindeparadis.com/css/theme.css" "Mozilla/5.0 (iPhone; CPU iPhone OS 14_6 like Mac OS X) AppleWebKit/605.1.15 (KHTML, like Gecko) Version/14.0.3 Mobile/15E148 Safari/604.1"
35.90.62.106 - - [02/Sep/2025:10:44:09 +0200] "GET /favicon.ico HTTP/1.1" 200 4932 "https://jks.lepetitcoindeparadis.com/" "Mozilla/5.0 (iPhone; CPU iPhone OS 14_6 like Mac OS X) AppleWebKit/605.1.15 (KHTML, like Gecko) Version/14.0.3 Mobile/15E148 Safari/604.1"
35.90.62.106 - - [02/Sep/2025:10:44:10 +0200] "GET /img/ecommerce-logistique.jpg HTTP/1.1" 200 7604 "https://jks.lepetitcoindeparadis.com/" "Mozilla/5.0 (iPhone; CPU iPhone OS 14_6 like Mac OS X) AppleWebKit/605.1.15 (KHTML, like Gecko) Version/14.0.3 Mobile/15E148 Safari/604.1"
35.90.62.106 - - [02/Sep/2025:10:44:10 +0200] "GET /img/logistique-spedition.jpg HTTP/1.1" 200 9930 "https://jks.lepetitcoindeparadis.com/" "Mozilla/5.0 (iPhone; CPU iPhone OS 14_6 like Mac OS X) AppleWebKit/605.1.15 (KHTML, like Gecko) Version/14.0.3 Mobile/15E148 Safari/604.1"
35.90.62.106 - - [02/Sep/2025:10:44:10 +0200] "GET /img/envois-colis-e-commerce.jpg HTTP/1.1" 200 9130 "https://jks.lepetitcoindeparadis.com/" "Mozilla/5.0 (iPhone; CPU iPhone OS 14_6 like Mac OS X) AppleWebKit/605.1.15 (KHTML, like Gecko) Version/14.0.3 Mobile/15E148 Safari/604.1"
35.90.62.106 - - [02/Sep/2025:10:44:10 +0200] "GET /img/e-logistique-logistique-e-commerce.jpg HTTP/1.1" 200 5026 "https://jks.lepetitcoindeparadis.com/" "Mozilla/5.0 (iPhone; CPU iPhone OS 14_6 like Mac OS X) AppleWebKit/605.1.15 (KHTML, like Gecko) Version/14.0.3 Mobile/15E148 Safari/604.1"
35.90.62.106 - - [02/Sep/2025:10:44:10 +0200] "GET /img/vente-en-ligne-logistique-e-commerce.jpg HTTP/1.1" 200 26380 "https://jks.lepetitcoindeparadis.com/" "Mozilla/5.0 (iPhone; CPU iPhone OS 14_6 like Mac OS X) AppleWebKit/605.1.15 (KHTML, like Gecko) Version/14.0.3 Mobile/15E148 Safari/604.1"
35.90.62.106 - - [02/Sep/2025:10:44:10 +0200] "GET /img/entrepot/logistique%20e-commerce.jpg HTTP/1.1" 200 24304 "https://jks.lepetitcoindeparadis.com/" "Mozilla/5.0 (iPhone; CPU iPhone OS 14_6 like Mac OS X) AppleWebKit/605.1.15 (KHTML, like Gecko) Version/14.0.3 Mobile/15E148 Safari/604.1"
35.90.62.106 - - [02/Sep/2025:10:44:10 +0200] "GET /img/actualite-clients/externalisation-preparation-commandes.jpg HTTP/1.1" 200 20244 "https://jks.lepetitcoindeparadis.com/" "Mozilla/5.0 (iPhone; CPU iPhone OS 14_6 like Mac OS X) AppleWebKit/605.1.15 (KHTML, like Gecko) Version/14.0.3 Mobile/15E148 Safari/604.1"
35.90.62.106 - - [02/Sep/2025:10:44:10 +0200] "GET /img/actualites/logistique-international.jpg HTTP/1.1" 200 28874 "https://jks.lepetitcoindeparadis.com/" "Mozilla/5.0 (iPhone; CPU iPhone OS 14_6 like Mac OS X) AppleWebKit/605.1.15 (KHTML, like Gecko) Version/14.0.3 Mobile/15E148 Safari/604.1"
35.90.62.106 - - [02/Sep/2025:10:44:10 +0200] "GET /img/entrepot/stockage-logistique-site-e-commerce.jpg HTTP/1.1" 200 45758 "https://jks.lepetitcoindeparadis.com/" "Mozilla/5.0 (iPhone; CPU iPhone OS 14_6 like Mac OS X) AppleWebKit/605.1.15 (KHTML, like Gecko) Version/14.0.3 Mobile/15E148 Safari/604.1"
35.90.62.106 - - [02/Sep/2025:10:44:10 +0200] "GET /img/actualites/logistique-e-commerce-preparation-de-commandes.jpg HTTP/1.1" 200 79317 "https://jks.lepetitcoindeparadis.com/" "Mozilla/5.0 (iPhone; CPU iPhone OS 14_6 like Mac OS X) AppleWebKit/605.1.15 (KHTML, like Gecko) Version/14.0.3 Mobile/15E148 Safari/604.1"
35.90.62.106 - - [02/Sep/2025:10:44:10 +0200] "GET /img/actualite-clients/logistique-e-commerce-nouveau-site.jpg HTTP/1.1" 200 14396 "https://jks.lepetitcoindeparadis.com/" "Mozilla/5.0 (iPhone; CPU iPhone OS 14_6 like Mac OS X) AppleWebKit/605.1.15 (KHTML, like Gecko) Version/14.0.3 Mobile/15E148 Safari/604.1"
35.90.62.106 - - [02/Sep/2025:10:44:10 +0200] "GET /img/actualite-clients/preparation-commande-site-e-commerce.jpg HTTP/1.1" 200 10058 "https://jks.lepetitcoindeparadis.com/" "Mozilla/5.0 (iPhone; CPU iPhone OS 14_6 like Mac OS X) AppleWebKit/605.1.15 (KHTML, like Gecko) Version/14.0.3 Mobile/15E148 Safari/604.1"
35.90.62.106 - - [02/Sep/2025:10:44:10 +0200] "GET /img/actualites/logistique-e-commerce-hiht-tech.jpg HTTP/1.1" 200 11311 "https://jks.lepetitcoindeparadis.com/" "Mozilla/5.0 (iPhone; CPU iPhone OS 14_6 like Mac OS X) AppleWebKit/605.1.15 (KHTML, like Gecko) Version/14.0.3 Mobile/15E148 Safari/604.1"
35.90.62.106 - - [02/Sep/2025:10:44:10 +0200] "GET /img/prestataire/mode-et-marque-de-luxe.jpg HTTP/1.1" 200 73135 "https://jks.lepetitcoindeparadis.com/" "Mozilla/5.0 (iPhone; CPU iPhone OS 14_6 like Mac OS X) AppleWebKit/605.1.15 (KHTML, like Gecko) Version/14.0.3 Mobile/15E148 Safari/604.1"
35.90.62.106 - - [02/Sep/2025:10:44:10 +0200] "GET /img/actualites/expedition-conditionnement-a-fa%C3%A7on-manuel.JPG HTTP/1.1" 200 97202 "https://jks.lepetitcoindeparadis.com/" "Mozilla/5.0 (iPhone; CPU iPhone OS 14_6 like Mac OS X) AppleWebKit/605.1.15 (KHTML, like Gecko) Version/14.0.3 Mobile/15E148 Safari/604.1"
35.90.62.106 - - [02/Sep/2025:10:44:10 +0200] "GET /img/donnees/logo-endurance-logistique-fb.jpg HTTP/1.1" 200 111633 "https://jks.lepetitcoindeparadis.com/" "Mozilla/5.0 (iPhone; CPU iPhone OS 14_6 like Mac OS X) AppleWebKit/605.1.15 (KHTML, like Gecko) Version/14.0.3 Mobile/15E148 Safari/604.1"
90.115.200.13 - - [02/Sep/2025:10:45:41 +0200] "GET /img/entrepot/stockage-logistique-e-commerce.jpg HTTP/1.1" 200 51496 "http://intranet/" "Mozilla/5.0 (Windows NT 10.0; Win64; x64) AppleWebKit/537.36 (KHTML, like Gecko) Chrome/139.0.0.0 Safari/537.36"
85.208.96.195 - - [02/Sep/2025:10:45:50 +0200] "GET /robots.txt HTTP/1.1" 200 3720 "-" "Mozilla/5.0 (compatible; SemrushBot/7~bl; +http://www.semrush.com/bot.html)"
185.191.171.12 - - [02/Sep/2025:10:45:51 +0200] "GET /ita/logistica-francia-prodotti.htm HTTP/1.1" 200 7864 "-" "Mozilla/5.0 (compatible; SemrushBot/7~bl; +http://www.semrush.com/bot.html)"
187.3.212.53 - - [02/Sep/2025:10:47:00 +0200] "GET / HTTP/1.1" 200 11729 "-" "Mozilla/5.0 (Macintosh; Intel Mac OS X 10_15_7) AppleWebKit/537.36 (KHTML, like Gecko) Chrome/134.0.0.0 Safari/537.36"
185.191.171.13 - - [02/Sep/2025:10:47:40 +0200] "GET /ita/logistica-francia-prodotti.htm HTTP/1.1" 200 7880 "-" "Mozilla/5.0 (compatible; SemrushBot/7~bl; +http://www.semrush.com/bot.html)"
85.208.96.196 - - [02/Sep/2025:10:49:55 +0200] "GET /robots.txt HTTP/1.1" 200 3736 "-" "Mozilla/5.0 (compatible; SemrushBot/7~bl; +http://www.semrush.com/bot.html)"
185.191.171.13 - - [02/Sep/2025:10:49:56 +0200] "GET /logisticien-grossiste-distributeur.htm HTTP/1.1" 200 9112 "-" "Mozilla/5.0 (compatible; SemrushBot/7~bl; +http://www.semrush.com/bot.html)"
185.191.171.8 - - [02/Sep/2025:10:50:06 +0200] "GET /logistique-des-marques.htm HTTP/1.1" 200 8584 "-" "Mozilla/5.0 (compatible; SemrushBot/7~bl; +http://www.semrush.com/bot.html)"
5.188.34.117 - - [02/Sep/2025:10:50:56 +0200] "-" 408 2890 "-" "-"
34.217.24.229 - - [02/Sep/2025:10:52:03 +0200] "GET / HTTP/1.1" 200 11534 "-" "Mozilla/5.0 (X11; Linux x86_64) AppleWebKit/537.36 (KHTML, like Gecko) Chrome/83.0.4103.97 Safari/537.36"
85.208.96.204 - - [02/Sep/2025:10:54:31 +0200] "GET /conditionnement-a-facon.htm HTTP/1.1" 200 8600 "-" "Mozilla/5.0 (compatible; SemrushBot/7~bl; +http://www.semrush.com/bot.html)"
217.113.194.190 - - [02/Sep/2025:10:56:51 +0200] "GET /robots.txt HTTP/1.1" 200 4166 "-" "Mozilla/5.0 (compatible; Barkrowler/0.9; +https://babbar.tech/crawler)"
217.113.194.187 - - [02/Sep/2025:10:57:06 +0200] "GET /mentions-legales.htm HTTP/1.1" 304 3909 "-" "Mozilla/5.0 (compatible; Barkrowler/0.9; +https://babbar.tech/crawler)"
217.113.194.186 - - [02/Sep/2025:10:57:22 +0200] "GET /stockage-yvelines.htm HTTP/1.1" 304 3909 "-" "Mozilla/5.0 (compatible; Barkrowler/0.9; +https://babbar.tech/crawler)"
172.213.11.149 - - [02/Sep/2025:10:57:33 +0200] "GET /tarif-logistique-e-commerce.htm HTTP/1.1" 200 12305 "-" "Mozilla/5.0 AppleWebKit/537.36 (KHTML, like Gecko); compatible; ChatGPT-User/1.0; +https://openai.com/bot"
217.113.194.189 - - [02/Sep/2025:10:57:37 +0200] "GET /logistique-yvelines.htm HTTP/1.1" 304 3909 "-" "Mozilla/5.0 (compatible; Barkrowler/0.9; +https://babbar.tech/crawler)"
217.113.194.238 - - [02/Sep/2025:10:57:53 +0200] "GET /e-logistique.htm HTTP/1.1" 304 3909 "-" "Mozilla/5.0 (compatible; Barkrowler/0.9; +https://babbar.tech/crawler)"
217.113.194.183 - - [02/Sep/2025:10:58:08 +0200] "GET /mode-logistique.htm HTTP/1.1" 304 3909 "-" "Mozilla/5.0 (compatible; Barkrowler/0.9; +https://babbar.tech/crawler)"
85.208.96.198 - - [02/Sep/2025:10:58:14 +0200] "GET /robots.txt HTTP/1.1" 200 3720 "-" "Mozilla/5.0 (compatible; SemrushBot/7~bl; +http://www.semrush.com/bot.html)"
185.191.171.18 - - [02/Sep/2025:10:58:14 +0200] "GET /logistique-e-commerce-multicanal.htm HTTP/1.1" 200 8840 "-" "Mozilla/5.0 (compatible; SemrushBot/7~bl; +http://www.semrush.com/bot.html)"
154.54.249.213 - - [02/Sep/2025:10:58:23 +0200] "GET /logistique-e-commerce.htm HTTP/1.1" 304 3909 "-" "Mozilla/5.0 (compatible; Barkrowler/0.9; +https://babbar.tech/crawler)"
217.113.194.182 - - [02/Sep/2025:10:58:38 +0200] "GET /logistique-chaussure.htm HTTP/1.1" 304 3909 "-" "Mozilla/5.0 (compatible; Barkrowler/0.9; +https://babbar.tech/crawler)"
18.200.169.180 - - [02/Sep/2025:10:58:54 +0200] "GET / HTTP/1.1" 200 12078 "http://endurancelogistique.fr/" "Mozilla/5.0 (Macintosh; Intel Mac OS X 10_15_5) AppleWebKit/537.36 (KHTML, like Gecko) Chrome/83.0.4103.61 Safari/537.36"
217.113.194.182 - - [02/Sep/2025:10:58:54 +0200] "GET /logistique-co-packing.htm HTTP/1.1" 304 3909 "-" "Mozilla/5.0 (compatible; Barkrowler/0.9; +https://babbar.tech/crawler)"
18.200.169.180 - - [02/Sep/2025:10:58:57 +0200] "GET /index.htm HTTP/1.1" 200 12078 "https://www.endurancelogistique.fr/" "Mozilla/5.0 (Macintosh; Intel Mac OS X 10_15_5) AppleWebKit/537.36 (KHTML, like Gecko) Chrome/83.0.4103.61 Safari/537.36"
18.200.169.180 - - [02/Sep/2025:10:59:00 +0200] "GET /acces-stockage-yvelines.htm HTTP/1.1" 200 7425 "https://www.endurancelogistique.fr/" "Mozilla/5.0 (Macintosh; Intel Mac OS X 10_15_5) AppleWebKit/537.36 (KHTML, like Gecko) Chrome/83.0.4103.61 Safari/537.36"
18.200.169.180 - - [02/Sep/2025:10:59:04 +0200] "GET /devis-logistique.htm HTTP/1.1" 200 7540 "https://www.endurancelogistique.fr/" "Mozilla/5.0 (Macintosh; Intel Mac OS X 10_15_5) AppleWebKit/537.36 (KHTML, like Gecko) Chrome/83.0.4103.61 Safari/537.36"
18.200.169.180 - - [02/Sep/2025:10:59:09 +0200] "GET /ita/logistica-in-francia.htm HTTP/1.1" 200 8479 "https://www.endurancelogistique.fr/" "Mozilla/5.0 (Macintosh; Intel Mac OS X 10_15_5) AppleWebKit/537.36 (KHTML, like Gecko) Chrome/83.0.4103.61 Safari/537.36"
217.113.194.191 - - [02/Sep/2025:10:59:09 +0200] "GET /informatique-logistique.htm HTTP/1.1" 304 3909 "-" "Mozilla/5.0 (compatible; Barkrowler/0.9; +https://babbar.tech/crawler)"
18.200.169.180 - - [02/Sep/2025:10:59:13 +0200] "GET /services-logistiques.htm HTTP/1.1" 200 8404 "https://www.endurancelogistique.fr/" "Mozilla/5.0 (Macintosh; Intel Mac OS X 10_15_5) AppleWebKit/537.36 (KHTML, like Gecko) Chrome/83.0.4103.61 Safari/537.36"
185.191.171.19 - - [02/Sep/2025:10:59:16 +0200] "GET /chaussures-running-spira.htm HTTP/1.1" 200 8760 "-" "Mozilla/5.0 (compatible; SemrushBot/7~bl; +http://www.semrush.com/bot.html)"
18.200.169.180 - - [02/Sep/2025:10:59:16 +0200] "GET /logistique-client.htm HTTP/1.1" 200 9138 "https://www.endurancelogistique.fr/" "Mozilla/5.0 (Macintosh; Intel Mac OS X 10_15_5) AppleWebKit/537.36 (KHTML, like Gecko) Chrome/83.0.4103.61 Safari/537.36"
18.200.169.180 - - [02/Sep/2025:10:59:20 +0200] "GET /actualites-logistique-2020.htm HTTP/1.1" 200 9130 "https://www.endurancelogistique.fr/" "Mozilla/5.0 (Macintosh; Intel Mac OS X 10_15_5) AppleWebKit/537.36 (KHTML, like Gecko) Chrome/83.0.4103.61 Safari/537.36"
18.200.169.180 - - [02/Sep/2025:10:59:24 +0200] "GET /presse-actualites-logistique.htm HTTP/1.1" 200 9975 "https://www.endurancelogistique.fr/" "Mozilla/5.0 (Macintosh; Intel Mac OS X 10_15_5) AppleWebKit/537.36 (KHTML, like Gecko) Chrome/83.0.4103.61 Safari/537.36"
217.113.194.189 - - [02/Sep/2025:10:59:25 +0200] "GET /endurance-shopping.htm HTTP/1.1" 304 3909 "-" "Mozilla/5.0 (compatible; Barkrowler/0.9; +https://babbar.tech/crawler)"
18.200.169.180 - - [02/Sep/2025:10:59:29 +0200] "GET /logistique-e-commerce.htm HTTP/1.1" 200 11950 "https://www.endurancelogistique.fr/" "Mozilla/5.0 (Macintosh; Intel Mac OS X 10_15_5) AppleWebKit/537.36 (KHTML, like Gecko) Chrome/83.0.4103.61 Safari/537.36"
18.200.169.180 - - [02/Sep/2025:10:59:34 +0200] "GET /contact-logistique-yvelines.htm HTTP/1.1" 200 8809 "https://www.endurancelogistique.fr/" "Mozilla/5.0 (Macintosh; Intel Mac OS X 10_15_5) AppleWebKit/537.36 (KHTML, like Gecko) Chrome/83.0.4103.61 Safari/537.36"
18.200.169.180 - - [02/Sep/2025:10:59:40 +0200] "GET /logisticien-ile-de-france-idf.htm HTTP/1.1" 200 9654 "https://www.endurancelogistique.fr/" "Mozilla/5.0 (Macintosh; Intel Mac OS X 10_15_5) AppleWebKit/537.36 (KHTML, like Gecko) Chrome/83.0.4103.61 Safari/537.36"
217.113.194.189 - - [02/Sep/2025:10:59:40 +0200] "GET /webservices-e-commerce.htm HTTP/1.1" 304 3909 "-" "Mozilla/5.0 (compatible; Barkrowler/0.9; +https://babbar.tech/crawler)"
18.200.169.180 - - [02/Sep/2025:10:59:44 +0200] "GET /stockage-essonne.htm HTTP/1.1" 200 8686 "https://www.endurancelogistique.fr/" "Mozilla/5.0 (Macintosh; Intel Mac OS X 10_15_5) AppleWebKit/537.36 (KHTML, like Gecko) Chrome/83.0.4103.61 Safari/537.36"
18.200.169.180 - - [02/Sep/2025:10:59:49 +0200] "GET /stockage-hauts-de-seine.htm HTTP/1.1" 200 8952 "https://www.endurancelogistique.fr/" "Mozilla/5.0 (Macintosh; Intel Mac OS X 10_15_5) AppleWebKit/537.36 (KHTML, like Gecko) Chrome/83.0.4103.61 Safari/537.36"
18.200.169.180 - - [02/Sep/2025:10:59:53 +0200] "GET /plateforme-logistique-e-commerce.htm HTTP/1.1" 200 8918 "https://www.endurancelogistique.fr/" "Mozilla/5.0 (Macintosh; Intel Mac OS X 10_15_5) AppleWebKit/537.36 (KHTML, like Gecko) Chrome/83.0.4103.61 Safari/537.36"
217.113.194.189 - - [02/Sep/2025:10:59:56 +0200] "GET /logistique-multicanal.htm HTTP/1.1" 304 3909 "-" "Mozilla/5.0 (compatible; Barkrowler/0.9; +https://babbar.tech/crawler)"
154.54.249.213 - - [02/Sep/2025:11:00:11 +0200] "GET /logistique-lingerie.htm HTTP/1.1" 304 3909 "-" "Mozilla/5.0 (compatible; Barkrowler/0.9; +https://babbar.tech/crawler)"
217.113.194.182 - - [02/Sep/2025:11:00:26 +0200] "GET /gestion-stocks-e-commerce.htm HTTP/1.1" 304 3909 "-" "Mozilla/5.0 (compatible; Barkrowler/0.9; +https://babbar.tech/crawler)"
217.113.194.184 - - [02/Sep/2025:11:00:41 +0200] "GET /chaussure-dragon-sea.htm HTTP/1.1" 304 3909 "-" "Mozilla/5.0 (compatible; Barkrowler/0.9; +https://babbar.tech/crawler)"
217.113.194.239 - - [02/Sep/2025:11:00:56 +0200] "GET /ita/news-logistica-2016.htm HTTP/1.1" 304 3909 "-" "Mozilla/5.0 (compatible; Barkrowler/0.9; +https://babbar.tech/crawler)"
217.113.194.238 - - [02/Sep/2025:11:01:12 +0200] "GET /stockage-hauts-de-seine.htm HTTP/1.1" 304 3909 "-" "Mozilla/5.0 (compatible; Barkrowler/0.9; +https://babbar.tech/crawler)"
217.113.194.190 - - [02/Sep/2025:11:01:27 +0200] "GET /logistique-boutique-en-ligne.html HTTP/1.1" 304 3909 "-" "Mozilla/5.0 (compatible; Barkrowler/0.9; +https://babbar.tech/crawler)"
217.113.194.189 - - [02/Sep/2025:11:01:42 +0200] "GET /logistique-transport-yvelines.htm HTTP/1.1" 304 3909 "-" "Mozilla/5.0 (compatible; Barkrowler/0.9; +https://babbar.tech/crawler)"
142.132.195.214 - - [02/Sep/2025:11:01:47 +0200] "HEAD / HTTP/1.1" 200 3815 "https://www.studio-kiwik.fr/partner/word-up/" "SEBot-WA"
217.113.194.190 - - [02/Sep/2025:11:01:57 +0200] "GET /tarif-logistique-e-commerce.htm HTTP/1.1" 304 3910 "-" "Mozilla/5.0 (compatible; Barkrowler/0.9; +https://babbar.tech/crawler)"
217.113.194.182 - - [02/Sep/2025:11:02:12 +0200] "GET /actualites-logistique-2017.htm HTTP/1.1" 304 3909 "-" "Mozilla/5.0 (compatible; Barkrowler/0.9; +https://babbar.tech/crawler)"
217.113.194.184 - - [02/Sep/2025:11:02:27 +0200] "GET /actualites-logistique-2015.htm HTTP/1.1" 304 3909 "-" "Mozilla/5.0 (compatible; Barkrowler/0.9; +https://babbar.tech/crawler)"
217.113.194.239 - - [02/Sep/2025:11:02:43 +0200] "GET /actualites-logistique-2010.htm HTTP/1.1" 304 3909 "-" "Mozilla/5.0 (compatible; Barkrowler/0.9; +https://babbar.tech/crawler)"
217.113.194.182 - - [02/Sep/2025:11:02:58 +0200] "GET /actualites-logistique-2019.htm HTTP/1.1" 304 3910 "-" "Mozilla/5.0 (compatible; Barkrowler/0.9; +https://babbar.tech/crawler)"
217.113.194.190 - - [02/Sep/2025:11:03:13 +0200] "GET /ita/logistica-francia-prodotti.htm HTTP/1.1" 304 3909 "-" "Mozilla/5.0 (compatible; Barkrowler/0.9; +https://babbar.tech/crawler)"
217.113.194.182 - - [02/Sep/2025:11:03:28 +0200] "GET /plv-logistique-stockage.htm HTTP/1.1" 304 3909 "-" "Mozilla/5.0 (compatible; Barkrowler/0.9; +https://babbar.tech/crawler)"
217.113.194.251 - - [02/Sep/2025:11:03:45 +0200] "GET /stockage-logistique-e-commerce.htm HTTP/1.1" 304 3909 "-" "Mozilla/5.0 (compatible; Barkrowler/0.9; +https://babbar.tech/crawler)"
217.113.194.186 - - [02/Sep/2025:11:04:00 +0200] "GET /logistique-decoupe-tissus.htm HTTP/1.1" 304 3909 "-" "Mozilla/5.0 (compatible; Barkrowler/0.9; +https://babbar.tech/crawler)"
217.113.194.183 - - [02/Sep/2025:11:04:15 +0200] "GET /logistique-pour-un-e-shop.html HTTP/1.1" 304 3909 "-" "Mozilla/5.0 (compatible; Barkrowler/0.9; +https://babbar.tech/crawler)"
217.113.194.191 - - [02/Sep/2025:11:04:31 +0200] "GET /logistique-e-commerce-luxe.htm HTTP/1.1" 304 3909 "-" "Mozilla/5.0 (compatible; Barkrowler/0.9; +https://babbar.tech/crawler)"
217.113.194.239 - - [02/Sep/2025:11:04:46 +0200] "GET /logistique-distribution-chaussures.htm HTTP/1.1" 304 3909 "-" "Mozilla/5.0 (compatible; Barkrowler/0.9; +https://babbar.tech/crawler)"
217.113.194.185 - - [02/Sep/2025:11:05:01 +0200] "GET /logistique-distribution-presse.htm HTTP/1.1" 304 3909 "-" "Mozilla/5.0 (compatible; Barkrowler/0.9; +https://babbar.tech/crawler)"
217.113.194.185 - - [02/Sep/2025:11:05:16 +0200] "GET /logistique-organisation-salon.htm HTTP/1.1" 304 3909 "-" "Mozilla/5.0 (compatible; Barkrowler/0.9; +https://babbar.tech/crawler)"
217.113.194.185 - - [02/Sep/2025:11:05:31 +0200] "GET /logistique-showroom-yvelines.htm HTTP/1.1" 304 3909 "-" "Mozilla/5.0 (compatible; Barkrowler/0.9; +https://babbar.tech/crawler)"
217.113.194.190 - - [02/Sep/2025:11:05:47 +0200] "GET /logisticien-boutique-en-ligne.htm HTTP/1.1" 304 3909 "-" "Mozilla/5.0 (compatible; Barkrowler/0.9; +https://babbar.tech/crawler)"
217.113.194.251 - - [02/Sep/2025:11:06:02 +0200] "GET /logistique-mode-luxe-design.htm HTTP/1.1" 304 3909 "-" "Mozilla/5.0 (compatible; Barkrowler/0.9; +https://babbar.tech/crawler)"
217.113.194.189 - - [02/Sep/2025:11:06:17 +0200] "GET /envois-en-nombre-colis.htm HTTP/1.1" 304 3909 "-" "Mozilla/5.0 (compatible; Barkrowler/0.9; +https://babbar.tech/crawler)"
185.191.171.17 - - [02/Sep/2025:11:06:18 +0200] "GET /robots.txt HTTP/1.1" 200 3720 "-" "Mozilla/5.0 (compatible; SemrushBot/7~bl; +http://www.semrush.com/bot.html)"
185.191.171.6 - - [02/Sep/2025:11:06:19 +0200] "GET /logistique-e-commerce-externalisation.htm HTTP/1.1" 200 8360 "-" "Mozilla/5.0 (compatible; SemrushBot/7~bl; +http://www.semrush.com/bot.html)"
185.189.182.234 - - [02/Sep/2025:11:06:21 +0200] "GET / HTTP/1.1" 400 3524 "-" "-"
154.54.249.213 - - [02/Sep/2025:11:06:33 +0200] "GET /chaussures-handball-hummel.htm HTTP/1.1" 304 3909 "-" "Mozilla/5.0 (compatible; Barkrowler/0.9; +https://babbar.tech/crawler)"
85.208.96.193 - - [02/Sep/2025:11:06:41 +0200] "GET /externalisation-logistique-e-commerce.htm HTTP/1.1" 200 9560 "-" "Mozilla/5.0 (compatible; SemrushBot/7~bl; +http://www.semrush.com/bot.html)"
217.113.194.182 - - [02/Sep/2025:11:06:50 +0200] "GET /preparation-commande-e-commerce.htm HTTP/1.1" 304 3909 "-" "Mozilla/5.0 (compatible; Barkrowler/0.9; +https://babbar.tech/crawler)"
217.113.194.189 - - [02/Sep/2025:11:07:06 +0200] "GET /externalisation-logistique-e-commerce.htm HTTP/1.1" 304 3909 "-" "Mozilla/5.0 (compatible; Barkrowler/0.9; +https://babbar.tech/crawler)"
217.113.194.190 - - [02/Sep/2025:11:07:21 +0200] "GET /e-cigarettes-kangertech.htm HTTP/1.1" 304 3909 "-" "Mozilla/5.0 (compatible; Barkrowler/0.9; +https://babbar.tech/crawler)"
165.154.217.246 - - [02/Sep/2025:11:07:34 +0200] "GET /.env HTTP/1.1" 404 4165 "-" "Mozilla/5.0 (Linux; U; Android 4.4.2; en-US; HM NOTE 1W Build/KOT49H) AppleWebKit/534.30 (KHTML, like Gecko) Version/4.0 UCBrowser/11.0.5.850 U3/0.8.0 Mobile Safari/534.30"
165.154.217.246 - - [02/Sep/2025:11:07:36 +0200] "POST / HTTP/1.1" 200 12111 "-" "Mozilla/5.0 (Linux; U; Android 4.4.2; en-US; HM NOTE 1W Build/KOT49H) AppleWebKit/534.30 (KHTML, like Gecko) Version/4.0 UCBrowser/11.0.5.850 U3/0.8.0 Mobile Safari/534.30"
217.113.194.187 - - [02/Sep/2025:11:07:36 +0200] "GET /logistique-esat-78-yvelines.htm HTTP/1.1" 304 3909 "-" "Mozilla/5.0 (compatible; Barkrowler/0.9; +https://babbar.tech/crawler)"
217.113.194.190 - - [02/Sep/2025:11:07:52 +0200] "GET /logistique-linge-de-maison.htm HTTP/1.1" 304 3909 "-" "Mozilla/5.0 (compatible; Barkrowler/0.9; +https://babbar.tech/crawler)"
217.113.194.187 - - [02/Sep/2025:11:08:07 +0200] "GET /cahier-des-charges-logistique.htm HTTP/1.1" 304 3909 "-" "Mozilla/5.0 (compatible; Barkrowler/0.9; +https://babbar.tech/crawler)"
217.113.194.238 - - [02/Sep/2025:11:08:23 +0200] "GET /prestataire-logistique-e-commerce.htm HTTP/1.1" 304 3909 "-" "Mozilla/5.0 (compatible; Barkrowler/0.9; +https://babbar.tech/crawler)"
217.113.194.189 - - [02/Sep/2025:11:08:38 +0200] "GET /e-commerce-logistique-textile.htm HTTP/1.1" 304 3909 "-" "Mozilla/5.0 (compatible; Barkrowler/0.9; +https://babbar.tech/crawler)"
185.191.171.13 - - [02/Sep/2025:11:08:41 +0200] "GET /robots.txt HTTP/1.1" 200 3720 "-" "Mozilla/5.0 (compatible; SemrushBot/7~bl; +http://www.semrush.com/bot.html)"
185.191.171.18 - - [02/Sep/2025:11:08:41 +0200] "GET /prestataire-logistique-e-commerce.htm HTTP/1.1" 200 10024 "-" "Mozilla/5.0 (compatible; SemrushBot/7~bl; +http://www.semrush.com/bot.html)"
217.113.194.182 - - [02/Sep/2025:11:08:53 +0200] "GET /logistique-e-commerce-pieces-detachees.htm HTTP/1.1" 304 3909 "-" "Mozilla/5.0 (compatible; Barkrowler/0.9; +https://babbar.tech/crawler)"
217.113.194.251 - - [02/Sep/2025:11:09:10 +0200] "GET /logistique-e-commerce-ile-de-france.htm HTTP/1.1" 304 3909 "-" "Mozilla/5.0 (compatible; Barkrowler/0.9; +https://babbar.tech/crawler)"
217.113.194.185 - - [02/Sep/2025:11:09:25 +0200] "GET /logistique-e-commerce-hight-tech.htm HTTP/1.1" 304 3909 "-" "Mozilla/5.0 (compatible; Barkrowler/0.9; +https://babbar.tech/crawler)"
217.113.194.189 - - [02/Sep/2025:11:09:40 +0200] "GET /logistique-vente-en-ligne-cosmetique.htm HTTP/1.1" 304 3909 "-" "Mozilla/5.0 (compatible; Barkrowler/0.9; +https://babbar.tech/crawler)"
85.208.96.205 - - [02/Sep/2025:11:09:54 +0200] "GET /robots.txt HTTP/1.1" 200 3720 "-" "Mozilla/5.0 (compatible; SemrushBot/7~bl; +http://www.semrush.com/bot.html)"
85.208.96.204 - - [02/Sep/2025:11:09:55 +0200] "GET /logistique-cosmetique-luxe.htm HTTP/1.1" 200 8360 "-" "Mozilla/5.0 (compatible; SemrushBot/7~bl; +http://www.semrush.com/bot.html)"
217.113.194.182 - - [02/Sep/2025:11:09:55 +0200] "GET /logistique-site-e-commerce-ma.htm HTTP/1.1" 304 3909 "-" "Mozilla/5.0 (compatible; Barkrowler/0.9; +https://babbar.tech/crawler)"
217.113.194.183 - - [02/Sep/2025:11:10:10 +0200] "GET /location-bureaux-yvelines-versailles.htm HTTP/1.1" 304 3909 "-" "Mozilla/5.0 (compatible; Barkrowler/0.9; +https://babbar.tech/crawler)"
217.113.194.238 - - [02/Sep/2025:11:10:25 +0200] "GET /ita/soluzioni-logistiche-e-commerce.htm HTTP/1.1" 304 3910 "-" "Mozilla/5.0 (compatible; Barkrowler/0.9; +https://babbar.tech/crawler)"
185.191.171.18 - - [02/Sep/2025:11:10:36 +0200] "GET /robots.txt HTTP/1.1" 200 3720 "-" "Mozilla/5.0 (compatible; SemrushBot/7~bl; +http://www.semrush.com/bot.html)"
185.191.171.15 - - [02/Sep/2025:11:10:38 +0200] "GET /logistique-habillement-mode.htm HTTP/1.1" 200 8568 "-" "Mozilla/5.0 (compatible; SemrushBot/7~bl; +http://www.semrush.com/bot.html)"
217.113.194.251 - - [02/Sep/2025:11:10:40 +0200] "GET /e-commerce-logistique-objets-deco.htm HTTP/1.1" 304 3909 "-" "Mozilla/5.0 (compatible; Barkrowler/0.9; +https://babbar.tech/crawler)"
217.113.194.251 - - [02/Sep/2025:11:10:55 +0200] "GET /e-commerce-logistique-e-commercant.htm HTTP/1.1" 304 3909 "-" "Mozilla/5.0 (compatible; Barkrowler/0.9; +https://babbar.tech/crawler)"
5.39.109.176 - - [02/Sep/2025:11:10:58 +0200] "GET /robots.txt HTTP/1.1" 200 3942 "-" "Mozilla/5.0 (compatible; AhrefsBot/7.0; +http://ahrefs.com/robot/)"
51.195.183.251 - - [02/Sep/2025:11:10:59 +0200] "GET / HTTP/1.1" 304 3686 "-" "Mozilla/5.0 (compatible; AhrefsBot/7.0; +http://ahrefs.com/robot/)"
217.113.194.238 - - [02/Sep/2025:11:11:12 +0200] "GET /e-commerce-fulfillment-logistics-france.htm HTTP/1.1" 304 3909 "-" "Mozilla/5.0 (compatible; Barkrowler/0.9; +https://babbar.tech/crawler)"
66.249.64.74 - - [02/Sep/2025:11:11:20 +0200] "GET /logistique-mode.htm HTTP/1.1" 200 8976 "-" "Mozilla/5.0 (Linux; Android 6.0.1; Nexus 5X Build/MMB29P) AppleWebKit/537.36 (KHTML, like Gecko) Chrome/138.0.7204.183 Mobile Safari/537.36 (compatible; Googlebot/2.1; +http://www.google.com/bot.html)"
217.113.194.186 - - [02/Sep/2025:11:11:27 +0200] "GET /stockage-privatif-sos-stockage.htm HTTP/1.1" 304 3909 "-" "Mozilla/5.0 (compatible; Barkrowler/0.9; +https://babbar.tech/crawler)"
217.113.194.239 - - [02/Sep/2025:11:11:42 +0200] "GET /logistique-e-commerce-mode-made-in-france.htm HTTP/1.1" 304 3909 "-" "Mozilla/5.0 (compatible; Barkrowler/0.9; +https://babbar.tech/crawler)"
217.113.194.188 - - [02/Sep/2025:11:11:58 +0200] "GET /logistique-pret-a-porter-repetto.htm HTTP/1.1" 304 3909 "-" "Mozilla/5.0 (compatible; Barkrowler/0.9; +https://babbar.tech/crawler)"
217.113.194.185 - - [02/Sep/2025:11:12:13 +0200] "GET /logistique-plv-marketing-distribution.htm HTTP/1.1" 304 3909 "-" "Mozilla/5.0 (compatible; Barkrowler/0.9; +https://babbar.tech/crawler)"
217.113.194.188 - - [02/Sep/2025:11:12:28 +0200] "GET /logistic-fashion-and-design-in-france.htm HTTP/1.1" 304 3909 "-" "Mozilla/5.0 (compatible; Barkrowler/0.9; +https://babbar.tech/crawler)"
185.191.171.12 - - [02/Sep/2025:11:12:43 +0200] "GET /actualites-logistique-2018.htm HTTP/1.1" 200 10680 "-" "Mozilla/5.0 (compatible; SemrushBot/7~bl; +http://www.semrush.com/bot.html)"
217.113.194.189 - - [02/Sep/2025:11:12:45 +0200] "GET /conseil-logistique-developpement-e-commerce.htm HTTP/1.1" 304 3909 "-" "Mozilla/5.0 (compatible; Barkrowler/0.9; +https://babbar.tech/crawler)"
217.113.194.187 - - [02/Sep/2025:11:13:00 +0200] "GET /conseil-logistique-transport-international.htm HTTP/1.1" 304 3910 "-" "Mozilla/5.0 (compatible; Barkrowler/0.9; +https://babbar.tech/crawler)"
65.254.81.138 - - [02/Sep/2025:11:13:07 +0200] "GET /wp-json/wp/v2/users/ HTTP/1.1" 404 3816 "https://wordup-traduction.com/wp-json/wp/v2/users/" "Mozilla/5.0 (Windows NT 10.0; Win64; x64) AppleWebKit/537.36 (KHTML, like Gecko) Chrome/86.0.4240.198 Safari/537.36"
85.208.96.208 - - [02/Sep/2025:11:13:09 +0200] "GET /robots.txt HTTP/1.1" 200 3736 "-" "Mozilla/5.0 (compatible; SemrushBot/7~bl; +http://www.semrush.com/bot.html)"
85.208.96.208 - - [02/Sep/2025:11:13:10 +0200] "GET /logistique-boutique-en-ligne.html HTTP/1.1" 200 9416 "-" "Mozilla/5.0 (compatible; SemrushBot/7~bl; +http://www.semrush.com/bot.html)"
217.113.194.239 - - [02/Sep/2025:11:13:15 +0200] "GET /ita/logistica-della-moda-design-in-francia.htm HTTP/1.1" 304 3909 "-" "Mozilla/5.0 (compatible; Barkrowler/0.9; +https://babbar.tech/crawler)"
217.113.194.182 - - [02/Sep/2025:11:13:30 +0200] "GET /plateforme-logistique-mode-marques-luxe.htm HTTP/1.1" 304 3909 "-" "Mozilla/5.0 (compatible; Barkrowler/0.9; +https://babbar.tech/crawler)"
217.113.194.183 - - [02/Sep/2025:11:13:46 +0200] "GET /logistique-e-commerce-complements-alimentaires.htm HTTP/1.1" 304 3909 "-" "Mozilla/5.0 (compatible; Barkrowler/0.9; +https://babbar.tech/crawler)"
217.113.194.186 - - [02/Sep/2025:11:14:01 +0200] "GET /logisticien-e-commerce-tpe-pme.htm HTTP/1.1" 304 3910 "-" "Mozilla/5.0 (compatible; Barkrowler/0.9; +https://babbar.tech/crawler)"
217.113.194.184 - - [02/Sep/2025:11:14:16 +0200] "GET /gestion-informatisee-des-commandes-logistique.html HTTP/1.1" 304 3910 "-" "Mozilla/5.0 (compatible; Barkrowler/0.9; +https://babbar.tech/crawler)"
217.113.194.239 - - [02/Sep/2025:11:14:31 +0200] "GET /logistique-pour-le-e-commerce-pret-a-porter.htm HTTP/1.1" 304 3909 "-" "Mozilla/5.0 (compatible; Barkrowler/0.9; +https://babbar.tech/crawler)"
217.113.194.187 - - [02/Sep/2025:11:14:47 +0200] "GET /logistique-e-commerce-endurance-logistique.htm HTTP/1.1" 304 3909 "-" "Mozilla/5.0 (compatible; Barkrowler/0.9; +https://babbar.tech/crawler)"
217.113.194.187 - - [02/Sep/2025:11:15:02 +0200] "GET /logistique-expedition-colis-en-nombre.htm HTTP/1.1" 304 3909 "-" "Mozilla/5.0 (compatible; Barkrowler/0.9; +https://babbar.tech/crawler)"
185.191.171.14 - - [02/Sep/2025:11:15:14 +0200] "GET /robots.txt HTTP/1.1" 200 3720 "-" "Mozilla/5.0 (compatible; SemrushBot/7~bl; +http://www.semrush.com/bot.html)"
85.208.96.211 - - [02/Sep/2025:11:15:15 +0200] "GET /ita/la-logistica-in-francia.htm HTTP/1.1" 200 8408 "-" "Mozilla/5.0 (compatible; SemrushBot/7~bl; +http://www.semrush.com/bot.html)"
217.113.194.185 - - [02/Sep/2025:11:15:17 +0200] "GET /logistique-e-commerce-personnalisation-des-envois.htm HTTP/1.1" 304 3909 "-" "Mozilla/5.0 (compatible; Barkrowler/0.9; +https://babbar.tech/crawler)"
217.113.194.185 - - [02/Sep/2025:11:15:33 +0200] "GET /logistique-e-commerce-emballage-condtionnement.htm HTTP/1.1" 304 3909 "-" "Mozilla/5.0 (compatible; Barkrowler/0.9; +https://babbar.tech/crawler)"
18.222.238.35 - - [02/Sep/2025:11:15:43 +0200] "GET /robots.txt HTTP/1.1" 301 588 "http://www.endurancelogistique.fr/robots.txt" "Mozilla/5.0 (Windows NT 10.0; Win64; x64) AppleWebKit/537.36 (KHTML, like Gecko) Chrome/109.0.0.0 Safari/537.3"
18.222.238.35 - - [02/Sep/2025:11:15:43 +0200] "GET /robots.txt HTTP/1.1" 200 4202 "https://www.endurancelogistique.fr/robots.txt" "Mozilla/5.0 (Windows NT 10.0; Win64; x64) AppleWebKit/537.36 (KHTML, like Gecko) Chrome/109.0.0.0 Safari/537.3"
18.222.238.35 - - [02/Sep/2025:11:15:44 +0200] "GET /robots.txt HTTP/1.1" 200 4202 "https://www.endurancelogistique.fr/robots.txt" "Mozilla/5.0 (Windows NT 10.0; Win64; x64) AppleWebKit/537.36 (KHTML, like Gecko) Chrome/109.0.0.0 Safari/537.3"
217.113.194.185 - - [02/Sep/2025:11:15:48 +0200] "GET /logistique-ecommerce-pics-activite-preparation-commandes.htm HTTP/1.1" 304 3909 "-" "Mozilla/5.0 (compatible; Barkrowler/0.9; +https://babbar.tech/crawler)"
217.113.194.183 - - [02/Sep/2025:11:16:03 +0200] "GET /la-logistique-au-service-de-sweet-caddy-accessoires-de-golf.htm HTTP/1.1" 304 3909 "-" "Mozilla/5.0 (compatible; Barkrowler/0.9; +https://babbar.tech/crawler)"
5.255.231.197 - - [02/Sep/2025:11:16:39 +0200] "GET /robots.txt HTTP/1.1" 200 3889 "-" "Mozilla/5.0 (compatible; YandexBot/3.0; +http://yandex.com/bots)"
87.250.224.201 - - [02/Sep/2025:11:16:40 +0200] "GET /img/entrepot/stockage-et-logistique-e-commerce.jpg HTTP/1.1" 200 63190 "-" "Mozilla/5.0 (compatible; YandexImages/3.0; +http://yandex.com/bots)"
202.93.141.18 - - [02/Sep/2025:11:16:56 +0200] "GET /admin/assets/js/pbxlib.js HTTP/1.0" 404 4346 "-" "nvdorz"
66.249.70.192 - - [02/Sep/2025:11:21:22 +0200] "GET /logisticien-marque-cosmetique.htm HTTP/1.1" 304 3404 "-" "Mozilla/5.0 (Linux; Android 6.0.1; Nexus 5X Build/MMB29P) AppleWebKit/537.36 (KHTML, like Gecko) Chrome/138.0.7204.183 Mobile Safari/537.36 (compatible; Googlebot/2.1; +http://www.google.com/bot.html)"
185.191.171.19 - - [02/Sep/2025:11:21:40 +0200] "GET /logistique-marque-cosmetique.htm HTTP/1.1" 200 8040 "-" "Mozilla/5.0 (compatible; SemrushBot/7~bl; +http://www.semrush.com/bot.html)"
86.209.122.148 - - [02/Sep/2025:11:23:15 +0200] "GET /logistique-e-commerce-complements-alimentaires.htm HTTP/1.1" 200 9384 "https://www.google.com/" "Mozilla/5.0 (Windows NT 10.0; Win64; x64; rv:142.0) Gecko/20100101 Firefox/142.0"
86.209.122.148 - - [02/Sep/2025:11:23:15 +0200] "GET /css/fonts/font-awesome/css/font-awesome.css HTTP/1.1" 200 7941 "https://www.endurancelogistique.fr/logistique-e-commerce-complements-alimentaires.htm" "Mozilla/5.0 (Windows NT 10.0; Win64; x64; rv:142.0) Gecko/20100101 Firefox/142.0"
86.209.122.148 - - [02/Sep/2025:11:23:15 +0200] "GET /css/bootstrap.css HTTP/1.1" 200 16523 "https://www.endurancelogistique.fr/logistique-e-commerce-complements-alimentaires.htm" "Mozilla/5.0 (Windows NT 10.0; Win64; x64; rv:142.0) Gecko/20100101 Firefox/142.0"
86.209.122.148 - - [02/Sep/2025:11:23:15 +0200] "GET /vendor/owl-carousel/owl.carousel.css HTTP/1.1" 200 866 "https://www.endurancelogistique.fr/logistique-e-commerce-complements-alimentaires.htm" "Mozilla/5.0 (Windows NT 10.0; Win64; x64; rv:142.0) Gecko/20100101 Firefox/142.0"
86.209.122.148 - - [02/Sep/2025:11:23:15 +0200] "GET /vendor/owl-carousel/owl.theme.css HTTP/1.1" 200 1197 "https://www.endurancelogistique.fr/logistique-e-commerce-complements-alimentaires.htm" "Mozilla/5.0 (Windows NT 10.0; Win64; x64; rv:142.0) Gecko/20100101 Firefox/142.0"
86.209.122.148 - - [02/Sep/2025:11:23:15 +0200] "GET /vendor/magnific-popup/magnific-popup.css HTTP/1.1" 200 2237 "https://www.endurancelogistique.fr/logistique-e-commerce-complements-alimentaires.htm" "Mozilla/5.0 (Windows NT 10.0; Win64; x64; rv:142.0) Gecko/20100101 Firefox/142.0"
86.209.122.148 - - [02/Sep/2025:11:23:15 +0200] "GET /css/theme.css HTTP/1.1" 200 9655 "https://www.endurancelogistique.fr/logistique-e-commerce-complements-alimentaires.htm" "Mozilla/5.0 (Windows NT 10.0; Win64; x64; rv:142.0) Gecko/20100101 Firefox/142.0"
86.209.122.148 - - [02/Sep/2025:11:23:15 +0200] "GET /css/theme-elements.css HTTP/1.1" 200 8795 "https://www.endurancelogistique.fr/logistique-e-commerce-complements-alimentaires.htm" "Mozilla/5.0 (Windows NT 10.0; Win64; x64; rv:142.0) Gecko/20100101 Firefox/142.0"
86.209.122.148 - - [02/Sep/2025:11:23:15 +0200] "GET /css/theme-animate.css HTTP/1.1" 200 2809 "https://www.endurancelogistique.fr/logistique-e-commerce-complements-alimentaires.htm" "Mozilla/5.0 (Windows NT 10.0; Win64; x64; rv:142.0) Gecko/20100101 Firefox/142.0"
86.209.122.148 - - [02/Sep/2025:11:23:15 +0200] "GET /css/skins/blue.css HTTP/1.1" 200 1777 "https://www.endurancelogistique.fr/logistique-e-commerce-complements-alimentaires.htm" "Mozilla/5.0 (Windows NT 10.0; Win64; x64; rv:142.0) Gecko/20100101 Firefox/142.0"
86.209.122.148 - - [02/Sep/2025:11:23:15 +0200] "GET /css/custom.css HTTP/1.1" 200 512 "https://www.endurancelogistique.fr/logistique-e-commerce-complements-alimentaires.htm" "Mozilla/5.0 (Windows NT 10.0; Win64; x64; rv:142.0) Gecko/20100101 Firefox/142.0"
86.209.122.148 - - [02/Sep/2025:11:23:15 +0200] "GET /css/theme-responsive.css HTTP/1.1" 200 2984 "https://www.endurancelogistique.fr/logistique-e-commerce-complements-alimentaires.htm" "Mozilla/5.0 (Windows NT 10.0; Win64; x64; rv:142.0) Gecko/20100101 Firefox/142.0"
86.209.122.148 - - [02/Sep/2025:11:23:15 +0200] "GET /vendor/modernizr.js HTTP/1.1" 200 4644 "https://www.endurancelogistique.fr/logistique-e-commerce-complements-alimentaires.htm" "Mozilla/5.0 (Windows NT 10.0; Win64; x64; rv:142.0) Gecko/20100101 Firefox/142.0"
86.209.122.148 - - [02/Sep/2025:11:23:15 +0200] "GET /img/endurance-logistique.png HTTP/1.1" 200 3142 "https://www.endurancelogistique.fr/logistique-e-commerce-complements-alimentaires.htm" "Mozilla/5.0 (Windows NT 10.0; Win64; x64; rv:142.0) Gecko/20100101 Firefox/142.0"
86.209.122.148 - - [02/Sep/2025:11:23:15 +0200] "GET /img/flag_it.png HTTP/1.1" 200 450 "https://www.endurancelogistique.fr/logistique-e-commerce-complements-alimentaires.htm" "Mozilla/5.0 (Windows NT 10.0; Win64; x64; rv:142.0) Gecko/20100101 Firefox/142.0"
86.209.122.148 - - [02/Sep/2025:11:23:15 +0200] "GET /img/actualite-clients/logistique-e-commerce-complements-alimentaires.jpg HTTP/1.1" 200 19258 "https://www.endurancelogistique.fr/logistique-e-commerce-complements-alimentaires.htm" "Mozilla/5.0 (Windows NT 10.0; Win64; x64; rv:142.0) Gecko/20100101 Firefox/142.0"
86.209.122.148 - - [02/Sep/2025:11:23:15 +0200] "GET /img/actualite-clients/logistique-e-boutique-complements-alimentaires.jpg HTTP/1.1" 200 24266 "https://www.endurancelogistique.fr/logistique-e-commerce-complements-alimentaires.htm" "Mozilla/5.0 (Windows NT 10.0; Win64; x64; rv:142.0) Gecko/20100101 Firefox/142.0"
86.209.122.148 - - [02/Sep/2025:11:23:15 +0200] "GET /img/actualite-clients/logistique-e-commerce-complement-alimentaire.jpg HTTP/1.1" 200 21337 "https://www.endurancelogistique.fr/logistique-e-commerce-complements-alimentaires.htm" "Mozilla/5.0 (Windows NT 10.0; Win64; x64; rv:142.0) Gecko/20100101 Firefox/142.0"
86.209.122.148 - - [02/Sep/2025:11:23:15 +0200] "GET /img/prestataire/plate-forme-logistique-e-commerce.jpg HTTP/1.1" 200 52965 "https://www.endurancelogistique.fr/logistique-e-commerce-complements-alimentaires.htm" "Mozilla/5.0 (Windows NT 10.0; Win64; x64; rv:142.0) Gecko/20100101 Firefox/142.0"
86.209.122.148 - - [02/Sep/2025:11:23:16 +0200] "GET /img/endurance-logistique-logo.png HTTP/1.1" 200 2885 "https://www.endurancelogistique.fr/logistique-e-commerce-complements-alimentaires.htm" "Mozilla/5.0 (Windows NT 10.0; Win64; x64; rv:142.0) Gecko/20100101 Firefox/142.0"
86.209.122.148 - - [02/Sep/2025:11:23:16 +0200] "GET /img/endurance-logistique-123.png HTTP/1.1" 200 1779 "https://www.endurancelogistique.fr/logistique-e-commerce-complements-alimentaires.htm" "Mozilla/5.0 (Windows NT 10.0; Win64; x64; rv:142.0) Gecko/20100101 Firefox/142.0"
86.209.122.148 - - [02/Sep/2025:11:23:16 +0200] "GET /vendor/jquery.js HTTP/1.1" 200 33955 "https://www.endurancelogistique.fr/logistique-e-commerce-complements-alimentaires.htm" "Mozilla/5.0 (Windows NT 10.0; Win64; x64; rv:142.0) Gecko/20100101 Firefox/142.0"
86.209.122.148 - - [02/Sep/2025:11:23:16 +0200] "GET /js/plugins.js HTTP/1.1" 200 5468 "https://www.endurancelogistique.fr/logistique-e-commerce-complements-alimentaires.htm" "Mozilla/5.0 (Windows NT 10.0; Win64; x64; rv:142.0) Gecko/20100101 Firefox/142.0"
86.209.122.148 - - [02/Sep/2025:11:23:16 +0200] "GET /vendor/jquery.easing.js HTTP/1.1" 200 1291 "https://www.endurancelogistique.fr/logistique-e-commerce-complements-alimentaires.htm" "Mozilla/5.0 (Windows NT 10.0; Win64; x64; rv:142.0) Gecko/20100101 Firefox/142.0"
86.209.122.148 - - [02/Sep/2025:11:23:16 +0200] "GET /vendor/jquery.appear.js HTTP/1.1" 200 1140 "https://www.endurancelogistique.fr/logistique-e-commerce-complements-alimentaires.htm" "Mozilla/5.0 (Windows NT 10.0; Win64; x64; rv:142.0) Gecko/20100101 Firefox/142.0"
86.209.122.148 - - [02/Sep/2025:11:23:16 +0200] "GET /vendor/jquery.cookie.js HTTP/1.1" 200 1240 "https://www.endurancelogistique.fr/logistique-e-commerce-complements-alimentaires.htm" "Mozilla/5.0 (Windows NT 10.0; Win64; x64; rv:142.0) Gecko/20100101 Firefox/142.0"
86.209.122.148 - - [02/Sep/2025:11:23:16 +0200] "GET /vendor/bootstrap.js HTTP/1.1" 200 8087 "https://www.endurancelogistique.fr/logistique-e-commerce-complements-alimentaires.htm" "Mozilla/5.0 (Windows NT 10.0; Win64; x64; rv:142.0) Gecko/20100101 Firefox/142.0"
86.209.122.148 - - [02/Sep/2025:11:23:16 +0200] "GET /vendor/twitterjs/twitter.js HTTP/1.1" 200 1915 "https://www.endurancelogistique.fr/logistique-e-commerce-complements-alimentaires.htm" "Mozilla/5.0 (Windows NT 10.0; Win64; x64; rv:142.0) Gecko/20100101 Firefox/142.0"
86.209.122.148 - - [02/Sep/2025:11:23:16 +0200] "GET /vendor/owl-carousel/owl.carousel.js HTTP/1.1" 200 7389 "https://www.endurancelogistique.fr/logistique-e-commerce-complements-alimentaires.htm" "Mozilla/5.0 (Windows NT 10.0; Win64; x64; rv:142.0) Gecko/20100101 Firefox/142.0"
86.209.122.148 - - [02/Sep/2025:11:23:16 +0200] "GET /vendor/magnific-popup/magnific-popup.js HTTP/1.1" 200 8089 "https://www.endurancelogistique.fr/logistique-e-commerce-complements-alimentaires.htm" "Mozilla/5.0 (Windows NT 10.0; Win64; x64; rv:142.0) Gecko/20100101 Firefox/142.0"
86.209.122.148 - - [02/Sep/2025:11:23:16 +0200] "GET /vendor/jquery.validate.js HTTP/1.1" 200 6830 "https://www.endurancelogistique.fr/logistique-e-commerce-complements-alimentaires.htm" "Mozilla/5.0 (Windows NT 10.0; Win64; x64; rv:142.0) Gecko/20100101 Firefox/142.0"
86.209.122.148 - - [02/Sep/2025:11:23:16 +0200] "GET /js/theme.js HTTP/1.1" 200 5262 "https://www.endurancelogistique.fr/logistique-e-commerce-complements-alimentaires.htm" "Mozilla/5.0 (Windows NT 10.0; Win64; x64; rv:142.0) Gecko/20100101 Firefox/142.0"
86.209.122.148 - - [02/Sep/2025:11:23:16 +0200] "GET /js/custom.js HTTP/1.1" 200 525 "https://www.endurancelogistique.fr/logistique-e-commerce-complements-alimentaires.htm" "Mozilla/5.0 (Windows NT 10.0; Win64; x64; rv:142.0) Gecko/20100101 Firefox/142.0"
86.209.122.148 - - [02/Sep/2025:11:23:16 +0200] "GET /img/list-primary.png HTTP/1.1" 200 474 "https://www.endurancelogistique.fr/css/theme-elements.css" "Mozilla/5.0 (Windows NT 10.0; Win64; x64; rv:142.0) Gecko/20100101 Firefox/142.0"
86.209.122.148 - - [02/Sep/2025:11:23:16 +0200] "GET /css/fonts/font-awesome/fonts/fontawesome-webfont.woff?v=4.0.3 HTTP/1.1" 200 44842 "https://www.endurancelogistique.fr/css/fonts/font-awesome/css/font-awesome.css" "Mozilla/5.0 (Windows NT 10.0; Win64; x64; rv:142.0) Gecko/20100101 Firefox/142.0"
86.209.122.148 - - [02/Sep/2025:11:23:16 +0200] "GET /favicon.ico HTTP/1.1" 200 1758 "https://www.endurancelogistique.fr/logistique-e-commerce-complements-alimentaires.htm" "Mozilla/5.0 (Windows NT 10.0; Win64; x64; rv:142.0) Gecko/20100101 Firefox/142.0"
217.113.194.151 - - [02/Sep/2025:11:24:21 +0200] "GET /robots.txt HTTP/1.1" 200 4166 "-" "Mozilla/5.0 (compatible; Barkrowler/0.9; +https://babbar.tech/crawler)"
66.249.70.97 - - [02/Sep/2025:11:24:23 +0200] "GET /poteries-persannes.htm HTTP/1.1" 304 3404 "-" "Mozilla/5.0 (Linux; Android 6.0.1; Nexus 5X Build/MMB29P) AppleWebKit/537.36 (KHTML, like Gecko) Chrome/138.0.7204.183 Mobile Safari/537.36 (compatible; Googlebot/2.1; +http://www.google.com/bot.html)"
217.113.194.249 - - [02/Sep/2025:11:24:37 +0200] "GET /ita/contatti.htm HTTP/1.1" 304 3909 "-" "Mozilla/5.0 (compatible; Barkrowler/0.9; +https://babbar.tech/crawler)"
217.113.194.249 - - [02/Sep/2025:11:24:52 +0200] "GET /services-logistiques.htm HTTP/1.1" 304 3909 "-" "Mozilla/5.0 (compatible; Barkrowler/0.9; +https://babbar.tech/crawler)"
5.188.34.117 - - [02/Sep/2025:11:25:01 +0200] "-" 408 2890 "-" "-"
217.113.194.253 - - [02/Sep/2025:11:25:08 +0200] "GET /stockage-yvelines.htm HTTP/1.1" 304 3909 "-" "Mozilla/5.0 (compatible; Barkrowler/0.9; +https://babbar.tech/crawler)"
66.249.64.72 - - [02/Sep/2025:11:25:23 +0200] "GET / HTTP/1.1" 200 11778 "-" "Mozilla/5.0 (Linux; Android 6.0.1; Nexus 5X Build/MMB29P) AppleWebKit/537.36 (KHTML, like Gecko) Chrome/138.0.7204.183 Mobile Safari/537.36 (compatible; Googlebot/2.1; +http://www.google.com/bot.html)"
217.113.194.253 - - [02/Sep/2025:11:25:23 +0200] "GET /logistique-client.htm HTTP/1.1" 304 3909 "-" "Mozilla/5.0 (compatible; Barkrowler/0.9; +https://babbar.tech/crawler)"
66.249.64.71 - - [02/Sep/2025:11:25:26 +0200] "GET /c=%22js/custom.js%22 HTTP/1.1" 404 3852 "https://endurancelogistique.fr/" "Mozilla/5.0 (Linux; Android 6.0.1; Nexus 5X Build/MMB29P) AppleWebKit/537.36 (KHTML, like Gecko) Chrome/139.0.7258.127 Mobile Safari/537.36 (compatible; Googlebot/2.1; +http://www.google.com/bot.html)"
69.63.189.30 - - [02/Sep/2025:11:25:26 +0200] "GET /robots.txt HTTP/1.1" 206 4143 "-" "facebookexternalhit/1.1 (+http://www.facebook.com/externalhit_uatext.php)"
57.141.0.47 - - [02/Sep/2025:11:25:27 +0200] "GET /index.html HTTP/1.1" 404 4423 "-" "meta-externalagent/1.1 (+https://developers.facebook.com/docs/sharing/webmasters/crawler)"
217.113.194.150 - - [02/Sep/2025:11:25:39 +0200] "GET /logistique-yvelines.htm HTTP/1.1" 304 3909 "-" "Mozilla/5.0 (compatible; Barkrowler/0.9; +https://babbar.tech/crawler)"
217.113.194.143 - - [02/Sep/2025:11:25:54 +0200] "GET /logistique-retail.htm HTTP/1.1" 304 3909 "-" "Mozilla/5.0 (compatible; Barkrowler/0.9; +https://babbar.tech/crawler)"
217.113.194.253 - - [02/Sep/2025:11:26:09 +0200] "GET /mode-logistique.htm HTTP/1.1" 304 3909 "-" "Mozilla/5.0 (compatible; Barkrowler/0.9; +https://babbar.tech/crawler)"
217.113.194.146 - - [02/Sep/2025:11:26:26 +0200] "GET /entrepot-yvelines.htm HTTP/1.1" 304 3909 "-" "Mozilla/5.0 (compatible; Barkrowler/0.9; +https://babbar.tech/crawler)"
217.113.194.145 - - [02/Sep/2025:11:26:41 +0200] "GET /stockage-essonne.htm HTTP/1.1" 304 3909 "-" "Mozilla/5.0 (compatible; Barkrowler/0.9; +https://babbar.tech/crawler)"
51.75.236.135 - - [02/Sep/2025:11:26:43 +0200] "GET /robots.txt HTTP/1.1" 200 3942 "-" "Mozilla/5.0 (compatible; AhrefsBot/7.0; +http://ahrefs.com/robot/)"
37.59.204.146 - - [02/Sep/2025:11:26:44 +0200] "GET / HTTP/1.1" 304 3686 "-" "Mozilla/5.0 (compatible; AhrefsBot/7.0; +http://ahrefs.com/robot/)"
154.54.249.207 - - [02/Sep/2025:11:26:56 +0200] "GET /logistique-globale.htm HTTP/1.1" 304 3909 "-" "Mozilla/5.0 (compatible; Barkrowler/0.9; +https://babbar.tech/crawler)"
35.166.144.180 - - [02/Sep/2025:11:27:02 +0200] "GET / HTTP/1.1" 200 11534 "-" "Mozilla/5.0 (X11; Linux x86_64) AppleWebKit/537.36 (KHTML, like Gecko) Chrome/83.0.4103.97 Safari/537.36"
217.113.194.253 - - [02/Sep/2025:11:27:12 +0200] "GET /logistique-co-packing.htm HTTP/1.1" 304 3909 "-" "Mozilla/5.0 (compatible; Barkrowler/0.9; +https://babbar.tech/crawler)"
217.113.194.143 - - [02/Sep/2025:11:27:27 +0200] "GET /chaussons-beaba.htm HTTP/1.1" 304 3909 "-" "Mozilla/5.0 (compatible; Barkrowler/0.9; +https://babbar.tech/crawler)"
217.113.194.150 - - [02/Sep/2025:11:27:44 +0200] "GET /logistique-lingerie.htm HTTP/1.1" 304 3909 "-" "Mozilla/5.0 (compatible; Barkrowler/0.9; +https://babbar.tech/crawler)"
217.113.194.151 - - [02/Sep/2025:11:28:00 +0200] "GET /logistique-vente-privee.htm HTTP/1.1" 304 3909 "-" "Mozilla/5.0 (compatible; Barkrowler/0.9; +https://babbar.tech/crawler)"
217.113.194.150 - - [02/Sep/2025:11:28:15 +0200] "GET /logistique-maroquinerie.htm HTTP/1.1" 304 3909 "-" "Mozilla/5.0 (compatible; Barkrowler/0.9; +https://babbar.tech/crawler)"
85.208.96.193 - - [02/Sep/2025:11:28:24 +0200] "GET /robots.txt HTTP/1.1" 200 3720 "-" "Mozilla/5.0 (compatible; SemrushBot/7~bl; +http://www.semrush.com/bot.html)"
54.37.118.92 - - [02/Sep/2025:11:28:24 +0200] "GET /robots.txt HTTP/1.1" 200 3942 "-" "Mozilla/5.0 (compatible; AhrefsBot/7.0; +http://ahrefs.com/robot/)"
