35.92.34.161 - - [03/Sep/2025:02:52:16 +0200] "GET /img/entrepot/logistique%20e-commerce.jpg HTTP/1.1" 200 24304 "https://root.lepetitcoindeparadis.com/" "Mozilla/5.0 (Macintosh; Intel Mac OS X 10_15_7) AppleWebKit/537.36 (KHTML, like Gecko) Chrome/113.0.0.0 Safari/537.36"
35.92.34.161 - - [03/Sep/2025:02:52:17 +0200] "GET /img/actualites/logistique-international.jpg HTTP/1.1" 200 28874 "https://root.lepetitcoindeparadis.com/" "Mozilla/5.0 (Macintosh; Intel Mac OS X 10_15_7) AppleWebKit/537.36 (KHTML, like Gecko) Chrome/113.0.0.0 Safari/537.36"
35.92.34.161 - - [03/Sep/2025:02:52:17 +0200] "GET /img/entrepot/stockage-logistique-site-e-commerce.jpg HTTP/1.1" 200 45758 "https://root.lepetitcoindeparadis.com/" "Mozilla/5.0 (Macintosh; Intel Mac OS X 10_15_7) AppleWebKit/537.36 (KHTML, like Gecko) Chrome/113.0.0.0 Safari/537.36"
35.92.34.161 - - [03/Sep/2025:02:52:17 +0200] "GET /img/actualites/logistique-e-commerce-preparation-de-commandes.jpg HTTP/1.1" 200 47784 "https://root.lepetitcoindeparadis.com/" "Mozilla/5.0 (Macintosh; Intel Mac OS X 10_15_7) AppleWebKit/537.36 (KHTML, like Gecko) Chrome/113.0.0.0 Safari/537.36"
35.92.34.161 - - [03/Sep/2025:02:52:17 +0200] "GET /img/actualites/expedition-conditionnement-a-fa%C3%A7on-manuel.JPG HTTP/1.1" 200 78192 "https://root.lepetitcoindeparadis.com/" "Mozilla/5.0 (Macintosh; Intel Mac OS X 10_15_7) AppleWebKit/537.36 (KHTML, like Gecko) Chrome/113.0.0.0 Safari/537.36"
154.213.202.137 - - [03/Sep/2025:02:56:54 +0200] "GET / HTTP/1.1" 200 11553 "-" "Mozilla/5.0 (Macintosh; Intel Mac OS X 10_11_0) AppleWebKit/537.36 (KHTML, like Gecko) Chrome/74.0.3729.169 Safari/537.36"
154.213.197.38 - - [03/Sep/2025:02:57:19 +0200] "GET /s3cmd.ini HTTP/1.1" 404 3610 "-" "Mozilla/5.0 (iPhone; U; CPU iPhone OS 5_1_1 like Mac OS X; da-dk) AppleWebKit/534.46.0 (KHTML, like Gecko) CriOS/19.0.1084.60 Mobile/9B206 Safari/7534.48.3"
156.253.172.43 - - [03/Sep/2025:02:57:57 +0200] "GET /.aws/credentials HTTP/1.1" 404 3613 "-" "Mozilla/5.0 (Windows NT 10.0; Win64; x64) AppleWebKit/537.36 (KHTML, like Gecko) Chrome/72.0.3626.109 Safari/537.36"
185.191.171.1 - - [03/Sep/2025:02:58:19 +0200] "GET /robots.txt HTTP/1.1" 200 3720 "-" "Mozilla/5.0 (compatible; SemrushBot/7~bl; +http://www.semrush.com/bot.html)"
85.208.96.193 - - [03/Sep/2025:02:58:20 +0200] "GET /chaussons-beaba.htm HTTP/1.1" 200 8312 "-" "Mozilla/5.0 (compatible; SemrushBot/7~bl; +http://www.semrush.com/bot.html)"
51.68.236.71 - - [03/Sep/2025:02:58:47 +0200] "GET /robots.txt HTTP/1.1" 200 3654 "-" "Mozilla/5.0 (compatible; MJ12bot/v2.0.4; http://mj12bot.com/)"
51.68.236.71 - - [03/Sep/2025:02:58:47 +0200] "GET / HTTP/1.1" 200 8620 "-" "Mozilla/5.0 (compatible; MJ12bot/v2.0.4; http://mj12bot.com/)"
156.233.74.149 - - [03/Sep/2025:02:59:45 +0200] "GET /views/view.home.js HTTP/1.1" 404 3614 "-" "Mozilla/5.0 (Linux; Android 4.3; SPH-L710 Build/JSS15J) AppleWebKit/537.36 (KHTML, like Gecko) Chrome/32.0.1700.99 Mobile Safari/537.36"
156.233.74.149 - - [03/Sep/2025:02:59:45 +0200] "GET /theme.js HTTP/1.1" 404 3610 "-" "Mozilla/5.0 (Windows NT 6.1; WOW64; Trident/7.0; rv:11.0) like Gecko"
156.233.74.149 - - [03/Sep/2025:02:59:45 +0200] "GET /rs-plugin/js/jquery.themepunch.revolution.js HTTP/1.1" 404 3634 "-" "Mozilla/5.0 (Linux; Android 8.1.0; vivo 1807) AppleWebKit/537.36 (KHTML, like Gecko) Chrome/71.0.3578.99 Mobile Safari/537.36"
156.233.74.149 - - [03/Sep/2025:02:59:45 +0200] "GET //www.google-analytics.com/analytics.js HTTP/1.1" 404 3625 "-" "Mozilla/5.0 (Windows NT 6.1; WOW64) AppleWebKit/537.36 (KHTML, like Gecko) Chrome/69.0.3947.100 Safari/537.36"
156.233.74.149 - - [03/Sep/2025:02:59:46 +0200] "GET /jquery.js HTTP/1.1" 404 3610 "-" "Mozilla/5.0 (Linux; Android 6.0.1; MI 4W) AppleWebKit/537.36 (KHTML, like Gecko) Chrome/76.0.3809.111 Mobile Safari/537.36"
156.233.74.149 - - [03/Sep/2025:02:59:46 +0200] "GET /jquery.easing.js HTTP/1.1" 404 3614 "-" "Mozilla/5.0 (Linux; Android 5.1.1; vivo Y31L.RastaMod\xe2\x84\xa2_Version) AppleWebKit/537.36 (KHTML, like Gecko) Chrome/75.0.3770.143 Mobile Safari/537.36"
156.233.74.149 - - [03/Sep/2025:02:59:46 +0200] "GET /plugins.js HTTP/1.1" 404 3611 "-" "Mozilla/5.0 (compatible; MSIE 10.6; Windows NT 6.1; Trident/5.0; InfoPath.2; SLCC1; .NET CLR 3.0.4506.2152; .NET CLR 3.5.30729; .NET CLR 2.0.50727) 3gpp-gba UNTRUSTED/1.0"
156.233.74.149 - - [03/Sep/2025:02:59:46 +0200] "GET /ga.js HTTP/1.1" 404 3608 "-" "Mozilla/5.0 (Windows NT 10.0; WOW64; Trident/7.0; MATBJS; rv:11.0) like Gecko"
156.233.74.149 - - [03/Sep/2025:02:59:46 +0200] "GET /rs-plugin/js/jquery.themepunch.plugins.min.js HTTP/1.1" 404 3634 "-" "Mozilla/5.0 (Windows NT 10.0; Win64; x64) AppleWebKit/537.36 (KHTML, like Gecko) Chrome/72.0.3626.119 Safari/537.36"
156.233.74.149 - - [03/Sep/2025:02:59:46 +0200] "GET /bootstrap.js HTTP/1.1" 404 3612 "-" "Mozilla/5.0 (Linux; Android 6.0.1; SM-N915T) AppleWebKit/537.36 (KHTML, like Gecko) Chrome/75.0.3770.143 Mobile Safari/537.36"
156.233.74.149 - - [03/Sep/2025:02:59:46 +0200] "GET /jquery.validate.js HTTP/1.1" 404 3616 "-" "Mozilla/5.0 (Macintosh; Intel Mac OS X 10_13_4) AppleWebKit/537.36 (KHTML, like Gecko) Chrome/74.0.3729.169 Safari/537.36"
156.233.74.149 - - [03/Sep/2025:02:59:46 +0200] "GET /custom.js HTTP/1.1" 404 3610 "-" "SonyEricssonK810i/R1KG Browser/NetFront/3.3 Profile/MIDP-2.0 Configuration/CLDC-1.1"
156.233.74.149 - - [03/Sep/2025:02:59:46 +0200] "GET /owl-carousel/owl.carousel.js HTTP/1.1" 404 3618 "-" "Mozilla/5.0 (Linux; Android 6.0; NCE-AL00 Build/HUAWEINCE-AL00; wv) AppleWebKit/537.36 (KHTML, like Gecko) Version/4.0 Chrome/66.0.3359.126 MQQBrowser/6.2 TBS/044813 Mobile Safari/537.36 MMWEBID/6904 MicroMessenger/7.0.6.1460(0x27000634) Process/tools NetType/4G Language/zh_CN"
156.233.74.149 - - [03/Sep/2025:02:59:46 +0200] "GET /jquery.appear.js HTTP/1.1" 404 3614 "-" "Mozilla/5.0 (Macintosh; Intel Mac OS X 10_14_4) AppleWebKit/537.36 (KHTML, like Gecko) Chrome/77.0.3865.35 Safari/537.36"
154.54.249.206 - - [03/Sep/2025:03:01:23 +0200] "GET /robots.txt HTTP/1.1" 200 4166 "-" "Mozilla/5.0 (compatible; Barkrowler/0.9; +https://babbar.tech/crawler)"
217.113.194.135 - - [03/Sep/2025:03:01:38 +0200] "GET /index.htm HTTP/1.1" 304 3910 "-" "Mozilla/5.0 (compatible; Barkrowler/0.9; +https://babbar.tech/crawler)"
217.113.194.229 - - [03/Sep/2025:03:01:53 +0200] "GET /ita/contatti.htm HTTP/1.1" 304 3909 "-" "Mozilla/5.0 (compatible; Barkrowler/0.9; +https://babbar.tech/crawler)"
51.68.236.95 - - [03/Sep/2025:03:02:01 +0200] "GET /robots.txt HTTP/1.1" 200 3661 "-" "Mozilla/5.0 (compatible; MJ12bot/v2.0.4; http://mj12bot.com/)"
51.68.236.95 - - [03/Sep/2025:03:02:01 +0200] "GET / HTTP/1.1" 200 8620 "-" "Mozilla/5.0 (compatible; MJ12bot/v2.0.4; http://mj12bot.com/)"
217.113.194.136 - - [03/Sep/2025:03:02:09 +0200] "GET /services-logistiques.htm HTTP/1.1" 304 3909 "-" "Mozilla/5.0 (compatible; Barkrowler/0.9; +https://babbar.tech/crawler)"
185.242.226.107 - - [03/Sep/2025:03:02:10 +0200] "GET / HTTP/1.1" 200 11510 "-" "Mozilla/5.0 (Windows NT 10.0; Win64; x64) AppleWebKit/537.36 (KHTML, like Gecko) Chrome/88.0.4324.190 Safari/537.36"
217.113.194.230 - - [03/Sep/2025:03:02:24 +0200] "GET /stockage-yvelines.htm HTTP/1.1" 304 3909 "-" "Mozilla/5.0 (compatible; Barkrowler/0.9; +https://babbar.tech/crawler)"
217.113.194.137 - - [03/Sep/2025:03:02:39 +0200] "GET /logistique-mode.htm HTTP/1.1" 304 3908 "-" "Mozilla/5.0 (compatible; Barkrowler/0.9; +https://babbar.tech/crawler)"
217.113.194.134 - - [03/Sep/2025:03:02:54 +0200] "GET /entrepot-yvelines.htm HTTP/1.1" 304 3909 "-" "Mozilla/5.0 (compatible; Barkrowler/0.9; +https://babbar.tech/crawler)"
217.113.194.139 - - [03/Sep/2025:03:03:09 +0200] "GET /stockage-essonne.htm HTTP/1.1" 304 3909 "-" "Mozilla/5.0 (compatible; Barkrowler/0.9; +https://babbar.tech/crawler)"
217.113.194.135 - - [03/Sep/2025:03:03:25 +0200] "GET /logistique-des-marques.htm HTTP/1.1" 304 3909 "-" "Mozilla/5.0 (compatible; Barkrowler/0.9; +https://babbar.tech/crawler)"
217.113.194.132 - - [03/Sep/2025:03:03:40 +0200] "GET /logistique-chaussures.htm HTTP/1.1" 304 3909 "-" "Mozilla/5.0 (compatible; Barkrowler/0.9; +https://babbar.tech/crawler)"
217.113.194.139 - - [03/Sep/2025:03:03:55 +0200] "GET /logistique-chaussure.htm HTTP/1.1" 304 3909 "-" "Mozilla/5.0 (compatible; Barkrowler/0.9; +https://babbar.tech/crawler)"
217.113.194.136 - - [03/Sep/2025:03:04:10 +0200] "GET /logistique-cosmetique.htm HTTP/1.1" 304 3909 "-" "Mozilla/5.0 (compatible; Barkrowler/0.9; +https://babbar.tech/crawler)"
217.113.194.140 - - [03/Sep/2025:03:04:30 +0200] "GET /actualites-logistique.htm HTTP/1.1" 304 3909 "-" "Mozilla/5.0 (compatible; Barkrowler/0.9; +https://babbar.tech/crawler)"
217.113.194.132 - - [03/Sep/2025:03:04:46 +0200] "GET /logistique-jeux-jouets.htm HTTP/1.1" 304 3909 "-" "Mozilla/5.0 (compatible; Barkrowler/0.9; +https://babbar.tech/crawler)"
217.113.194.141 - - [03/Sep/2025:03:05:01 +0200] "GET /logistique-multicanal.htm HTTP/1.1" 304 3909 "-" "Mozilla/5.0 (compatible; Barkrowler/0.9; +https://babbar.tech/crawler)"
156.228.115.24 - - [03/Sep/2025:03:05:04 +0200] "GET /config.php%7C/.env%7Csettings.py HTTP/1.1" 404 3625 "-" "Mozilla/5.0 (Linux; Android 9; MI 8 Build/PKQ1.180729.001; wv) AppleWebKit/537.36 (KHTML, like Gecko) Version/4.0 Chrome/67.0.3396.87 XWEB/882 MMWEBSDK/190506 Mobile Safari/537.36 MMWEBID/409 MicroMessenger/7.0.6.1460(0x27000634) Process/tools NetType/WIFI Language/zh_CN"
217.113.194.132 - - [03/Sep/2025:03:05:16 +0200] "GET /logistique-maroquinerie.htm HTTP/1.1" 304 3909 "-" "Mozilla/5.0 (compatible; Barkrowler/0.9; +https://babbar.tech/crawler)"
217.113.194.138 - - [03/Sep/2025:03:05:31 +0200] "GET /contact-logistique-yvelines.htm HTTP/1.1" 304 3909 "-" "Mozilla/5.0 (compatible; Barkrowler/0.9; +https://babbar.tech/crawler)"
156.228.115.24 - - [03/Sep/2025:03:05:34 +0200] "GET /.git%7C/.svn HTTP/1.1" 404 3613 "-" "Mozilla/5.0 (Linux; Android 7.0; FRD-L09) AppleWebKit/537.36 (KHTML, like Gecko) Chrome/76.0.3809.111 Mobile Safari/537.36"
85.208.96.205 - - [03/Sep/2025:03:05:45 +0200] "GET /ita/logistica-ecommerce-francia.htm HTTP/1.1" 200 8312 "-" "Mozilla/5.0 (compatible; SemrushBot/7~bl; +http://www.semrush.com/bot.html)"
217.113.194.134 - - [03/Sep/2025:03:05:46 +0200] "GET /devis-logistique-plv.htm HTTP/1.1" 304 3909 "-" "Mozilla/5.0 (compatible; Barkrowler/0.9; +https://babbar.tech/crawler)"
156.228.115.24 - - [03/Sep/2025:03:05:52 +0200] "GET / HTTP/1.1" 200 11553 "-" "Mozilla/5.0 (Linux; Android 8.1.0; SM-G610M) AppleWebKit/537.36 (KHTML, like Gecko) Chrome/76.0.3809.111 Mobile Safari/537.36"
217.113.194.134 - - [03/Sep/2025:03:06:02 +0200] "GET /gestion-stock-e-commerce.htm HTTP/1.1" 304 3910 "-" "Mozilla/5.0 (compatible; Barkrowler/0.9; +https://babbar.tech/crawler)"
217.113.194.133 - - [03/Sep/2025:03:06:17 +0200] "GET /chaussures-running-spira.htm HTTP/1.1" 304 3909 "-" "Mozilla/5.0 (compatible; Barkrowler/0.9; +https://babbar.tech/crawler)"
217.113.194.135 - - [03/Sep/2025:03:06:32 +0200] "GET /prestataire-logistique.htm HTTP/1.1" 304 3909 "-" "Mozilla/5.0 (compatible; Barkrowler/0.9; +https://babbar.tech/crawler)"
217.113.194.141 - - [03/Sep/2025:03:06:48 +0200] "GET /actualites-logistique-2018.htm HTTP/1.1" 304 3909 "-" "Mozilla/5.0 (compatible; Barkrowler/0.9; +https://babbar.tech/crawler)"
217.113.194.135 - - [03/Sep/2025:03:07:03 +0200] "GET /entreposage-e-commerce.htm HTTP/1.1" 304 3909 "-" "Mozilla/5.0 (compatible; Barkrowler/0.9; +https://babbar.tech/crawler)"
154.54.249.206 - - [03/Sep/2025:03:07:18 +0200] "GET /poteries-persannes.htm HTTP/1.1" 304 3909 "-" "Mozilla/5.0 (compatible; Barkrowler/0.9; +https://babbar.tech/crawler)"
185.191.171.4 - - [03/Sep/2025:03:07:20 +0200] "GET /e-commerce-fulfillment-logistics-france.htm HTTP/1.1" 200 8360 "-" "Mozilla/5.0 (compatible; SemrushBot/7~bl; +http://www.semrush.com/bot.html)"
217.113.194.134 - - [03/Sep/2025:03:07:33 +0200] "GET /stockage-hauts-de-seine.htm HTTP/1.1" 304 3909 "-" "Mozilla/5.0 (compatible; Barkrowler/0.9; +https://babbar.tech/crawler)"
217.113.194.132 - - [03/Sep/2025:03:07:48 +0200] "GET /logistique-e-commerce-design.htm HTTP/1.1" 304 3909 "-" "Mozilla/5.0 (compatible; Barkrowler/0.9; +https://babbar.tech/crawler)"
217.113.194.135 - - [03/Sep/2025:03:08:03 +0200] "GET /logistique-boutique-en-ligne.html HTTP/1.1" 304 3909 "-" "Mozilla/5.0 (compatible; Barkrowler/0.9; +https://babbar.tech/crawler)"
185.191.171.14 - - [03/Sep/2025:03:08:04 +0200] "GET /robots.txt HTTP/1.1" 200 3729 "-" "Mozilla/5.0 (compatible; SemrushBot/7~bl; +http://www.semrush.com/bot.html)"
85.208.96.208 - - [03/Sep/2025:03:08:04 +0200] "GET /e-commerce-fulfillment-logistics-france.htm HTTP/1.1" 200 8369 "-" "Mozilla/5.0 (compatible; SemrushBot/7~bl; +http://www.semrush.com/bot.html)"
217.113.194.136 - - [03/Sep/2025:03:08:19 +0200] "GET /tarif-logistique-e-commerce.htm HTTP/1.1" 304 3910 "-" "Mozilla/5.0 (compatible; Barkrowler/0.9; +https://babbar.tech/crawler)"
66.249.72.69 - - [03/Sep/2025:03:08:31 +0200] "GET /robots.txt HTTP/1.1" 200 3661 "-" "Mozilla/5.0 (compatible; Googlebot/2.1; +http://www.google.com/bot.html)"
66.249.72.69 - - [03/Sep/2025:03:08:31 +0200] "GET /index.htm HTTP/1.1" 200 8620 "-" "Mozilla/5.0 (Linux; Android 6.0.1; Nexus 5X Build/MMB29P) AppleWebKit/537.36 (KHTML, like Gecko) Chrome/138.0.7204.183 Mobile Safari/537.36 (compatible; Googlebot/2.1; +http://www.google.com/bot.html)"
217.113.194.134 - - [03/Sep/2025:03:08:35 +0200] "GET /gestion-logistique-des-retours.htm HTTP/1.1" 304 3909 "-" "Mozilla/5.0 (compatible; Barkrowler/0.9; +https://babbar.tech/crawler)"
217.113.194.134 - - [03/Sep/2025:03:08:51 +0200] "GET /interface-client-logistique.htm HTTP/1.1" 304 3909 "-" "Mozilla/5.0 (compatible; Barkrowler/0.9; +https://babbar.tech/crawler)"
217.113.194.137 - - [03/Sep/2025:03:09:06 +0200] "GET /conseil-logistique-e-commerce.htm HTTP/1.1" 304 3909 "-" "Mozilla/5.0 (compatible; Barkrowler/0.9; +https://babbar.tech/crawler)"
217.113.194.141 - - [03/Sep/2025:03:09:28 +0200] "GET /module-logistique-e-commerce.htm HTTP/1.1" 304 3909 "-" "Mozilla/5.0 (compatible; Barkrowler/0.9; +https://babbar.tech/crawler)"
217.113.194.141 - - [03/Sep/2025:03:09:43 +0200] "GET /actualites-logistique-2017.htm HTTP/1.1" 304 3909 "-" "Mozilla/5.0 (compatible; Barkrowler/0.9; +https://babbar.tech/crawler)"
17.241.227.99 - - [03/Sep/2025:03:09:46 +0200] "GET /logistique-mode.htm HTTP/1.1" 200 9409 "-" "Mozilla/5.0 (Macintosh; Intel Mac OS X 10_15_7) AppleWebKit/605.1.15 (KHTML, like Gecko) Version/17.4 Safari/605.1.15 (Applebot/0.1; +http://www.apple.com/go/applebot)"
217.113.194.141 - - [03/Sep/2025:03:09:59 +0200] "GET /actualites-logistique-2010.htm HTTP/1.1" 304 3909 "-" "Mozilla/5.0 (compatible; Barkrowler/0.9; +https://babbar.tech/crawler)"
217.113.194.141 - - [03/Sep/2025:03:10:14 +0200] "GET /actualites-logistique-2019.htm HTTP/1.1" 304 3910 "-" "Mozilla/5.0 (compatible; Barkrowler/0.9; +https://babbar.tech/crawler)"
217.113.194.138 - - [03/Sep/2025:03:10:30 +0200] "GET /ita/logistica-francia-prodotti.htm HTTP/1.1" 304 3909 "-" "Mozilla/5.0 (compatible; Barkrowler/0.9; +https://babbar.tech/crawler)"
217.113.194.136 - - [03/Sep/2025:03:10:47 +0200] "GET /logistique-decoupe-tissus.htm HTTP/1.1" 304 3909 "-" "Mozilla/5.0 (compatible; Barkrowler/0.9; +https://babbar.tech/crawler)"
217.113.194.136 - - [03/Sep/2025:03:11:02 +0200] "GET /logistique-e-commerce-luxe.htm HTTP/1.1" 304 3909 "-" "Mozilla/5.0 (compatible; Barkrowler/0.9; +https://babbar.tech/crawler)"
217.113.194.139 - - [03/Sep/2025:03:11:18 +0200] "GET /logistique-agences-communication.htm HTTP/1.1" 304 3909 "-" "Mozilla/5.0 (compatible; Barkrowler/0.9; +https://babbar.tech/crawler)"
217.113.194.230 - - [03/Sep/2025:03:11:33 +0200] "GET /logistique-distribution-presse.htm HTTP/1.1" 304 3909 "-" "Mozilla/5.0 (compatible; Barkrowler/0.9; +https://babbar.tech/crawler)"
217.113.194.229 - - [03/Sep/2025:03:11:48 +0200] "GET /logistique-showroom-yvelines.htm HTTP/1.1" 304 3909 "-" "Mozilla/5.0 (compatible; Barkrowler/0.9; +https://babbar.tech/crawler)"
217.113.194.141 - - [03/Sep/2025:03:12:03 +0200] "GET /logisticien-boutique-en-ligne.htm HTTP/1.1" 304 3909 "-" "Mozilla/5.0 (compatible; Barkrowler/0.9; +https://babbar.tech/crawler)"
217.113.194.134 - - [03/Sep/2025:03:12:18 +0200] "GET /logistique-mode-luxe-design.htm HTTP/1.1" 304 3909 "-" "Mozilla/5.0 (compatible; Barkrowler/0.9; +https://babbar.tech/crawler)"
217.113.194.138 - - [03/Sep/2025:03:12:34 +0200] "GET /logistique-chaussures-chaussons.htm HTTP/1.1" 304 3909 "-" "Mozilla/5.0 (compatible; Barkrowler/0.9; +https://babbar.tech/crawler)"
217.113.194.229 - - [03/Sep/2025:03:12:49 +0200] "GET /logistique-marque-cosmetique.htm HTTP/1.1" 304 3909 "-" "Mozilla/5.0 (compatible; Barkrowler/0.9; +https://babbar.tech/crawler)"
170.106.82.209 - - [03/Sep/2025:03:13:03 +0200] "GET / HTTP/1.1" 301 534 "-" "Mozilla/5.0 (iPhone; CPU iPhone OS 13_2_3 like Mac OS X) AppleWebKit/605.1.15 (KHTML, like Gecko) Version/13.0.3 Mobile/15E148 Safari/604.1"
170.106.82.209 - - [03/Sep/2025:03:13:05 +0200] "GET / HTTP/1.1" 200 11546 "http://www.endurancelogistique.fr" "Mozilla/5.0 (iPhone; CPU iPhone OS 13_2_3 like Mac OS X) AppleWebKit/605.1.15 (KHTML, like Gecko) Version/13.0.3 Mobile/15E148 Safari/604.1"
217.113.194.137 - - [03/Sep/2025:03:13:05 +0200] "GET /logistique-parapharmacie.htm HTTP/1.1" 304 3909 "-" "Mozilla/5.0 (compatible; Barkrowler/0.9; +https://babbar.tech/crawler)"
217.113.194.139 - - [03/Sep/2025:03:13:21 +0200] "GET /logistique-site-e-commerce.htm HTTP/1.1" 304 3909 "-" "Mozilla/5.0 (compatible; Barkrowler/0.9; +https://babbar.tech/crawler)"
217.113.194.135 - - [03/Sep/2025:03:13:36 +0200] "GET /chaine-logistique-e-commerce.htm HTTP/1.1" 304 3909 "-" "Mozilla/5.0 (compatible; Barkrowler/0.9; +https://babbar.tech/crawler)"
217.113.194.136 - - [03/Sep/2025:03:13:52 +0200] "GET /envois-colis-e-commerce.htm HTTP/1.1" 304 3909 "-" "Mozilla/5.0 (compatible; Barkrowler/0.9; +https://babbar.tech/crawler)"
217.113.194.138 - - [03/Sep/2025:03:14:08 +0200] "GET /actualites-logistique-2020.htm HTTP/1.1" 304 3910 "-" "Mozilla/5.0 (compatible; Barkrowler/0.9; +https://babbar.tech/crawler)"
185.191.171.11 - - [03/Sep/2025:03:14:20 +0200] "GET /plv-logistique-stockage.htm HTTP/1.1" 200 8328 "-" "Mozilla/5.0 (compatible; SemrushBot/7~bl; +http://www.semrush.com/bot.html)"
217.113.194.137 - - [03/Sep/2025:03:14:24 +0200] "GET /vente-en-ligne-logistique-e-commerce.htm HTTP/1.1" 304 3910 "-" "Mozilla/5.0 (compatible; Barkrowler/0.9; +https://babbar.tech/crawler)"
217.113.194.141 - - [03/Sep/2025:03:14:39 +0200] "GET /externalisation-preparation-de-commandes.htm HTTP/1.1" 304 3909 "-" "Mozilla/5.0 (compatible; Barkrowler/0.9; +https://babbar.tech/crawler)"
217.113.194.140 - - [03/Sep/2025:03:14:54 +0200] "GET /e-cigarettes-kangertech.htm HTTP/1.1" 304 3909 "-" "Mozilla/5.0 (compatible; Barkrowler/0.9; +https://babbar.tech/crawler)"
217.113.194.139 - - [03/Sep/2025:03:15:09 +0200] "GET /logistique-esat-78-yvelines.htm HTTP/1.1" 304 3909 "-" "Mozilla/5.0 (compatible; Barkrowler/0.9; +https://babbar.tech/crawler)"
217.113.194.132 - - [03/Sep/2025:03:15:25 +0200] "GET /logistique-e-commerce-international.htm HTTP/1.1" 304 3909 "-" "Mozilla/5.0 (compatible; Barkrowler/0.9; +https://babbar.tech/crawler)"
217.113.194.136 - - [03/Sep/2025:03:15:40 +0200] "GET /logistique-e-commerce-marketplace.htm HTTP/1.1" 304 3909 "-" "Mozilla/5.0 (compatible; Barkrowler/0.9; +https://babbar.tech/crawler)"
217.113.194.141 - - [03/Sep/2025:03:15:55 +0200] "GET /logistique-e-commerce-multicanal.htm HTTP/1.1" 304 3909 "-" "Mozilla/5.0 (compatible; Barkrowler/0.9; +https://babbar.tech/crawler)"
217.113.194.136 - - [03/Sep/2025:03:16:10 +0200] "GET /logistique-e-commerce-cosmetique.html HTTP/1.1" 304 3909 "-" "Mozilla/5.0 (compatible; Barkrowler/0.9; +https://babbar.tech/crawler)"
156.233.84.1 - - [03/Sep/2025:03:16:16 +0200] "GET / HTTP/1.1" 200 11546 "-" "Mozilla/5.0 (Linux; Android 9; SM-G973U1) AppleWebKit/537.36 (KHTML, like Gecko) Chrome/76.0.3809.111 Mobile Safari/537.36"
57.141.0.18 - - [03/Sep/2025:03:16:23 +0200] "GET / HTTP/1.1" 200 46011 "-" "meta-externalagent/1.1 (+https://developers.facebook.com/docs/sharing/webmasters/crawler)"
154.54.249.206 - - [03/Sep/2025:03:16:25 +0200] "GET /logistique-e-commerce-editeur.htm HTTP/1.1" 304 3909 "-" "Mozilla/5.0 (compatible; Barkrowler/0.9; +https://babbar.tech/crawler)"
156.248.81.125 - - [03/Sep/2025:03:16:34 +0200] "GET /s3cmd.ini HTTP/1.1" 404 3608 "-" "facebookexternalhit/1.1"
217.113.194.140 - - [03/Sep/2025:03:16:41 +0200] "GET /logistique-des-marques-et-de-la-mode.htm HTTP/1.1" 304 3909 "-" "Mozilla/5.0 (compatible; Barkrowler/0.9; +https://babbar.tech/crawler)"
217.113.194.132 - - [03/Sep/2025:03:16:56 +0200] "GET /logistique-distribution-cosmetique.htm HTTP/1.1" 304 3909 "-" "Mozilla/5.0 (compatible; Barkrowler/0.9; +https://babbar.tech/crawler)"
85.208.96.198 - - [03/Sep/2025:03:17:04 +0200] "GET /robots.txt HTTP/1.1" 200 3720 "-" "Mozilla/5.0 (compatible; SemrushBot/7~bl; +http://www.semrush.com/bot.html)"
85.208.96.204 - - [03/Sep/2025:03:17:05 +0200] "GET /logistique-decoupe-tissus.htm HTTP/1.1" 200 8120 "-" "Mozilla/5.0 (compatible; SemrushBot/7~bl; +http://www.semrush.com/bot.html)"
156.228.103.169 - - [03/Sep/2025:03:17:12 +0200] "GET /.aws/credentials HTTP/1.1" 404 3611 "-" "Mozilla/5.0 (Windows NT 6.1; WOW64) AppleWebKit/534.27 (KHTML, like Gecko) Chrome/12.0.712.0 Safari/534.27"
217.113.194.135 - - [03/Sep/2025:03:17:12 +0200] "GET /logisticien-ile-de-france-idf.htm HTTP/1.1" 304 3909 "-" "Mozilla/5.0 (compatible; Barkrowler/0.9; +https://babbar.tech/crawler)"
217.113.194.230 - - [03/Sep/2025:03:17:27 +0200] "GET /logistique-linge-de-maison.htm HTTP/1.1" 304 3909 "-" "Mozilla/5.0 (compatible; Barkrowler/0.9; +https://babbar.tech/crawler)"
217.113.194.136 - - [03/Sep/2025:03:17:43 +0200] "GET /logistique-habillement-mode.htm HTTP/1.1" 304 3909 "-" "Mozilla/5.0 (compatible; Barkrowler/0.9; +https://babbar.tech/crawler)"
66.249.72.69 - - [03/Sep/2025:03:17:45 +0200] "GET /vendor/owl-carousel/owl.carousel.css HTTP/1.1" 200 4031 "https://www.memo-planning.fr/index.htm" "Mozilla/5.0 (Linux; Android 6.0.1; Nexus 5X Build/MMB29P) AppleWebKit/537.36 (KHTML, like Gecko) Chrome/139.0.7258.127 Mobile Safari/537.36 (compatible; Googlebot/2.1; +http://www.google.com/bot.html)"
66.249.72.71 - - [03/Sep/2025:03:17:46 +0200] "GET /css/skins/blue.css HTTP/1.1" 200 4942 "https://www.memo-planning.fr/index.htm" "Mozilla/5.0 (Linux; Android 6.0.1; Nexus 5X Build/MMB29P) AppleWebKit/537.36 (KHTML, like Gecko) Chrome/139.0.7258.127 Mobile Safari/537.36 (compatible; Googlebot/2.1; +http://www.google.com/bot.html)"
66.249.72.69 - - [03/Sep/2025:03:17:46 +0200] "GET /js/theme.js HTTP/1.1" 200 5262 "https://www.memo-planning.fr/index.htm" "Mozilla/5.0 (Linux; Android 6.0.1; Nexus 5X Build/MMB29P) AppleWebKit/537.36 (KHTML, like Gecko) Chrome/139.0.7258.127 Mobile Safari/537.36 (compatible; Googlebot/2.1; +http://www.google.com/bot.html)"
66.249.72.71 - - [03/Sep/2025:03:17:47 +0200] "GET /c=%22js/custom.js%22 HTTP/1.1" 404 694 "https://www.memo-planning.fr/index.htm" "Mozilla/5.0 (Linux; Android 6.0.1; Nexus 5X Build/MMB29P) AppleWebKit/537.36 (KHTML, like Gecko) Chrome/139.0.7258.127 Mobile Safari/537.36 (compatible; Googlebot/2.1; +http://www.google.com/bot.html)"
185.191.171.10 - - [03/Sep/2025:03:17:56 +0200] "GET /robots.txt HTTP/1.1" 200 3720 "-" "Mozilla/5.0 (compatible; SemrushBot/7~bl; +http://www.semrush.com/bot.html)"
85.208.96.200 - - [03/Sep/2025:03:17:56 +0200] "GET /e-commerce-logistique-objets-deco.htm HTTP/1.1" 200 8264 "-" "Mozilla/5.0 (compatible; SemrushBot/7~bl; +http://www.semrush.com/bot.html)"
217.113.194.229 - - [03/Sep/2025:03:17:58 +0200] "GET /logistique-velos-electriques.htm HTTP/1.1" 304 3909 "-" "Mozilla/5.0 (compatible; Barkrowler/0.9; +https://babbar.tech/crawler)"
156.253.164.32 - - [03/Sep/2025:03:18:05 +0200] "GET /bootstrap.js HTTP/1.1" 404 3610 "-" "Mozilla/5.0 (X11; Linux i686; rv:8.0) Gecko/20100101 Firefox/8.0"
156.253.164.32 - - [03/Sep/2025:03:18:05 +0200] "GET /custom.js HTTP/1.1" 404 3608 "-" "Opera/7.50 (Windows ME; U) [en]"
156.253.164.32 - - [03/Sep/2025:03:18:05 +0200] "GET //www.google-analytics.com/analytics.js HTTP/1.1" 404 3624 "-" "Mozilla/5.0 (Windows NT 6.1; Win64; x64) AppleWebKit/537.36 (KHTML, like Gecko) Chrome/68.0.3440.106 Safari/537.36"
156.253.164.32 - - [03/Sep/2025:03:18:06 +0200] "GET /ga.js HTTP/1.1" 404 3605 "-" "Mozilla/5.0 (Windows NT 10.0; Win64; x64) AppleWebKit/537.36 (KHTML, like Gecko) Chrome/78.0.3889.0 Safari/537.36"
156.253.164.32 - - [03/Sep/2025:03:18:06 +0200] "GET /jquery.appear.js HTTP/1.1" 404 3612 "-" "Mozilla/5.0 (Linux; Android 8.1.0; Redmi 6 Pro Build/OPM1.171019.019; wv) AppleWebKit/537.36 (KHTML, like Gecko) Version/4.0 Chrome/70.0.3538.110 Mobile Safari/537.36"
156.253.164.32 - - [03/Sep/2025:03:18:06 +0200] "GET /jquery.easing.js HTTP/1.1" 404 3612 "-" "Mozilla/5.0 (Windows NT 6.1; Win64; x64; rv:25.0) Gecko/20100101 Firefox/29.0"
156.253.164.32 - - [03/Sep/2025:03:18:06 +0200] "GET /views/view.home.js HTTP/1.1" 404 3612 "-" "Mozilla/5.0 (X11; Fedora; Linux x86_64) AppleWebKit/537.36 (KHTML, like Gecko) Chrome/71.0.3578.98 Safari/537.36"
156.253.164.32 - - [03/Sep/2025:03:18:06 +0200] "GET /theme.js HTTP/1.1" 404 3607 "-" "Mozilla/5.0 (X11; Linux i686; rv:2.0.1) Gecko/20100101 Firefox/4.0.1"
156.253.164.32 - - [03/Sep/2025:03:18:06 +0200] "GET /owl-carousel/owl.carousel.js HTTP/1.1" 404 3615 "-" "Mozilla/5.0 (X11; Linux x86_64; rv:2.0.1) Gecko/20100101 Firefox/4.0.1"
156.253.164.32 - - [03/Sep/2025:03:18:06 +0200] "GET /rs-plugin/js/jquery.themepunch.plugins.min.js HTTP/1.1" 404 3631 "-" "Mozilla/5.0 (iPad; U; CPU OS 4_2_1 like Mac OS X; ja-jp) AppleWebKit/533.17.9 (KHTML, like Gecko) Version/5.0.2 Mobile/8C148 Safari/6533.18.5"
156.253.164.32 - - [03/Sep/2025:03:18:06 +0200] "GET /rs-plugin/js/jquery.themepunch.revolution.js HTTP/1.1" 404 3632 "-" "Mozilla/5.0 (Linux; Android 8.0.0; LG-H932) AppleWebKit/537.36 (KHTML, like Gecko) Chrome/76.0.3809.111 Mobile Safari/537.36"
156.253.164.32 - - [03/Sep/2025:03:18:06 +0200] "GET /plugins.js HTTP/1.1" 404 3609 "-" "Mozilla/5.0 (Linux; Android 9; moto x4) AppleWebKit/537.36 (KHTML, like Gecko) Chrome/75.0.3770.143 Mobile Safari/537.36"
156.253.164.32 - - [03/Sep/2025:03:18:06 +0200] "GET /jquery.validate.js HTTP/1.1" 404 3613 "-" "Mozilla/5.0 (webOS/1.3; U; en-US) AppleWebKit/525.27.1 (KHTML, like Gecko) Version/1.0 Safari/525.27.1 Desktop/1.0"
156.253.164.32 - - [03/Sep/2025:03:18:07 +0200] "GET /jquery.js HTTP/1.1" 404 3607 "-" "Mozilla/5.0 (Macintosh; Intel Mac OS X 10_14_5) AppleWebKit/537.36 (KHTML, like Gecko) Chrome/73.0.3683.75 Safari/537.36"
217.113.194.138 - - [03/Sep/2025:03:18:14 +0200] "GET /logistique-parfum-cosmetique.htm HTTP/1.1" 304 3909 "-" "Mozilla/5.0 (compatible; Barkrowler/0.9; +https://babbar.tech/crawler)"
217.113.194.134 - - [03/Sep/2025:03:18:29 +0200] "GET /entreprise-logistique-e-commerce.htm HTTP/1.1" 304 3909 "-" "Mozilla/5.0 (compatible; Barkrowler/0.9; +https://babbar.tech/crawler)"
156.228.175.4 - - [03/Sep/2025:03:18:42 +0200] "GET /s3cmd.ini HTTP/1.1" 404 3613 "-" "Mozilla/5.0 (X11; Linux x86_64) AppleWebKit/537.36 (KHTML, like Gecko) Chrome/70.0.3538.77 Safari/537.36"
192.178.6.3 - - [03/Sep/2025:03:18:44 +0200] "GET /robots.txt HTTP/1.1" 200 3661 "-" "Mozilla/5.0 (compatible; Googlebot/2.1; +http://www.google.com/bot.html)"
217.113.194.134 - - [03/Sep/2025:03:18:45 +0200] "GET /interface-informatique-logistique.htm HTTP/1.1" 304 3909 "-" "Mozilla/5.0 (compatible; Barkrowler/0.9; +https://babbar.tech/crawler)"
217.113.194.230 - - [03/Sep/2025:03:19:00 +0200] "GET /demande-devis-logistique-en-ligne.htm HTTP/1.1" 304 3909 "-" "Mozilla/5.0 (compatible; Barkrowler/0.9; +https://babbar.tech/crawler)"
154.213.194.12 - - [03/Sep/2025:03:19:13 +0200] "GET /.aws/credentials HTTP/1.1" 404 3617 "-" "Mozilla/5.0 (Linux; Android 8.1.0; Infinix X624B) AppleWebKit/537.36 (KHTML, like Gecko) Chrome/70.0.3538.110 Mobile Safari/537.36"
217.113.194.132 - - [03/Sep/2025:03:19:15 +0200] "GET /ita/logistica-ecommerce-francia.htm HTTP/1.1" 304 3909 "-" "Mozilla/5.0 (compatible; Barkrowler/0.9; +https://babbar.tech/crawler)"
217.113.194.138 - - [03/Sep/2025:03:19:33 +0200] "GET /endurance-logistique-externalisation.htm HTTP/1.1" 304 3909 "-" "Mozilla/5.0 (compatible; Barkrowler/0.9; +https://babbar.tech/crawler)"
156.242.45.93 - - [03/Sep/2025:03:19:38 +0200] "GET /config.php%7C/.env%7Csettings.py HTTP/1.1" 301 590 "-" "Mozilla/5.0 (Linux; Android 9; SM-G973F) AppleWebKit/537.36 (KHTML, like Gecko) Chrome/76.0.3809.111 Mobile Safari/537.36"
217.113.194.139 - - [03/Sep/2025:03:19:48 +0200] "GET /plateforme-logistique-e-commerce.htm HTTP/1.1" 304 3909 "-" "Mozilla/5.0 (compatible; Barkrowler/0.9; +https://babbar.tech/crawler)"
217.113.194.133 - - [03/Sep/2025:03:20:04 +0200] "GET /solutions-logistiques-e-commerce.htm HTTP/1.1" 304 3909 "-" "Mozilla/5.0 (compatible; Barkrowler/0.9; +https://babbar.tech/crawler)"
156.242.45.93 - - [03/Sep/2025:03:20:05 +0200] "GET /.git%7C/.svn HTTP/1.1" 301 556 "-" "Mozilla/5.0 (X11; Linux i686) AppleWebKit/537.36 (KHTML, like Gecko) Chrome/48.0.2564.116 Safari/537.36"
217.113.194.134 - - [03/Sep/2025:03:20:20 +0200] "GET /logistique-e-commerce-mode-decoration.htm HTTP/1.1" 304 3909 "-" "Mozilla/5.0 (compatible; Barkrowler/0.9; +https://babbar.tech/crawler)"
156.242.45.93 - - [03/Sep/2025:03:20:29 +0200] "GET / HTTP/1.1" 301 534 "-" "Mozilla/5.0 (Macintosh; Intel Mac OS X 10_11_5) AppleWebKit/537.36 (KHTML, like Gecko) Chrome/75.0.3770.142 Safari/537.36"
217.113.194.132 - - [03/Sep/2025:03:20:36 +0200] "GET /logistique-e-commerce-pieces-detachees.htm HTTP/1.1" 304 3909 "-" "Mozilla/5.0 (compatible; Barkrowler/0.9; +https://babbar.tech/crawler)"
217.113.194.137 - - [03/Sep/2025:03:20:51 +0200] "GET /logistique-e-commerce-ile-de-france.htm HTTP/1.1" 304 3909 "-" "Mozilla/5.0 (compatible; Barkrowler/0.9; +https://babbar.tech/crawler)"
217.113.194.132 - - [03/Sep/2025:03:21:07 +0200] "GET /logistique-distribution-materiel-medical.htm HTTP/1.1" 304 3909 "-" "Mozilla/5.0 (compatible; Barkrowler/0.9; +https://babbar.tech/crawler)"
217.113.194.141 - - [03/Sep/2025:03:21:23 +0200] "GET /logisticien-specialiste-e-commerce.htm HTTP/1.1" 304 3910 "-" "Mozilla/5.0 (compatible; Barkrowler/0.9; +https://babbar.tech/crawler)"
217.113.194.135 - - [03/Sep/2025:03:21:38 +0200] "GET /logistique-de-la-mode-haut-de-gamme.htm HTTP/1.1" 304 3909 "-" "Mozilla/5.0 (compatible; Barkrowler/0.9; +https://babbar.tech/crawler)"
217.113.194.141 - - [03/Sep/2025:03:21:54 +0200] "GET /logistique-site-e-commerce-ma.htm HTTP/1.1" 304 3909 "-" "Mozilla/5.0 (compatible; Barkrowler/0.9; +https://babbar.tech/crawler)"
154.54.249.206 - - [03/Sep/2025:03:22:09 +0200] "GET /ita/la-logistica-in-francia.htm HTTP/1.1" 304 3909 "-" "Mozilla/5.0 (compatible; Barkrowler/0.9; +https://babbar.tech/crawler)"
217.113.194.132 - - [03/Sep/2025:03:22:25 +0200] "GET /e-commerce-logistique-objets-deco.htm HTTP/1.1" 304 3909 "-" "Mozilla/5.0 (compatible; Barkrowler/0.9; +https://babbar.tech/crawler)"
217.113.194.133 - - [03/Sep/2025:03:22:41 +0200] "GET /logistique-e-commerce-pieces-rechange.htm HTTP/1.1" 304 3909 "-" "Mozilla/5.0 (compatible; Barkrowler/0.9; +https://babbar.tech/crawler)"
154.54.249.206 - - [03/Sep/2025:03:22:56 +0200] "GET /logistique-e-commerce-epicerie-fine.htm HTTP/1.1" 304 3909 "-" "Mozilla/5.0 (compatible; Barkrowler/0.9; +https://babbar.tech/crawler)"
217.113.194.138 - - [03/Sep/2025:03:23:12 +0200] "GET /logistique-e-commerce-externalisation.htm HTTP/1.1" 304 3909 "-" "Mozilla/5.0 (compatible; Barkrowler/0.9; +https://babbar.tech/crawler)"
45.156.128.131 - - [03/Sep/2025:03:23:14 +0200] "GET / HTTP/1.1" 200 11499 "-" "Mozilla/5.0 (Windows NT 10.0; Win64; x64) AppleWebKit/537.36 (KHTML, like Gecko) Chrome/60.0.3112.113 Safari/537.36"
154.54.249.206 - - [03/Sep/2025:03:23:27 +0200] "GET /logistique-e_commercant-e_commerce.htm HTTP/1.1" 304 3909 "-" "Mozilla/5.0 (compatible; Barkrowler/0.9; +https://babbar.tech/crawler)"
154.94.15.10 - - [03/Sep/2025:03:23:35 +0200] "GET /config.php%7C/.env%7Csettings.py HTTP/1.1" 404 3627 "-" "Mozilla/5.0 (Macintosh; Intel Mac OS X 10_14_0) AppleWebKit/537.36 (KHTML, like Gecko) Chrome/75.0.3770.142 Safari/537.36"
217.113.194.141 - - [03/Sep/2025:03:23:42 +0200] "GET /logistique-edition-diffuseur-livres.htm HTTP/1.1" 304 3909 "-" "Mozilla/5.0 (compatible; Barkrowler/0.9; +https://babbar.tech/crawler)"
217.113.194.138 - - [03/Sep/2025:03:23:57 +0200] "GET /logistique-pret-a-porter-repetto.htm HTTP/1.1" 304 3909 "-" "Mozilla/5.0 (compatible; Barkrowler/0.9; +https://babbar.tech/crawler)"
217.113.194.132 - - [03/Sep/2025:03:24:15 +0200] "GET /logistique-plv-marketing-distribution.htm HTTP/1.1" 304 3909 "-" "Mozilla/5.0 (compatible; Barkrowler/0.9; +https://babbar.tech/crawler)"
66.249.69.224 - - [03/Sep/2025:03:24:27 +0200] "GET /robots.txt HTTP/1.1" 200 3661 "-" "Mozilla/5.0 (compatible; Googlebot/2.1; +http://www.google.com/bot.html)"
66.249.69.225 - - [03/Sep/2025:03:24:27 +0200] "GET /index.htm HTTP/1.1" 200 11785 "-" "Mozilla/5.0 (Linux; Android 6.0.1; Nexus 5X Build/MMB29P) AppleWebKit/537.36 (KHTML, like Gecko) Chrome/138.0.7204.183 Mobile Safari/537.36 (compatible; Googlebot/2.1; +http://www.google.com/bot.html)"
217.113.194.138 - - [03/Sep/2025:03:24:31 +0200] "GET /logisticien-grossiste-distributeur.htm HTTP/1.1" 304 3909 "-" "Mozilla/5.0 (compatible; Barkrowler/0.9; +https://babbar.tech/crawler)"
66.249.69.225 - - [03/Sep/2025:03:24:39 +0200] "GET /vendor/owl-carousel/owl.theme.css HTTP/1.1" 200 4224 "https://www.memo-planning.com/index.htm" "Mozilla/5.0 (Linux; Android 6.0.1; Nexus 5X Build/MMB29P) AppleWebKit/537.36 (KHTML, like Gecko) Chrome/139.0.7258.127 Mobile Safari/537.36 (compatible; Googlebot/2.1; +http://www.google.com/bot.html)"
66.249.69.224 - - [03/Sep/2025:03:24:40 +0200] "GET /vendor/rs-plugin/js/jquery.themepunch.plugins.min.js HTTP/1.1" 200 27133 "https://www.memo-planning.com/index.htm" "Mozilla/5.0 (Linux; Android 6.0.1; Nexus 5X Build/MMB29P) AppleWebKit/537.36 (KHTML, like Gecko) Chrome/139.0.7258.127 Mobile Safari/537.36 (compatible; Googlebot/2.1; +http://www.google.com/bot.html)"
66.249.69.225 - - [03/Sep/2025:03:24:40 +0200] "GET /vendor/rs-plugin/js/jquery.themepunch.revolution.js HTTP/1.1" 200 20432 "https://www.memo-planning.com/index.htm" "Mozilla/5.0 (Linux; Android 6.0.1; Nexus 5X Build/MMB29P) AppleWebKit/537.36 (KHTML, like Gecko) Chrome/139.0.7258.127 Mobile Safari/537.36 (compatible; Googlebot/2.1; +http://www.google.com/bot.html)"
66.249.69.224 - - [03/Sep/2025:03:24:40 +0200] "GET /js/views/view.home.js HTTP/1.1" 200 1420 "https://www.memo-planning.com/index.htm" "Mozilla/5.0 (Linux; Android 6.0.1; Nexus 5X Build/MMB29P) AppleWebKit/537.36 (KHTML, like Gecko) Chrome/139.0.7258.127 Mobile Safari/537.36 (compatible; Googlebot/2.1; +http://www.google.com/bot.html)"
66.249.69.224 - - [03/Sep/2025:03:24:41 +0200] "GET /c=%22js/custom.js%22 HTTP/1.1" 404 694 "https://www.memo-planning.com/index.htm" "Mozilla/5.0 (Linux; Android 6.0.1; Nexus 5X Build/MMB29P) AppleWebKit/537.36 (KHTML, like Gecko) Chrome/139.0.7258.127 Mobile Safari/537.36 (compatible; Googlebot/2.1; +http://www.google.com/bot.html)"
217.113.194.135 - - [03/Sep/2025:03:24:46 +0200] "GET /logistique-marque-linge-de-maison.htm HTTP/1.1" 304 3909 "-" "Mozilla/5.0 (compatible; Barkrowler/0.9; +https://babbar.tech/crawler)"
217.113.194.140 - - [03/Sep/2025:03:25:01 +0200] "GET /logistique-nouveau-site-e-commerce.htm HTTP/1.1" 304 3910 "-" "Mozilla/5.0 (compatible; Barkrowler/0.9; +https://babbar.tech/crawler)"
217.113.194.138 - - [03/Sep/2025:03:25:19 +0200] "GET /barons-papillom-marque-de-sneakers.htm HTTP/1.1" 304 3909 "-" "Mozilla/5.0 (compatible; Barkrowler/0.9; +https://babbar.tech/crawler)"
217.113.194.137 - - [03/Sep/2025:03:25:34 +0200] "GET /logistique-btob-distribution-paris.htm HTTP/1.1" 304 3909 "-" "Mozilla/5.0 (compatible; Barkrowler/0.9; +https://babbar.tech/crawler)"
217.113.194.135 - - [03/Sep/2025:03:25:49 +0200] "GET /logistique-mode-textile-sportswear.htm HTTP/1.1" 304 3909 "-" "Mozilla/5.0 (compatible; Barkrowler/0.9; +https://babbar.tech/crawler)"
154.54.249.206 - - [03/Sep/2025:03:26:06 +0200] "GET /nouvelle-plateforme-logistique-e-commerce.htm HTTP/1.1" 304 3910 "-" "Mozilla/5.0 (compatible; Barkrowler/0.9; +https://babbar.tech/crawler)"
217.113.194.134 - - [03/Sep/2025:03:26:22 +0200] "GET /prestataire-logistique-e-commerce-web.htm HTTP/1.1" 304 3909 "-" "Mozilla/5.0 (compatible; Barkrowler/0.9; +https://babbar.tech/crawler)"
217.113.194.137 - - [03/Sep/2025:03:26:38 +0200] "GET /ita/logistica-distribuzione-francia.htm HTTP/1.1" 304 3909 "-" "Mozilla/5.0 (compatible; Barkrowler/0.9; +https://babbar.tech/crawler)"
43.157.53.115 - - [03/Sep/2025:03:26:47 +0200] "GET /" 404 684 "-" "-"
217.113.194.133 - - [03/Sep/2025:03:26:54 +0200] "GET /logistique-e-commerce-endurance-logistique.htm HTTP/1.1" 304 3909 "-" "Mozilla/5.0 (compatible; Barkrowler/0.9; +https://babbar.tech/crawler)"
154.54.249.206 - - [03/Sep/2025:03:27:09 +0200] "GET /cahier-des-charges-logistique-e-commerce.htm HTTP/1.1" 304 3909 "-" "Mozilla/5.0 (compatible; Barkrowler/0.9; +https://babbar.tech/crawler)"
217.113.194.141 - - [03/Sep/2025:03:27:25 +0200] "GET /solutions-augmenter-ses-ventes-sur-amazon.htm HTTP/1.1" 304 3909 "-" "Mozilla/5.0 (compatible; Barkrowler/0.9; +https://babbar.tech/crawler)"
217.113.194.138 - - [03/Sep/2025:03:27:40 +0200] "GET /logistique-open-house-mobilier-velizy.htm HTTP/1.1" 304 3909 "-" "Mozilla/5.0 (compatible; Barkrowler/0.9; +https://babbar.tech/crawler)"
217.113.194.137 - - [03/Sep/2025:03:27:55 +0200] "GET /logisticien-specialiste-e-commerce-mode-textile.htm HTTP/1.1" 304 3909 "-" "Mozilla/5.0 (compatible; Barkrowler/0.9; +https://babbar.tech/crawler)"
154.54.249.206 - - [03/Sep/2025:03:28:10 +0200] "GET /logistique-b-to-b-et-logistique-b-to-c.htm HTTP/1.1" 304 3909 "-" "Mozilla/5.0 (compatible; Barkrowler/0.9; +https://babbar.tech/crawler)"
217.113.194.141 - - [03/Sep/2025:03:28:27 +0200] "GET /logistique-vente-en-ligne-cigarettes-electroniques.htm HTTP/1.1" 304 3909 "-" "Mozilla/5.0 (compatible; Barkrowler/0.9; +https://babbar.tech/crawler)"
85.208.96.199 - - [03/Sep/2025:03:28:36 +0200] "GET /robots.txt HTTP/1.1" 200 3736 "-" "Mozilla/5.0 (compatible; SemrushBot/7~bl; +http://www.semrush.com/bot.html)"
85.208.96.212 - - [03/Sep/2025:03:28:36 +0200] "GET /logistique-marque-cosmetique.htm HTTP/1.1" 200 8056 "-" "Mozilla/5.0 (compatible; SemrushBot/7~bl; +http://www.semrush.com/bot.html)"
217.113.194.137 - - [03/Sep/2025:03:28:42 +0200] "GET /la-logistique-au-service-de-sweet-caddy-accessoires-de-golf.htm HTTP/1.1" 304 3909 "-" "Mozilla/5.0 (compatible; Barkrowler/0.9; +https://babbar.tech/crawler)"
64.62.197.167 - - [03/Sep/2025:03:30:51 +0200] "GET /geoserver/web/ HTTP/1.1" 404 3561 "-" "Mozilla/5.0 (Windows NT 6.1; rv:102.0) Gecko/20100101 Goanna/6.6 Firefox/102.0 PaleMoon/33.0.0"
51.68.107.159 - - [03/Sep/2025:03:35:13 +0200] "GET /robots.txt HTTP/1.1" 200 3670 "-" "Mozilla/5.0 (compatible; MJ12bot/v2.0.4; http://mj12bot.com/)"
51.68.107.159 - - [03/Sep/2025:03:35:13 +0200] "GET / HTTP/1.1" 200 8620 "-" "Mozilla/5.0 (compatible; MJ12bot/v2.0.4; http://mj12bot.com/)"
185.191.171.1 - - [03/Sep/2025:03:35:35 +0200] "GET /robots.txt HTTP/1.1" 200 3713 "-" "Mozilla/5.0 (compatible; SemrushBot/7~bl; +http://www.semrush.com/bot.html)"
185.191.171.9 - - [03/Sep/2025:03:35:36 +0200] "GET /informatique-logistique.htm HTTP/1.1" 200 8129 "-" "Mozilla/5.0 (compatible; SemrushBot/7~bl; +http://www.semrush.com/bot.html)"
5.188.34.117 - - [03/Sep/2025:03:36:37 +0200] "-" 408 2890 "-" "-"
85.208.96.207 - - [03/Sep/2025:03:37:16 +0200] "GET /robots.txt HTTP/1.1" 200 3736 "-" "Mozilla/5.0 (compatible; SemrushBot/7~bl; +http://www.semrush.com/bot.html)"
85.208.96.197 - - [03/Sep/2025:03:37:16 +0200] "GET /contact-logistique-yvelines.htm HTTP/1.1" 200 8600 "-" "Mozilla/5.0 (compatible; SemrushBot/7~bl; +http://www.semrush.com/bot.html)"
156.242.36.40 - - [03/Sep/2025:03:39:46 +0200] "GET / HTTP/1.1" 200 11553 "-" "Mozilla/5.0 (Windows NT 6.1; WOW64; rv:41.0) Gecko/20100101 Firefox/41.0"
66.249.77.228 - - [03/Sep/2025:03:40:28 +0200] "GET /robots.txt HTTP/1.1" 200 3661 "-" "Mozilla/5.0 (compatible; Googlebot/2.1; +http://www.google.com/bot.html)"
66.249.77.228 - - [03/Sep/2025:03:40:28 +0200] "GET /contact-logistique-yvelines.htm HTTP/1.1" 304 239 "-" "Mozilla/5.0 (Linux; Android 6.0.1; Nexus 5X Build/MMB29P) AppleWebKit/537.36 (KHTML, like Gecko) Chrome/138.0.7204.183 Mobile Safari/537.36 (compatible; Googlebot/2.1; +http://www.google.com/bot.html)"
154.213.196.19 - - [03/Sep/2025:03:40:43 +0200] "GET /.aws/credentials HTTP/1.1" 404 3613 "-" "Mozilla/5.0 (Macintosh; Intel Mac OS X 10_13_6) AppleWebKit/605.1.15 (KHTML, like Gecko) Version/12.0.1 Safari/605.1.15"
185.191.171.18 - - [03/Sep/2025:03:41:25 +0200] "GET /robots.txt HTTP/1.1" 200 3720 "-" "Mozilla/5.0 (compatible; SemrushBot/7~bl; +http://www.semrush.com/bot.html)"
85.208.96.204 - - [03/Sep/2025:03:41:26 +0200] "GET /actualites-logistique-2020.htm HTTP/1.1" 200 8904 "-" "Mozilla/5.0 (compatible; SemrushBot/7~bl; +http://www.semrush.com/bot.html)"
156.249.58.233 - - [03/Sep/2025:03:41:40 +0200] "GET /bootstrap.js HTTP/1.1" 404 3611 "-" "Mozilla/5.0 (Windows NT 10.0; Win64; x64) AppleWebKit/537.36 (KHTML, like Gecko) Chrome/62.0.3202.94 Safari/537.36"
156.249.58.233 - - [03/Sep/2025:03:41:40 +0200] "GET //www.google-analytics.com/analytics.js HTTP/1.1" 404 3624 "-" "Mozilla/5.0 (Windows NT 5.2; rv:10.0.1) Gecko/20100101 Firefox/10.0.1 SeaMonkey/2.7.1"
156.249.58.233 - - [03/Sep/2025:03:41:40 +0200] "GET /custom.js HTTP/1.1" 404 3610 "-" "Mozilla/5.0 (compatible; Exabot/3.0; http://www.exabot.com/go/robot)"
156.249.58.233 - - [03/Sep/2025:03:41:40 +0200] "GET /jquery.appear.js HTTP/1.1" 404 3613 "-" "Mozilla/5.0 (SymbianOS/9.4; U; Series60/5.0 SonyEricssonP100/01; Profile/MIDP-2.1 Configuration/CLDC-1.1) AppleWebKit/525 (KHTML, like Gecko) Version/3.0 Safari/525"
156.249.58.233 - - [03/Sep/2025:03:41:40 +0200] "GET /ga.js HTTP/1.1" 404 3607 "-" "Mozilla/5.0 (Windows NT 10.0; Win64; x64; rv:52.0) Gecko/20100101 Firefox/52.0"
156.249.58.233 - - [03/Sep/2025:03:41:40 +0200] "GET /jquery.js HTTP/1.1" 404 3609 "-" "Mozilla/5.0 (Macintosh; Intel Mac OS X 10_13_6) AppleWebKit/537.36 (KHTML, like Gecko) Chrome/71.0.3542.0 Safari/537.36"
156.249.58.233 - - [03/Sep/2025:03:41:41 +0200] "GET /rs-plugin/js/jquery.themepunch.plugins.min.js HTTP/1.1" 404 3632 "-" "Mozilla/5.0 (iPhone; CPU iPhone OS 11_4 like Mac OS X) AppleWebKit/604.1.34 (KHTML, like Gecko) CriOS/76.0.3809.81 Mobile/15E148 Safari/604.1"
156.249.58.233 - - [03/Sep/2025:03:41:41 +0200] "GET /owl-carousel/owl.carousel.js HTTP/1.1" 404 3617 "-" "Mozilla/5.0 (Macintosh; Intel Mac OS X 10_13_6) AppleWebKit/537.36 (KHTML, like Gecko) Chrome/71.0.3542.0 Safari/537.36"
156.249.58.233 - - [03/Sep/2025:03:41:41 +0200] "GET /rs-plugin/js/jquery.themepunch.revolution.js HTTP/1.1" 404 3633 "-" "Mozilla/5.0 (Macintosh; Intel Mac OS X 10_11_5) AppleWebKit/537.36 (KHTML, like Gecko) Chrome/75.0.3770.142 Safari/537.36"
156.249.58.233 - - [03/Sep/2025:03:41:41 +0200] "GET /jquery.easing.js HTTP/1.1" 404 3613 "-" "Mozilla/5.0 (X11; U; Linux i686; rv:19.0) Gecko/20100101 Slackware/13 Firefox/19.0"
156.249.58.233 - - [03/Sep/2025:03:41:41 +0200] "GET /plugins.js HTTP/1.1" 404 3611 "-" "Mozilla/5.0 (Macintosh; Intel Mac OS X 10_13_6) AppleWebKit/605.1.15 (KHTML, like Gecko) Version/12.0.1 Safari/605.1.15"
156.249.58.233 - - [03/Sep/2025:03:41:41 +0200] "GET /theme.js HTTP/1.1" 404 3608 "-" "Mozilla/5.0 (X11; Linux x86_64) AppleWebKit/537.4 (KHTML like Gecko) Chrome/22.0.1229.56 Safari/537.4"
156.249.58.233 - - [03/Sep/2025:03:41:41 +0200] "GET /views/view.home.js HTTP/1.1" 404 3614 "-" "Mozilla/5.0 (Windows NT 6.1) AppleWebKit/537.36 (KHTML, like Gecko) Chrome/63.0.3239.108 Safari/537.36"
156.249.58.233 - - [03/Sep/2025:03:41:41 +0200] "GET /jquery.validate.js HTTP/1.1" 404 3614 "-" "Opera/9.5 (Microsoft Windows; PPC; Opera Mobi; U) SonyEricssonX1i/R2AA Profile/MIDP-2.0 Configuration/CLDC-1.1"
156.253.169.127 - - [03/Sep/2025:03:42:12 +0200] "GET /config.php%7C/.env%7Csettings.py HTTP/1.1" 404 3624 "-" "Mozilla/5.0 (Macintosh; U; Intel Mac OS X 10_6_5; en-US) AppleWebKit/534.13 (KHTML, like Gecko) Chrome/9.0.597.15 Safari/534.13"
156.253.169.127 - - [03/Sep/2025:03:43:02 +0200] "GET /.git%7C/.svn HTTP/1.1" 404 3612 "-" "Opera/9.80 (Android; Opera Mini/42.0.2254/150.36; U; en) Presto/2.12.423 Version/12.16"
64.62.197.167 - - [03/Sep/2025:03:43:07 +0200] "GET /.git/config HTTP/1.1" 404 3563 "-" "Mozilla/5.0 (Macintosh; Intel Mac OS X 10_15_2) AppleWebKit/537.36 (KHTML, like Gecko) Chrome/79.0.3945.88 Safari/537.36"
156.253.169.127 - - [03/Sep/2025:03:43:18 +0200] "GET / HTTP/1.1" 200 11553 "-" "Mozilla/5.0 (SymbianOS/9.4; Series60/5.0 NokiaN97-1/10.0.012; Profile/MIDP-2.1 Configuration/CLDC-1.1; en-us) AppleWebKit/525 (KHTML, like Gecko) WicKed/7.1.12344"
185.191.171.14 - - [03/Sep/2025:03:45:21 +0200] "GET /robots.txt HTTP/1.1" 200 3720 "-" "Mozilla/5.0 (compatible; SemrushBot/7~bl; +http://www.semrush.com/bot.html)"
85.208.96.202 - - [03/Sep/2025:03:45:21 +0200] "GET /devis-logistique-e-commerce.htm HTTP/1.1" 200 9304 "-" "Mozilla/5.0 (compatible; SemrushBot/7~bl; +http://www.semrush.com/bot.html)"
185.191.171.6 - - [03/Sep/2025:03:46:04 +0200] "GET /envois-en-nombre-colis.htm HTTP/1.1" 200 8344 "-" "Mozilla/5.0 (compatible; SemrushBot/7~bl; +http://www.semrush.com/bot.html)"
185.191.171.8 - - [03/Sep/2025:03:48:45 +0200] "GET /contact-logistique-yvelines.htm HTTP/1.1" 200 8577 "-" "Mozilla/5.0 (compatible; SemrushBot/7~bl; +http://www.semrush.com/bot.html)"
43.130.74.193 - - [03/Sep/2025:03:50:30 +0200] "GET /conseil-logistique-transport-international.htm HTTP/1.1" 200 9210 "-" "Mozilla/5.0 (iPhone; CPU iPhone OS 13_2_3 like Mac OS X) AppleWebKit/605.1.15 (KHTML, like Gecko) Version/13.0.3 Mobile/15E148 Safari/604.1"
66.249.72.71 - - [03/Sep/2025:03:52:29 +0200] "GET /robots.txt HTTP/1.1" 200 3661 "-" "Mozilla/5.0 (compatible; Googlebot/2.1; +http://www.google.com/bot.html)"
66.249.72.70 - - [03/Sep/2025:03:52:29 +0200] "GET /index.htm HTTP/1.1" 200 11785 "-" "Mozilla/5.0 (Linux; Android 6.0.1; Nexus 5X Build/MMB29P) AppleWebKit/537.36 (KHTML, like Gecko) Chrome/138.0.7204.183 Mobile Safari/537.36 (compatible; Googlebot/2.1; +http://www.google.com/bot.html)"
43.166.251.233 - - [03/Sep/2025:03:52:35 +0200] "GET /" 404 684 "-" "-"
66.249.72.71 - - [03/Sep/2025:03:52:55 +0200] "GET /css/custom.css HTTP/1.1" 200 3677 "https://memo-planning.fr/index.htm" "Mozilla/5.0 (Linux; Android 6.0.1; Nexus 5X Build/MMB29P) AppleWebKit/537.36 (KHTML, like Gecko) Chrome/139.0.7258.127 Mobile Safari/537.36 (compatible; Googlebot/2.1; +http://www.google.com/bot.html)"
66.249.72.69 - - [03/Sep/2025:03:52:56 +0200] "GET /c=%22js/custom.js%22 HTTP/1.1" 404 3855 "https://memo-planning.fr/index.htm" "Mozilla/5.0 (Linux; Android 6.0.1; Nexus 5X Build/MMB29P) AppleWebKit/537.36 (KHTML, like Gecko) Chrome/139.0.7258.127 Mobile Safari/537.36 (compatible; Googlebot/2.1; +http://www.google.com/bot.html)"
66.249.72.70 - - [03/Sep/2025:03:52:56 +0200] "GET /vendor/jquery.appear.js HTTP/1.1" 200 4305 "https://memo-planning.fr/index.htm" "Mozilla/5.0 (Linux; Android 6.0.1; Nexus 5X Build/MMB29P) AppleWebKit/537.36 (KHTML, like Gecko) Chrome/139.0.7258.127 Mobile Safari/537.36 (compatible; Googlebot/2.1; +http://www.google.com/bot.html)"
85.208.96.205 - - [03/Sep/2025:03:53:15 +0200] "GET /e-commerce-logistique.htm HTTP/1.1" 200 9608 "-" "Mozilla/5.0 (compatible; SemrushBot/7~bl; +http://www.semrush.com/bot.html)"
185.191.171.4 - - [03/Sep/2025:03:53:26 +0200] "GET /chaussures-running-spira.htm HTTP/1.1" 200 8776 "-" "Mozilla/5.0 (compatible; SemrushBot/7~bl; +http://www.semrush.com/bot.html)"
85.208.96.207 - - [03/Sep/2025:03:54:55 +0200] "GET /robots.txt HTTP/1.1" 200 3720 "-" "Mozilla/5.0 (compatible; SemrushBot/7~bl; +http://www.semrush.com/bot.html)"
85.208.96.206 - - [03/Sep/2025:03:54:57 +0200] "GET /logistique-chaussure.htm HTTP/1.1" 200 8408 "-" "Mozilla/5.0 (compatible; SemrushBot/7~bl; +http://www.semrush.com/bot.html)"
185.191.171.12 - - [03/Sep/2025:03:55:02 +0200] "GET /actualites-logistique-2018.htm HTTP/1.1" 200 10680 "-" "Mozilla/5.0 (compatible; SemrushBot/7~bl; +http://www.semrush.com/bot.html)"
85.208.96.197 - - [03/Sep/2025:03:56:06 +0200] "GET /logistique-e-commerce-international.htm HTTP/1.1" 200 8744 "-" "Mozilla/5.0 (compatible; SemrushBot/7~bl; +http://www.semrush.com/bot.html)"
66.249.75.40 - - [03/Sep/2025:03:56:30 +0200] "GET /logistique-e-commerce-international.htm HTTP/1.1" 200 8675 "-" "Mozilla/5.0 (Linux; Android 6.0.1; Nexus 5X Build/MMB29P) AppleWebKit/537.36 (KHTML, like Gecko) Chrome/138.0.7204.183 Mobile Safari/537.36 (compatible; Googlebot/2.1; +http://www.google.com/bot.html)"
49.51.47.100 - - [03/Sep/2025:03:57:41 +0200] "GET /preparation-commande-e-commerce.htm HTTP/1.1" 200 9559 "-" "Mozilla/5.0 (iPhone; CPU iPhone OS 13_2_3 like Mac OS X) AppleWebKit/605.1.15 (KHTML, like Gecko) Version/13.0.3 Mobile/15E148 Safari/604.1"
85.208.96.211 - - [03/Sep/2025:03:58:54 +0200] "GET /logistique-e-commerce-retail-textile.htm HTTP/1.1" 200 9240 "-" "Mozilla/5.0 (compatible; SemrushBot/7~bl; +http://www.semrush.com/bot.html)"
66.249.87.169 - - [03/Sep/2025:04:00:18 +0200] "GET /img/endurance-logistique.png HTTP/1.1" 200 6316 "http://mail.google.com/" "Mozilla/5.0 (Windows NT 10.0; Win64; x64) AppleWebKit/537.36 (KHTML, like Gecko) Chrome/42.0.2311.135 Safari/537.36 Edge/12.246 Mozilla/5.0"
85.208.96.209 - - [03/Sep/2025:04:01:01 +0200] "GET /chaussures-running-spira.htm HTTP/1.1" 200 8776 "-" "Mozilla/5.0 (compatible; SemrushBot/7~bl; +http://www.semrush.com/bot.html)"
