85.208.96.197 - - [03/Sep/2025:00:01:08 +0200] "GET /logistique-distribution-chaussures.htm HTTP/1.1" 200 9096 "-" "Mozilla/5.0 (compatible; SemrushBot/7~bl; +http://www.semrush.com/bot.html)"
154.213.203.85 - - [03/Sep/2025:00:01:14 +0200] "GET /config.php%7C/.env%7Csettings.py HTTP/1.1" 404 3625 "-" "Mozilla/5.0 (Windows NT 10.0; WOW64) AppleWebKit/537.36 (KHTML, like Gecko) Chrome/78.0.3880.4 Safari/537.36"
85.208.96.202 - - [03/Sep/2025:00:01:26 +0200] "GET /robots.txt HTTP/1.1" 200 3720 "-" "Mozilla/5.0 (compatible; SemrushBot/7~bl; +http://www.semrush.com/bot.html)"
185.191.171.16 - - [03/Sep/2025:00:01:26 +0200] "GET /logistique-des-produits-cosmetiques.htm HTTP/1.1" 200 8888 "-" "Mozilla/5.0 (compatible; SemrushBot/7~bl; +http://www.semrush.com/bot.html)"
154.213.203.85 - - [03/Sep/2025:00:01:49 +0200] "GET /.git%7C/.svn HTTP/1.1" 404 3613 "-" "Mozilla/5.0 (Linux; U; Android 1.0; en-us; dream) AppleWebKit/525.10 (KHTML, like Gecko) Version/3.0.4 Mobile Safari/523.12.2"
154.213.203.85 - - [03/Sep/2025:00:02:07 +0200] "GET / HTTP/1.1" 200 11553 "-" "Mozilla/5.0 (X11; Ubuntu; Linux x86_64; rv:55.0) Gecko/20100101 Firefox/55.0"
85.208.96.199 - - [03/Sep/2025:00:06:52 +0200] "GET /hypox.htm HTTP/1.1" 200 8264 "-" "Mozilla/5.0 (compatible; SemrushBot/7~bl; +http://www.semrush.com/bot.html)"
17.241.219.84 - - [03/Sep/2025:00:10:20 +0200] "GET /img/actualites/logistique-e-shop.jpg HTTP/1.1" 200 9646 "-" "Mozilla/5.0 (Macintosh; Intel Mac OS X 10_15_7) AppleWebKit/605.1.15 (KHTML, like Gecko) Version/17.4 Safari/605.1.15 (Applebot/0.1; +http://www.apple.com/go/applebot)"
185.191.171.10 - - [03/Sep/2025:00:11:13 +0200] "GET /barons-papillom-marque-de-sneakers.htm HTTP/1.1" 200 9368 "-" "Mozilla/5.0 (compatible; SemrushBot/7~bl; +http://www.semrush.com/bot.html)"
185.191.171.12 - - [03/Sep/2025:00:13:36 +0200] "GET /actualites-logistique-2012.htm HTTP/1.1" 200 10008 "-" "Mozilla/5.0 (compatible; SemrushBot/7~bl; +http://www.semrush.com/bot.html)"
185.191.171.10 - - [03/Sep/2025:00:14:27 +0200] "GET /robots.txt HTTP/1.1" 200 3729 "-" "Mozilla/5.0 (compatible; SemrushBot/7~bl; +http://www.semrush.com/bot.html)"
85.208.96.202 - - [03/Sep/2025:00:14:27 +0200] "GET /prestataire-logistique-e-commerce-web.htm HTTP/1.1" 200 9233 "-" "Mozilla/5.0 (compatible; SemrushBot/7~bl; +http://www.semrush.com/bot.html)"
85.208.96.205 - - [03/Sep/2025:00:15:45 +0200] "GET /robots.txt HTTP/1.1" 200 3720 "-" "Mozilla/5.0 (compatible; SemrushBot/7~bl; +http://www.semrush.com/bot.html)"
85.208.96.198 - - [03/Sep/2025:00:15:46 +0200] "GET /ita/logistica-in-francia.htm HTTP/1.1" 200 8248 "-" "Mozilla/5.0 (compatible; SemrushBot/7~bl; +http://www.semrush.com/bot.html)"
85.208.96.198 - - [03/Sep/2025:00:17:01 +0200] "GET /logisticien-boutique-en-ligne.htm HTTP/1.1" 200 9496 "-" "Mozilla/5.0 (compatible; SemrushBot/7~bl; +http://www.semrush.com/bot.html)"
17.241.219.190 - - [03/Sep/2025:00:17:54 +0200] "GET /img/entrepot/stockage-logistique-e-commerce-inforrmatique.jpg HTTP/1.1" 200 48098 "-" "Mozilla/5.0 (Macintosh; Intel Mac OS X 10_15_7) AppleWebKit/605.1.15 (KHTML, like Gecko) Version/17.4 Safari/605.1.15 (Applebot/0.1; +http://www.apple.com/go/applebot)"
185.191.171.15 - - [03/Sep/2025:00:20:41 +0200] "GET /robots.txt HTTP/1.1" 200 3720 "-" "Mozilla/5.0 (compatible; SemrushBot/7~bl; +http://www.semrush.com/bot.html)"
85.208.96.201 - - [03/Sep/2025:00:20:41 +0200] "GET /logistique-e-commerce-personnalisation-des-envois.htm HTTP/1.1" 200 9128 "-" "Mozilla/5.0 (compatible; SemrushBot/7~bl; +http://www.semrush.com/bot.html)"
85.208.96.199 - - [03/Sep/2025:00:28:13 +0200] "GET /robots.txt HTTP/1.1" 200 3736 "-" "Mozilla/5.0 (compatible; SemrushBot/7~bl; +http://www.semrush.com/bot.html)"
85.208.96.200 - - [03/Sep/2025:00:28:13 +0200] "GET /ita/contatti.htm HTTP/1.1" 200 7400 "-" "Mozilla/5.0 (compatible; SemrushBot/7~bl; +http://www.semrush.com/bot.html)"
51.68.107.139 - - [03/Sep/2025:00:31:51 +0200] "GET /robots.txt HTTP/1.1" 200 3670 "-" "Mozilla/5.0 (compatible; MJ12bot/v2.0.4; http://mj12bot.com/)"
51.68.107.139 - - [03/Sep/2025:00:31:51 +0200] "GET / HTTP/1.1" 200 8620 "-" "Mozilla/5.0 (compatible; MJ12bot/v2.0.4; http://mj12bot.com/)"
157.119.40.16 - - [03/Sep/2025:00:32:59 +0200] "GET / HTTP/1.1" 200 11553 "-" "Mozilla/5.0 (Macintosh; Intel Mac OS X 11_3) AppleWebKit/605.1.15 (KHTML, like Gecko) Version/14.1 Safari/605.1.15"
157.119.40.16 - - [03/Sep/2025:00:33:08 +0200] "GET /favicon.ico HTTP/1.1" 200 4710 "-" "Mozilla/5.0 (Macintosh; Intel Mac OS X 11_3) AppleWebKit/605.1.15 (KHTML, like Gecko) Version/14.1 Safari/605.1.15"
192.178.6.73 - - [03/Sep/2025:00:34:35 +0200] "GET /robots.txt HTTP/1.1" 200 3677 "-" "Mozilla/5.0 (compatible; Googlebot/2.1; +http://www.google.com/bot.html)"
17.241.227.146 - - [03/Sep/2025:00:38:08 +0200] "GET /img/actualite-clients/logistique-maroquinerie.jpg HTTP/1.1" 200 22191 "-" "Mozilla/5.0 (Macintosh; Intel Mac OS X 10_15_7) AppleWebKit/605.1.15 (KHTML, like Gecko) Version/17.4 Safari/605.1.15 (Applebot/0.1; +http://www.apple.com/go/applebot)"
17.241.227.183 - - [03/Sep/2025:00:39:23 +0200] "GET /img/logistique-informatique.jpg HTTP/1.1" 200 13958 "-" "Mozilla/5.0 (Macintosh; Intel Mac OS X 10_15_7) AppleWebKit/605.1.15 (KHTML, like Gecko) Version/17.4 Safari/605.1.15 (Applebot/0.1; +http://www.apple.com/go/applebot)"
85.208.96.195 - - [03/Sep/2025:00:41:46 +0200] "GET /robots.txt HTTP/1.1" 200 3720 "-" "Mozilla/5.0 (compatible; SemrushBot/7~bl; +http://www.semrush.com/bot.html)"
85.208.96.194 - - [03/Sep/2025:00:41:46 +0200] "GET /stockage-hauts-de-seine.htm HTTP/1.1" 200 8728 "-" "Mozilla/5.0 (compatible; SemrushBot/7~bl; +http://www.semrush.com/bot.html)"
40.124.175.131 - - [03/Sep/2025:00:42:11 +0200] "GET /autodiscover/autodiscover.json?@zdi/Powershell HTTP/1.1" 404 3567 "-" "Mozilla/5.0 zgrab/0.x"
17.241.75.88 - - [03/Sep/2025:00:45:01 +0200] "GET /robots.txt HTTP/1.1" 200 4110 "-" "Mozilla/5.0 (Macintosh; Intel Mac OS X 10_15_7) AppleWebKit/605.1.15 (KHTML, like Gecko) Version/17.4 Safari/605.1.15 (Applebot/0.1; +http://www.apple.com/go/applebot)"
17.241.75.88 - - [03/Sep/2025:00:45:02 +0200] "GET /img/logistique-e-commerce-4.jpg HTTP/1.1" 200 7994 "-" "Mozilla/5.0 (Macintosh; Intel Mac OS X 10_15_7) AppleWebKit/605.1.15 (KHTML, like Gecko) Version/17.4 Safari/605.1.15 (Applebot/0.1; +http://www.apple.com/go/applebot)"
66.249.69.192 - - [03/Sep/2025:00:46:27 +0200] "GET /robots.txt HTTP/1.1" 200 3661 "-" "Mozilla/5.0 (compatible; Googlebot/2.1; +http://www.google.com/bot.html)"
66.249.69.200 - - [03/Sep/2025:00:46:28 +0200] "GET /index.htm HTTP/1.1" 200 11785 "-" "Mozilla/5.0 (Linux; Android 6.0.1; Nexus 5X Build/MMB29P) AppleWebKit/537.36 (KHTML, like Gecko) Chrome/138.0.7204.183 Mobile Safari/537.36 (compatible; Googlebot/2.1; +http://www.google.com/bot.html)"
66.249.69.200 - - [03/Sep/2025:00:46:29 +0200] "GET /vendor/owl-carousel/owl.carousel.css HTTP/1.1" 200 866 "https://wordup-traduction.com/index.htm" "Mozilla/5.0 (Linux; Android 6.0.1; Nexus 5X Build/MMB29P) AppleWebKit/537.36 (KHTML, like Gecko) Chrome/139.0.7258.127 Mobile Safari/537.36 (compatible; Googlebot/2.1; +http://www.google.com/bot.html)"
66.249.69.192 - - [03/Sep/2025:00:46:30 +0200] "GET /css/bootstrap.css HTTP/1.1" 200 16523 "https://wordup-traduction.com/index.htm" "Mozilla/5.0 (Linux; Android 6.0.1; Nexus 5X Build/MMB29P) AppleWebKit/537.36 (KHTML, like Gecko) Chrome/139.0.7258.127 Mobile Safari/537.36 (compatible; Googlebot/2.1; +http://www.google.com/bot.html)"
66.249.69.200 - - [03/Sep/2025:00:46:30 +0200] "GET /css/skins/blue.css HTTP/1.1" 200 1777 "https://wordup-traduction.com/index.htm" "Mozilla/5.0 (Linux; Android 6.0.1; Nexus 5X Build/MMB29P) AppleWebKit/537.36 (KHTML, like Gecko) Chrome/139.0.7258.127 Mobile Safari/537.36 (compatible; Googlebot/2.1; +http://www.google.com/bot.html)"
66.249.69.200 - - [03/Sep/2025:00:46:31 +0200] "GET /vendor/jquery.js HTTP/1.1" 200 33955 "https://wordup-traduction.com/index.htm" "Mozilla/5.0 (Linux; Android 6.0.1; Nexus 5X Build/MMB29P) AppleWebKit/537.36 (KHTML, like Gecko) Chrome/139.0.7258.127 Mobile Safari/537.36 (compatible; Googlebot/2.1; +http://www.google.com/bot.html)"
66.249.69.199 - - [03/Sep/2025:00:46:31 +0200] "GET /vendor/jquery.appear.js HTTP/1.1" 200 4305 "https://wordup-traduction.com/index.htm" "Mozilla/5.0 (Linux; Android 6.0.1; Nexus 5X Build/MMB29P) AppleWebKit/537.36 (KHTML, like Gecko) Chrome/139.0.7258.127 Mobile Safari/537.36 (compatible; Googlebot/2.1; +http://www.google.com/bot.html)"
66.249.69.199 - - [03/Sep/2025:00:46:32 +0200] "GET /vendor/rs-plugin/js/jquery.themepunch.plugins.min.js HTTP/1.1" 200 23968 "https://wordup-traduction.com/index.htm" "Mozilla/5.0 (Linux; Android 6.0.1; Nexus 5X Build/MMB29P) AppleWebKit/537.36 (KHTML, like Gecko) Chrome/139.0.7258.127 Mobile Safari/537.36 (compatible; Googlebot/2.1; +http://www.google.com/bot.html)"
66.249.69.199 - - [03/Sep/2025:00:46:32 +0200] "GET /vendor/jquery.validate.js HTTP/1.1" 200 6830 "https://wordup-traduction.com/index.htm" "Mozilla/5.0 (Linux; Android 6.0.1; Nexus 5X Build/MMB29P) AppleWebKit/537.36 (KHTML, like Gecko) Chrome/139.0.7258.127 Mobile Safari/537.36 (compatible; Googlebot/2.1; +http://www.google.com/bot.html)"
66.249.69.200 - - [03/Sep/2025:00:46:32 +0200] "GET /js/views/view.home.js HTTP/1.1" 200 1420 "https://wordup-traduction.com/index.htm" "Mozilla/5.0 (Linux; Android 6.0.1; Nexus 5X Build/MMB29P) AppleWebKit/537.36 (KHTML, like Gecko) Chrome/139.0.7258.127 Mobile Safari/537.36 (compatible; Googlebot/2.1; +http://www.google.com/bot.html)"
66.249.69.199 - - [03/Sep/2025:00:46:33 +0200] "GET /js/plugins.js HTTP/1.1" 200 5468 "https://wordup-traduction.com/index.htm" "Mozilla/5.0 (Linux; Android 6.0.1; Nexus 5X Build/MMB29P) AppleWebKit/537.36 (KHTML, like Gecko) Chrome/139.0.7258.127 Mobile Safari/537.36 (compatible; Googlebot/2.1; +http://www.google.com/bot.html)"
66.249.69.200 - - [03/Sep/2025:00:46:33 +0200] "GET /vendor/jquery.easing.js HTTP/1.1" 200 1291 "https://wordup-traduction.com/index.htm" "Mozilla/5.0 (Linux; Android 6.0.1; Nexus 5X Build/MMB29P) AppleWebKit/537.36 (KHTML, like Gecko) Chrome/139.0.7258.127 Mobile Safari/537.36 (compatible; Googlebot/2.1; +http://www.google.com/bot.html)"
66.249.69.200 - - [03/Sep/2025:00:46:34 +0200] "GET /c=%22js/custom.js%22 HTTP/1.1" 404 693 "https://wordup-traduction.com/index.htm" "Mozilla/5.0 (Linux; Android 6.0.1; Nexus 5X Build/MMB29P) AppleWebKit/537.36 (KHTML, like Gecko) Chrome/139.0.7258.127 Mobile Safari/537.36 (compatible; Googlebot/2.1; +http://www.google.com/bot.html)"
185.191.171.6 - - [03/Sep/2025:00:49:27 +0200] "GET /robots.txt HTTP/1.1" 200 3720 "-" "Mozilla/5.0 (compatible; SemrushBot/7~bl; +http://www.semrush.com/bot.html)"
185.191.171.18 - - [03/Sep/2025:00:49:27 +0200] "GET /ita/index.htm HTTP/1.1" 200 9976 "-" "Mozilla/5.0 (compatible; SemrushBot/7~bl; +http://www.semrush.com/bot.html)"
52.167.144.58 - - [03/Sep/2025:00:51:40 +0200] "GET /robots.txt HTTP/1.1" 200 3670 "-" "Mozilla/5.0 AppleWebKit/537.36 (KHTML, like Gecko; compatible; bingbot/2.0; +http://www.bing.com/bingbot.htm) Chrome/116.0.1938.76 Safari/537.36"
52.167.144.199 - - [03/Sep/2025:00:51:43 +0200] "GET /logistique-multicanal.htm HTTP/1.1" 200 9422 "-" "Mozilla/5.0 AppleWebKit/537.36 (KHTML, like Gecko; compatible; bingbot/2.0; +http://www.bing.com/bingbot.htm) Chrome/116.0.1938.76 Safari/537.36"
40.77.167.45 - - [03/Sep/2025:00:51:57 +0200] "GET /vendor/modernizr.js HTTP/1.1" 200 8294 "-" "Mozilla/5.0 AppleWebKit/537.36 (KHTML, like Gecko; compatible; bingbot/2.0; +http://www.bing.com/bingbot.htm) Chrome/116.0.1938.76 Safari/537.36"
52.167.144.138 - - [03/Sep/2025:00:52:01 +0200] "GET /vendor/magnific-popup/magnific-popup.css HTTP/1.1" 200 5749 "-" "Mozilla/5.0 AppleWebKit/537.36 (KHTML, like Gecko; compatible; bingbot/2.0; +http://www.bing.com/bingbot.htm) Chrome/116.0.1938.76 Safari/537.36"
52.167.144.138 - - [03/Sep/2025:00:52:02 +0200] "GET /vendor/jquery.cookie.js HTTP/1.1" 200 1185 "-" "Mozilla/5.0 AppleWebKit/537.36 (KHTML, like Gecko; compatible; bingbot/2.0; +http://www.bing.com/bingbot.htm) Chrome/116.0.1938.76 Safari/537.36"
52.167.144.138 - - [03/Sep/2025:00:52:02 +0200] "GET /css/fonts/font-awesome/css/font-awesome.css HTTP/1.1" 200 4712 "-" "Mozilla/5.0 AppleWebKit/537.36 (KHTML, like Gecko; compatible; bingbot/2.0; +http://www.bing.com/bingbot.htm) Chrome/116.0.1938.76 Safari/537.36"
85.208.96.198 - - [03/Sep/2025:00:52:03 +0200] "GET /robots.txt HTTP/1.1" 200 3736 "-" "Mozilla/5.0 (compatible; SemrushBot/7~bl; +http://www.semrush.com/bot.html)"
85.208.96.195 - - [03/Sep/2025:00:52:04 +0200] "GET /prestataire-logistique-e-commerce.htm HTTP/1.1" 200 10040 "-" "Mozilla/5.0 (compatible; SemrushBot/7~bl; +http://www.semrush.com/bot.html)"
52.167.144.138 - - [03/Sep/2025:00:52:04 +0200] "GET /vendor/twitterjs/twitter.js HTTP/1.1" 200 1860 "-" "Mozilla/5.0 AppleWebKit/537.36 (KHTML, like Gecko; compatible; bingbot/2.0; +http://www.bing.com/bingbot.htm) Chrome/116.0.1938.76 Safari/537.36"
52.167.144.138 - - [03/Sep/2025:00:52:04 +0200] "GET /vendor/magnific-popup/magnific-popup.js HTTP/1.1" 200 8034 "-" "Mozilla/5.0 AppleWebKit/537.36 (KHTML, like Gecko; compatible; bingbot/2.0; +http://www.bing.com/bingbot.htm) Chrome/116.0.1938.76 Safari/537.36"
52.167.144.138 - - [03/Sep/2025:00:52:04 +0200] "GET /js/custom.js HTTP/1.1" 200 470 "-" "Mozilla/5.0 AppleWebKit/537.36 (KHTML, like Gecko; compatible; bingbot/2.0; +http://www.bing.com/bingbot.htm) Chrome/116.0.1938.76 Safari/537.36"
85.208.96.193 - - [03/Sep/2025:01:01:13 +0200] "GET /robots.txt HTTP/1.1" 200 3736 "-" "Mozilla/5.0 (compatible; SemrushBot/7~bl; +http://www.semrush.com/bot.html)"
185.191.171.13 - - [03/Sep/2025:01:01:13 +0200] "GET /logistique-maroquinerie.htm HTTP/1.1" 200 8568 "-" "Mozilla/5.0 (compatible; SemrushBot/7~bl; +http://www.semrush.com/bot.html)"
85.208.96.205 - - [03/Sep/2025:01:04:38 +0200] "GET /robots.txt HTTP/1.1" 200 3720 "-" "Mozilla/5.0 (compatible; SemrushBot/7~bl; +http://www.semrush.com/bot.html)"
85.208.96.200 - - [03/Sep/2025:01:04:38 +0200] "GET /ita/logistica-della-moda-design-in-francia.htm HTTP/1.1" 200 8600 "-" "Mozilla/5.0 (compatible; SemrushBot/7~bl; +http://www.semrush.com/bot.html)"
40.77.179.40 - - [03/Sep/2025:01:07:51 +0200] "GET /css/fonts/font-awesome/fonts/fontawesome-webfont.woff?v=4.0.3 HTTP/1.1" 200 48016 "https://www.endurancelogistique.fr/css/fonts/font-awesome/css/font-awesome.css" "Mozilla/5.0 AppleWebKit/537.36 (KHTML, like Gecko; compatible; bingbot/2.0; +http://www.bing.com/bingbot.htm) Chrome/136.0.0.0 Safari/537.36"
185.191.171.16 - - [03/Sep/2025:01:08:09 +0200] "GET /robots.txt HTTP/1.1" 200 3720 "-" "Mozilla/5.0 (compatible; SemrushBot/7~bl; +http://www.semrush.com/bot.html)"
85.208.96.193 - - [03/Sep/2025:01:08:10 +0200] "GET /mode-logistique.htm HTTP/1.1" 200 8152 "-" "Mozilla/5.0 (compatible; SemrushBot/7~bl; +http://www.semrush.com/bot.html)"
217.113.194.149 - - [03/Sep/2025:01:10:11 +0200] "GET /robots.txt HTTP/1.1" 200 4166 "-" "Mozilla/5.0 (compatible; Barkrowler/0.9; +https://babbar.tech/crawler)"
217.113.194.253 - - [03/Sep/2025:01:10:27 +0200] "GET / HTTP/1.1" 304 3910 "-" "Mozilla/5.0 (compatible; Barkrowler/0.9; +https://babbar.tech/crawler)"
217.113.194.148 - - [03/Sep/2025:01:10:43 +0200] "GET /mentions-legales.htm HTTP/1.1" 304 3909 "-" "Mozilla/5.0 (compatible; Barkrowler/0.9; +https://babbar.tech/crawler)"
217.113.194.143 - - [03/Sep/2025:01:10:58 +0200] "GET /hypox.htm HTTP/1.1" 304 3909 "-" "Mozilla/5.0 (compatible; Barkrowler/0.9; +https://babbar.tech/crawler)"
85.208.96.194 - - [03/Sep/2025:01:10:58 +0200] "GET /logistique-nouveau-site-e-commerce.htm HTTP/1.1" 200 9352 "-" "Mozilla/5.0 (compatible; SemrushBot/7~bl; +http://www.semrush.com/bot.html)"
217.113.194.150 - - [03/Sep/2025:01:11:13 +0200] "GET /boutique-and1.htm HTTP/1.1" 304 3909 "-" "Mozilla/5.0 (compatible; Barkrowler/0.9; +https://babbar.tech/crawler)"
217.113.194.146 - - [03/Sep/2025:01:11:28 +0200] "GET /logistique-client.htm HTTP/1.1" 304 3909 "-" "Mozilla/5.0 (compatible; Barkrowler/0.9; +https://babbar.tech/crawler)"
217.113.194.151 - - [03/Sep/2025:01:11:44 +0200] "GET /logistique-yvelines.htm HTTP/1.1" 304 3909 "-" "Mozilla/5.0 (compatible; Barkrowler/0.9; +https://babbar.tech/crawler)"
217.113.194.143 - - [03/Sep/2025:01:12:00 +0200] "GET /mode-logistique.htm HTTP/1.1" 304 3909 "-" "Mozilla/5.0 (compatible; Barkrowler/0.9; +https://babbar.tech/crawler)"
217.113.194.142 - - [03/Sep/2025:01:12:15 +0200] "GET /informatique-logistique.htm HTTP/1.1" 304 3909 "-" "Mozilla/5.0 (compatible; Barkrowler/0.9; +https://babbar.tech/crawler)"
47.237.95.27 - - [03/Sep/2025:01:12:24 +0200] "GET / HTTP/1.1" 200 11796 "-" "Mozilla/5.0 (Macintosh; Intel Mac OS X 10_14_6) AppleWebKit/537.36 (KHTML, like Gecko) Chrome/76.0.3809.132 Safari/537.36"
47.237.95.27 - - [03/Sep/2025:01:12:24 +0200] "GET /robots.txt HTTP/1.1" 200 3570 "-" "fasthttp"
47.237.95.27 - - [03/Sep/2025:01:12:24 +0200] "GET /sitemap.xml HTTP/1.1" 200 42373 "-" "fasthttp"
47.237.95.27 - - [03/Sep/2025:01:12:25 +0200] "GET /favicon.ico HTTP/1.1" 200 4921 "-" "fasthttp"
217.113.194.148 - - [03/Sep/2025:01:12:31 +0200] "GET /conditionnement-a-facon.htm HTTP/1.1" 304 3909 "-" "Mozilla/5.0 (compatible; Barkrowler/0.9; +https://babbar.tech/crawler)"
217.113.194.144 - - [03/Sep/2025:01:12:47 +0200] "GET /endurance-shopping.htm HTTP/1.1" 304 3909 "-" "Mozilla/5.0 (compatible; Barkrowler/0.9; +https://babbar.tech/crawler)"
52.80.0.148 - - [03/Sep/2025:01:12:55 +0200] "GET /img/logisticien-e-commerce.jpg HTTP/1.1" 200 17613 "-" "Mozilla/5.0 (compatible; crawler)"
217.113.194.143 - - [03/Sep/2025:01:13:03 +0200] "GET /acces-stockage-yvelines.htm HTTP/1.1" 304 3909 "-" "Mozilla/5.0 (compatible; Barkrowler/0.9; +https://babbar.tech/crawler)"
217.113.194.144 - - [03/Sep/2025:01:13:18 +0200] "GET /webservices-e-commerce.htm HTTP/1.1" 304 3909 "-" "Mozilla/5.0 (compatible; Barkrowler/0.9; +https://babbar.tech/crawler)"
217.113.194.145 - - [03/Sep/2025:01:13:34 +0200] "GET /logistique-textile.htm HTTP/1.1" 304 3909 "-" "Mozilla/5.0 (compatible; Barkrowler/0.9; +https://babbar.tech/crawler)"
217.113.194.143 - - [03/Sep/2025:01:13:50 +0200] "GET /logisticien-e-commerce.html HTTP/1.1" 304 3909 "-" "Mozilla/5.0 (compatible; Barkrowler/0.9; +https://babbar.tech/crawler)"
154.54.249.207 - - [03/Sep/2025:01:14:06 +0200] "GET /contact-logistique-yvelines.htm HTTP/1.1" 304 3909 "-" "Mozilla/5.0 (compatible; Barkrowler/0.9; +https://babbar.tech/crawler)"
217.113.194.253 - - [03/Sep/2025:01:14:21 +0200] "GET /gestion-stock-e-commerce.htm HTTP/1.1" 304 3910 "-" "Mozilla/5.0 (compatible; Barkrowler/0.9; +https://babbar.tech/crawler)"
217.113.194.148 - - [03/Sep/2025:01:14:38 +0200] "GET /chaussure-dragon-sea.htm HTTP/1.1" 304 3909 "-" "Mozilla/5.0 (compatible; Barkrowler/0.9; +https://babbar.tech/crawler)"
217.113.194.253 - - [03/Sep/2025:01:14:53 +0200] "GET /chaussures-running-spira.htm HTTP/1.1" 304 3909 "-" "Mozilla/5.0 (compatible; Barkrowler/0.9; +https://babbar.tech/crawler)"
154.54.249.207 - - [03/Sep/2025:01:15:08 +0200] "GET /actualites-logistique-2018.htm HTTP/1.1" 304 3909 "-" "Mozilla/5.0 (compatible; Barkrowler/0.9; +https://babbar.tech/crawler)"
217.113.194.144 - - [03/Sep/2025:01:15:23 +0200] "GET /presse-actualites-logistique.htm HTTP/1.1" 304 3909 "-" "Mozilla/5.0 (compatible; Barkrowler/0.9; +https://babbar.tech/crawler)"
217.113.194.231 - - [03/Sep/2025:01:15:39 +0200] "GET /logistique-e-commerce-design.htm HTTP/1.1" 304 3909 "-" "Mozilla/5.0 (compatible; Barkrowler/0.9; +https://babbar.tech/crawler)"
185.191.171.6 - - [03/Sep/2025:01:15:50 +0200] "GET /logistique-des-produits-cosmetiques.htm HTTP/1.1" 200 8904 "-" "Mozilla/5.0 (compatible; SemrushBot/7~bl; +http://www.semrush.com/bot.html)"
217.113.194.150 - - [03/Sep/2025:01:15:54 +0200] "GET /logistique-mode-design.htm HTTP/1.1" 304 3909 "-" "Mozilla/5.0 (compatible; Barkrowler/0.9; +https://babbar.tech/crawler)"
217.113.194.146 - - [03/Sep/2025:01:16:10 +0200] "GET /tarif-logistique-e-commerce.htm HTTP/1.1" 304 3910 "-" "Mozilla/5.0 (compatible; Barkrowler/0.9; +https://babbar.tech/crawler)"
217.113.194.142 - - [03/Sep/2025:01:16:26 +0200] "GET /gestion-logistique-des-retours.htm HTTP/1.1" 304 3909 "-" "Mozilla/5.0 (compatible; Barkrowler/0.9; +https://babbar.tech/crawler)"
217.113.194.253 - - [03/Sep/2025:01:16:41 +0200] "GET /interface-client-logistique.htm HTTP/1.1" 304 3909 "-" "Mozilla/5.0 (compatible; Barkrowler/0.9; +https://babbar.tech/crawler)"
217.113.194.253 - - [03/Sep/2025:01:16:57 +0200] "GET /conseil-logistique-e-commerce.htm HTTP/1.1" 304 3909 "-" "Mozilla/5.0 (compatible; Barkrowler/0.9; +https://babbar.tech/crawler)"
217.113.194.149 - - [03/Sep/2025:01:17:12 +0200] "GET /actualites-logistique-2015.htm HTTP/1.1" 304 3909 "-" "Mozilla/5.0 (compatible; Barkrowler/0.9; +https://babbar.tech/crawler)"
217.113.194.147 - - [03/Sep/2025:01:17:27 +0200] "GET /actualites-logistique-2011.htm HTTP/1.1" 304 3909 "-" "Mozilla/5.0 (compatible; Barkrowler/0.9; +https://babbar.tech/crawler)"
217.113.194.149 - - [03/Sep/2025:01:17:42 +0200] "GET /actualites-logistique-2010.htm HTTP/1.1" 304 3909 "-" "Mozilla/5.0 (compatible; Barkrowler/0.9; +https://babbar.tech/crawler)"
217.113.194.149 - - [03/Sep/2025:01:17:58 +0200] "GET /actualites-logistique-2016.htm HTTP/1.1" 304 3909 "-" "Mozilla/5.0 (compatible; Barkrowler/0.9; +https://babbar.tech/crawler)"
154.54.249.207 - - [03/Sep/2025:01:18:14 +0200] "GET /ita/logistica-francia-prodotti.htm HTTP/1.1" 304 3909 "-" "Mozilla/5.0 (compatible; Barkrowler/0.9; +https://babbar.tech/crawler)"
217.113.194.145 - - [03/Sep/2025:01:18:30 +0200] "GET /plv-logistique-stockage.htm HTTP/1.1" 304 3909 "-" "Mozilla/5.0 (compatible; Barkrowler/0.9; +https://babbar.tech/crawler)"
217.113.194.148 - - [03/Sep/2025:01:18:46 +0200] "GET /logistique-decoupe-tissus.htm HTTP/1.1" 304 3909 "-" "Mozilla/5.0 (compatible; Barkrowler/0.9; +https://babbar.tech/crawler)"
217.113.194.146 - - [03/Sep/2025:01:19:02 +0200] "GET /logistique-e-commerce-luxe.htm HTTP/1.1" 304 3909 "-" "Mozilla/5.0 (compatible; Barkrowler/0.9; +https://babbar.tech/crawler)"
185.191.171.19 - - [03/Sep/2025:01:19:04 +0200] "GET /robots.txt HTTP/1.1" 200 3720 "-" "Mozilla/5.0 (compatible; SemrushBot/7~bl; +http://www.semrush.com/bot.html)"
85.208.96.204 - - [03/Sep/2025:01:19:04 +0200] "GET /chaine-logistique-e-commerce.htm HTTP/1.1" 200 8568 "-" "Mozilla/5.0 (compatible; SemrushBot/7~bl; +http://www.semrush.com/bot.html)"
185.191.171.15 - - [03/Sep/2025:01:19:12 +0200] "GET /sitemap.xml HTTP/1.1" 200 5896 "-" "Mozilla/5.0 (compatible; SemrushBot/7~bl; +http://www.semrush.com/bot.html)"
217.113.194.148 - - [03/Sep/2025:01:19:21 +0200] "GET /logistique-agences-communication.htm HTTP/1.1" 304 3909 "-" "Mozilla/5.0 (compatible; Barkrowler/0.9; +https://babbar.tech/crawler)"
217.113.194.142 - - [03/Sep/2025:01:19:37 +0200] "GET /logistique-distribution-presse.htm HTTP/1.1" 304 3909 "-" "Mozilla/5.0 (compatible; Barkrowler/0.9; +https://babbar.tech/crawler)"
217.113.194.147 - - [03/Sep/2025:01:19:52 +0200] "GET /logistique-showroom-yvelines.htm HTTP/1.1" 304 3909 "-" "Mozilla/5.0 (compatible; Barkrowler/0.9; +https://babbar.tech/crawler)"
154.54.249.207 - - [03/Sep/2025:01:20:07 +0200] "GET /logisticien-boutique-en-ligne.htm HTTP/1.1" 304 3909 "-" "Mozilla/5.0 (compatible; Barkrowler/0.9; +https://babbar.tech/crawler)"
217.113.194.142 - - [03/Sep/2025:01:20:24 +0200] "GET /logisticien-marque-cosmetique.htm HTTP/1.1" 304 3909 "-" "Mozilla/5.0 (compatible; Barkrowler/0.9; +https://babbar.tech/crawler)"
217.113.194.142 - - [03/Sep/2025:01:20:39 +0200] "GET /logistique-achats-groupes.htm HTTP/1.1" 304 3909 "-" "Mozilla/5.0 (compatible; Barkrowler/0.9; +https://babbar.tech/crawler)"
217.113.194.148 - - [03/Sep/2025:01:20:54 +0200] "GET /logistique-mode-luxe-design.htm HTTP/1.1" 304 3909 "-" "Mozilla/5.0 (compatible; Barkrowler/0.9; +https://babbar.tech/crawler)"
217.113.194.143 - - [03/Sep/2025:01:21:10 +0200] "GET /logistique-chaussures-chaussons.htm HTTP/1.1" 304 3909 "-" "Mozilla/5.0 (compatible; Barkrowler/0.9; +https://babbar.tech/crawler)"
217.113.194.151 - - [03/Sep/2025:01:21:26 +0200] "GET /logistique-marque-cosmetique.htm HTTP/1.1" 304 3909 "-" "Mozilla/5.0 (compatible; Barkrowler/0.9; +https://babbar.tech/crawler)"
217.113.194.146 - - [03/Sep/2025:01:21:41 +0200] "GET /logistique-cosmetique-luxe.htm HTTP/1.1" 304 3909 "-" "Mozilla/5.0 (compatible; Barkrowler/0.9; +https://babbar.tech/crawler)"
217.113.194.146 - - [03/Sep/2025:01:21:56 +0200] "GET /logistique-site-e-commerce.htm HTTP/1.1" 304 3909 "-" "Mozilla/5.0 (compatible; Barkrowler/0.9; +https://babbar.tech/crawler)"
217.113.194.151 - - [03/Sep/2025:01:22:11 +0200] "GET /envois-colis-e-commerce.htm HTTP/1.1" 304 3909 "-" "Mozilla/5.0 (compatible; Barkrowler/0.9; +https://babbar.tech/crawler)"
217.113.194.142 - - [03/Sep/2025:01:22:27 +0200] "GET /chaussures-handball-hummel.htm HTTP/1.1" 304 3909 "-" "Mozilla/5.0 (compatible; Barkrowler/0.9; +https://babbar.tech/crawler)"
217.113.194.147 - - [03/Sep/2025:01:22:42 +0200] "GET /actualites-logistique-2020.htm HTTP/1.1" 304 3910 "-" "Mozilla/5.0 (compatible; Barkrowler/0.9; +https://babbar.tech/crawler)"
217.113.194.144 - - [03/Sep/2025:01:22:57 +0200] "GET /vente-en-ligne-logistique-e-commerce.htm HTTP/1.1" 304 3910 "-" "Mozilla/5.0 (compatible; Barkrowler/0.9; +https://babbar.tech/crawler)"
217.113.194.144 - - [03/Sep/2025:01:23:14 +0200] "GET /vente-privee-chaussures-petit-bateau.htm HTTP/1.1" 304 3909 "-" "Mozilla/5.0 (compatible; Barkrowler/0.9; +https://babbar.tech/crawler)"
217.113.194.150 - - [03/Sep/2025:01:23:31 +0200] "GET /vente-privee-polo-de-deauville.htm HTTP/1.1" 304 3909 "-" "Mozilla/5.0 (compatible; Barkrowler/0.9; +https://babbar.tech/crawler)"
185.191.171.19 - - [03/Sep/2025:01:23:32 +0200] "GET /robots.txt HTTP/1.1" 200 3720 "-" "Mozilla/5.0 (compatible; SemrushBot/7~bl; +http://www.semrush.com/bot.html)"
85.208.96.206 - - [03/Sep/2025:01:23:33 +0200] "GET /e-commerce-logistique-e-commercant.htm HTTP/1.1" 200 8632 "-" "Mozilla/5.0 (compatible; SemrushBot/7~bl; +http://www.semrush.com/bot.html)"
217.113.194.249 - - [03/Sep/2025:01:23:48 +0200] "GET /externalisation-logistique-e-commerce.htm HTTP/1.1" 304 3909 "-" "Mozilla/5.0 (compatible; Barkrowler/0.9; +https://babbar.tech/crawler)"
217.113.194.231 - - [03/Sep/2025:01:24:04 +0200] "GET /externalisation-preparation-de-commandes.htm HTTP/1.1" 304 3909 "-" "Mozilla/5.0 (compatible; Barkrowler/0.9; +https://babbar.tech/crawler)"
85.208.96.200 - - [03/Sep/2025:01:24:07 +0200] "GET /prestataire-logistique-e-commerce.htm HTTP/1.1" 200 10024 "-" "Mozilla/5.0 (compatible; SemrushBot/7~bl; +http://www.semrush.com/bot.html)"
217.113.194.142 - - [03/Sep/2025:01:24:19 +0200] "GET /e-cigarettes-kangertech.htm HTTP/1.1" 304 3909 "-" "Mozilla/5.0 (compatible; Barkrowler/0.9; +https://babbar.tech/crawler)"
217.113.194.144 - - [03/Sep/2025:01:24:34 +0200] "GET /logistique-e-commerce-international.htm HTTP/1.1" 304 3909 "-" "Mozilla/5.0 (compatible; Barkrowler/0.9; +https://babbar.tech/crawler)"
217.113.194.148 - - [03/Sep/2025:01:24:50 +0200] "GET /logistique-e-commerce-marketplace.htm HTTP/1.1" 304 3909 "-" "Mozilla/5.0 (compatible; Barkrowler/0.9; +https://babbar.tech/crawler)"
217.113.194.144 - - [03/Sep/2025:01:25:06 +0200] "GET /logistique-e-commerce-multicanal.htm HTTP/1.1" 304 3909 "-" "Mozilla/5.0 (compatible; Barkrowler/0.9; +https://babbar.tech/crawler)"
217.113.194.143 - - [03/Sep/2025:01:25:22 +0200] "GET /logistique-e-commerce-cosmetique.html HTTP/1.1" 304 3909 "-" "Mozilla/5.0 (compatible; Barkrowler/0.9; +https://babbar.tech/crawler)"
217.113.194.249 - - [03/Sep/2025:01:25:37 +0200] "GET /logistique-e-commerce-editeur.htm HTTP/1.1" 304 3909 "-" "Mozilla/5.0 (compatible; Barkrowler/0.9; +https://babbar.tech/crawler)"
217.113.194.147 - - [03/Sep/2025:01:25:52 +0200] "GET /logistique-envois-en-nombre.htm HTTP/1.1" 304 3909 "-" "Mozilla/5.0 (compatible; Barkrowler/0.9; +https://babbar.tech/crawler)"
217.113.194.151 - - [03/Sep/2025:01:26:08 +0200] "GET /logistique-des-marques-et-de-la-mode.htm HTTP/1.1" 304 3909 "-" "Mozilla/5.0 (compatible; Barkrowler/0.9; +https://babbar.tech/crawler)"
154.54.249.207 - - [03/Sep/2025:01:26:24 +0200] "GET /logistique-distribution-cosmetique.htm HTTP/1.1" 304 3909 "-" "Mozilla/5.0 (compatible; Barkrowler/0.9; +https://babbar.tech/crawler)"
85.208.96.200 - - [03/Sep/2025:01:26:36 +0200] "GET /robots.txt HTTP/1.1" 200 3720 "-" "Mozilla/5.0 (compatible; SemrushBot/7~bl; +http://www.semrush.com/bot.html)"
85.208.96.194 - - [03/Sep/2025:01:26:36 +0200] "GET /ita/index.htm HTTP/1.1" 200 9976 "-" "Mozilla/5.0 (compatible; SemrushBot/7~bl; +http://www.semrush.com/bot.html)"
154.54.249.207 - - [03/Sep/2025:01:26:40 +0200] "GET /logisticien-ile-de-france-idf.htm HTTP/1.1" 304 3909 "-" "Mozilla/5.0 (compatible; Barkrowler/0.9; +https://babbar.tech/crawler)"
217.113.194.151 - - [03/Sep/2025:01:26:55 +0200] "GET /logistique-linge-de-maison.htm HTTP/1.1" 304 3909 "-" "Mozilla/5.0 (compatible; Barkrowler/0.9; +https://babbar.tech/crawler)"
217.113.194.249 - - [03/Sep/2025:01:27:10 +0200] "GET /logistique-habillement-mode.htm HTTP/1.1" 304 3909 "-" "Mozilla/5.0 (compatible; Barkrowler/0.9; +https://babbar.tech/crawler)"
185.191.171.15 - - [03/Sep/2025:01:27:18 +0200] "GET /robots.txt HTTP/1.1" 200 3736 "-" "Mozilla/5.0 (compatible; SemrushBot/7~bl; +http://www.semrush.com/bot.html)"
185.191.171.8 - - [03/Sep/2025:01:27:18 +0200] "GET /entreprise-logistique-e-commerce.htm HTTP/1.1" 200 9560 "-" "Mozilla/5.0 (compatible; SemrushBot/7~bl; +http://www.semrush.com/bot.html)"
217.113.194.142 - - [03/Sep/2025:01:27:26 +0200] "GET /logistique-velos-electriques.htm HTTP/1.1" 304 3909 "-" "Mozilla/5.0 (compatible; Barkrowler/0.9; +https://babbar.tech/crawler)"
217.113.194.253 - - [03/Sep/2025:01:27:41 +0200] "GET /logistique-parfum-cosmetique.htm HTTP/1.1" 304 3909 "-" "Mozilla/5.0 (compatible; Barkrowler/0.9; +https://babbar.tech/crawler)"
217.113.194.145 - - [03/Sep/2025:01:27:57 +0200] "GET /entreprise-logistique-e-commerce.htm HTTP/1.1" 304 3909 "-" "Mozilla/5.0 (compatible; Barkrowler/0.9; +https://babbar.tech/crawler)"
217.113.194.150 - - [03/Sep/2025:01:28:12 +0200] "GET /interface-informatique-logistique.htm HTTP/1.1" 304 3909 "-" "Mozilla/5.0 (compatible; Barkrowler/0.9; +https://babbar.tech/crawler)"
217.113.194.148 - - [03/Sep/2025:01:28:29 +0200] "GET /prestataire-logistique-e-commerce.htm HTTP/1.1" 304 3909 "-" "Mozilla/5.0 (compatible; Barkrowler/0.9; +https://babbar.tech/crawler)"
217.113.194.151 - - [03/Sep/2025:01:28:44 +0200] "GET /demande-devis-logistique-en-ligne.htm HTTP/1.1" 304 3909 "-" "Mozilla/5.0 (compatible; Barkrowler/0.9; +https://babbar.tech/crawler)"
217.113.194.149 - - [03/Sep/2025:01:28:59 +0200] "GET /ita/logistica-ecommerce-francia.htm HTTP/1.1" 304 3909 "-" "Mozilla/5.0 (compatible; Barkrowler/0.9; +https://babbar.tech/crawler)"
217.113.194.142 - - [03/Sep/2025:01:29:15 +0200] "GET /endurance-logistique-externalisation.htm HTTP/1.1" 304 3909 "-" "Mozilla/5.0 (compatible; Barkrowler/0.9; +https://babbar.tech/crawler)"
167.94.145.105 - - [03/Sep/2025:01:29:27 +0200] "GET / HTTP/1.1" 200 11702 "-" "Mozilla/5.0 (compatible; CensysInspect/1.1; +https://about.censys.io/)"
167.94.145.105 - - [03/Sep/2025:01:29:28 +0200] "GET /favicon.ico HTTP/1.1" 200 4710 "-" "Mozilla/5.0 (compatible; CensysInspect/1.1; +https://about.censys.io/)"
167.94.145.105 - - [03/Sep/2025:01:29:28 +0200] "GET /favicon.ico HTTP/1.1" 200 4706 "-" "Mozilla/5.0 (compatible; CensysInspect/1.1; +https://about.censys.io/)"
167.94.145.105 - - [03/Sep/2025:01:29:29 +0200] "PRI * HTTP/2.0" 400 3536 "-" "-"
217.113.194.143 - - [03/Sep/2025:01:29:30 +0200] "GET /plateforme-logistique-e-commerce.htm HTTP/1.1" 304 3909 "-" "Mozilla/5.0 (compatible; Barkrowler/0.9; +https://babbar.tech/crawler)"
167.94.145.105 - - [03/Sep/2025:01:29:38 +0200] "PRI * HTTP/2.0" 400 3536 "-" "-"
167.94.145.105 - - [03/Sep/2025:01:29:41 +0200] "GET /login HTTP/1.1" 404 3577 "-" "Mozilla/5.0 (compatible; CensysInspect/1.1; +https://about.censys.io/)"
217.113.194.143 - - [03/Sep/2025:01:29:45 +0200] "GET /solutions-logistiques-e-commerce.htm HTTP/1.1" 304 3909 "-" "Mozilla/5.0 (compatible; Barkrowler/0.9; +https://babbar.tech/crawler)"
217.113.194.146 - - [03/Sep/2025:01:30:01 +0200] "GET /logistique-e-commerce-mode-decoration.htm HTTP/1.1" 304 3909 "-" "Mozilla/5.0 (compatible; Barkrowler/0.9; +https://babbar.tech/crawler)"
217.113.194.253 - - [03/Sep/2025:01:30:16 +0200] "GET /logistique-e-commerce-pieces-detachees.htm HTTP/1.1" 304 3909 "-" "Mozilla/5.0 (compatible; Barkrowler/0.9; +https://babbar.tech/crawler)"
217.113.194.150 - - [03/Sep/2025:01:30:31 +0200] "GET /logistique-e-commerce-ile-de-france.htm HTTP/1.1" 304 3909 "-" "Mozilla/5.0 (compatible; Barkrowler/0.9; +https://babbar.tech/crawler)"
54.37.252.137 - - [03/Sep/2025:01:30:34 +0200] "GET /robots.txt HTTP/1.1" 200 4100 "-" "Mozilla/5.0 (compatible; MJ12bot/v1.4.8; http://mj12bot.com/)"
54.37.252.137 - - [03/Sep/2025:01:30:35 +0200] "GET /chaussures-running-spira.htm HTTP/1.1" 200 5482 "-" "Mozilla/5.0 (compatible; MJ12bot/v1.4.8; http://mj12bot.com/)"
217.113.194.147 - - [03/Sep/2025:01:30:47 +0200] "GET /logistique-e-commerce-hight-tech.htm HTTP/1.1" 304 3909 "-" "Mozilla/5.0 (compatible; Barkrowler/0.9; +https://babbar.tech/crawler)"
217.113.194.148 - - [03/Sep/2025:01:31:03 +0200] "GET /logistique-e-commerce-retail-textile.htm HTTP/1.1" 304 3909 "-" "Mozilla/5.0 (compatible; Barkrowler/0.9; +https://babbar.tech/crawler)"
217.113.194.149 - - [03/Sep/2025:01:31:18 +0200] "GET /logistique-distribution-materiel-medical.htm HTTP/1.1" 304 3909 "-" "Mozilla/5.0 (compatible; Barkrowler/0.9; +https://babbar.tech/crawler)"
217.113.194.147 - - [03/Sep/2025:01:31:33 +0200] "GET /logisticien-specialiste-e-commerce.htm HTTP/1.1" 304 3910 "-" "Mozilla/5.0 (compatible; Barkrowler/0.9; +https://babbar.tech/crawler)"
85.208.96.197 - - [03/Sep/2025:01:31:39 +0200] "GET /actualites-logistique-2013.htm HTTP/1.1" 200 9544 "-" "Mozilla/5.0 (compatible; SemrushBot/7~bl; +http://www.semrush.com/bot.html)"
217.113.194.142 - - [03/Sep/2025:01:31:49 +0200] "GET /logistique-de-la-mode-haut-de-gamme.htm HTTP/1.1" 304 3909 "-" "Mozilla/5.0 (compatible; Barkrowler/0.9; +https://babbar.tech/crawler)"
217.113.194.144 - - [03/Sep/2025:01:32:04 +0200] "GET /logistique-vente-en-ligne-cosmetique.htm HTTP/1.1" 304 3909 "-" "Mozilla/5.0 (compatible; Barkrowler/0.9; +https://babbar.tech/crawler)"
217.113.194.146 - - [03/Sep/2025:01:32:25 +0200] "GET /logistique-site-e-commerce-ma.htm HTTP/1.1" 304 3909 "-" "Mozilla/5.0 (compatible; Barkrowler/0.9; +https://babbar.tech/crawler)"
217.113.194.231 - - [03/Sep/2025:01:32:42 +0200] "GET /location-bureaux-yvelines-versailles.htm HTTP/1.1" 304 3909 "-" "Mozilla/5.0 (compatible; Barkrowler/0.9; +https://babbar.tech/crawler)"
217.113.194.149 - - [03/Sep/2025:01:32:57 +0200] "GET /ita/soluzioni-logistiche-e-commerce.htm HTTP/1.1" 304 3910 "-" "Mozilla/5.0 (compatible; Barkrowler/0.9; +https://babbar.tech/crawler)"
217.113.194.143 - - [03/Sep/2025:01:33:13 +0200] "GET /ita/la-logistica-in-francia.htm HTTP/1.1" 304 3909 "-" "Mozilla/5.0 (compatible; Barkrowler/0.9; +https://babbar.tech/crawler)"
185.191.171.5 - - [03/Sep/2025:01:33:16 +0200] "GET /endurance-logistique-externalisation.htm HTTP/1.1" 200 9640 "-" "Mozilla/5.0 (compatible; SemrushBot/7~bl; +http://www.semrush.com/bot.html)"
217.113.194.151 - - [03/Sep/2025:01:33:28 +0200] "GET /e-commerce-logistique-objets-deco.htm HTTP/1.1" 304 3909 "-" "Mozilla/5.0 (compatible; Barkrowler/0.9; +https://babbar.tech/crawler)"
217.113.194.249 - - [03/Sep/2025:01:33:44 +0200] "GET /e-commerce-logistique-e-commercant.htm HTTP/1.1" 304 3909 "-" "Mozilla/5.0 (compatible; Barkrowler/0.9; +https://babbar.tech/crawler)"
217.113.194.143 - - [03/Sep/2025:01:34:00 +0200] "GET /e-commerce-fulfillment-logistics-france.htm HTTP/1.1" 304 3909 "-" "Mozilla/5.0 (compatible; Barkrowler/0.9; +https://babbar.tech/crawler)"
85.208.96.207 - - [03/Sep/2025:01:34:06 +0200] "GET /robots.txt HTTP/1.1" 200 3720 "-" "Mozilla/5.0 (compatible; SemrushBot/7~bl; +http://www.semrush.com/bot.html)"
185.191.171.16 - - [03/Sep/2025:01:34:07 +0200] "GET /cahier-des-charges-logistique.htm HTTP/1.1" 200 7880 "-" "Mozilla/5.0 (compatible; SemrushBot/7~bl; +http://www.semrush.com/bot.html)"
217.113.194.151 - - [03/Sep/2025:01:34:15 +0200] "GET /stockage-privatif-sos-stockage.htm HTTP/1.1" 304 3909 "-" "Mozilla/5.0 (compatible; Barkrowler/0.9; +https://babbar.tech/crawler)"
217.113.194.148 - - [03/Sep/2025:01:34:31 +0200] "GET /logistique-e-commerce-mode-made-in-france.htm HTTP/1.1" 304 3909 "-" "Mozilla/5.0 (compatible; Barkrowler/0.9; +https://babbar.tech/crawler)"
217.113.194.149 - - [03/Sep/2025:01:34:46 +0200] "GET /logistique-e-commerce-pieces-rechange.htm HTTP/1.1" 304 3909 "-" "Mozilla/5.0 (compatible; Barkrowler/0.9; +https://babbar.tech/crawler)"
217.113.194.145 - - [03/Sep/2025:01:35:01 +0200] "GET /logistique-e-commerce-epicerie-fine.htm HTTP/1.1" 304 3909 "-" "Mozilla/5.0 (compatible; Barkrowler/0.9; +https://babbar.tech/crawler)"
185.191.171.6 - - [03/Sep/2025:01:35:07 +0200] "GET /solutions-logistiques-e-commerce.htm HTTP/1.1" 200 9784 "-" "Mozilla/5.0 (compatible; SemrushBot/7~bl; +http://www.semrush.com/bot.html)"
217.113.194.142 - - [03/Sep/2025:01:35:16 +0200] "GET /logistique-e-commerce-externalisation.htm HTTP/1.1" 304 3909 "-" "Mozilla/5.0 (compatible; Barkrowler/0.9; +https://babbar.tech/crawler)"
217.113.194.253 - - [03/Sep/2025:01:35:34 +0200] "GET /logistique-e_commercant-e_commerce.htm HTTP/1.1" 304 3909 "-" "Mozilla/5.0 (compatible; Barkrowler/0.9; +https://babbar.tech/crawler)"
217.113.194.249 - - [03/Sep/2025:01:35:49 +0200] "GET /logistique-edition-diffuseur-livres.htm HTTP/1.1" 304 3909 "-" "Mozilla/5.0 (compatible; Barkrowler/0.9; +https://babbar.tech/crawler)"
217.113.194.249 - - [03/Sep/2025:01:36:04 +0200] "GET /logistique-pret-a-porter-repetto.htm HTTP/1.1" 304 3909 "-" "Mozilla/5.0 (compatible; Barkrowler/0.9; +https://babbar.tech/crawler)"
217.113.194.253 - - [03/Sep/2025:01:36:19 +0200] "GET /logistique-plv-marketing-distribution.htm HTTP/1.1" 304 3909 "-" "Mozilla/5.0 (compatible; Barkrowler/0.9; +https://babbar.tech/crawler)"
85.208.96.205 - - [03/Sep/2025:01:36:24 +0200] "GET /logistique-e-commerce-endurance-logistique.htm HTTP/1.1" 200 9224 "-" "Mozilla/5.0 (compatible; SemrushBot/7~bl; +http://www.semrush.com/bot.html)"
217.113.194.253 - - [03/Sep/2025:01:36:35 +0200] "GET /logistic-fashion-and-design-in-france.htm HTTP/1.1" 304 3909 "-" "Mozilla/5.0 (compatible; Barkrowler/0.9; +https://babbar.tech/crawler)"
217.113.194.143 - - [03/Sep/2025:01:36:50 +0200] "GET /logisticien-grossiste-distributeur.htm HTTP/1.1" 304 3909 "-" "Mozilla/5.0 (compatible; Barkrowler/0.9; +https://babbar.tech/crawler)"
217.113.194.151 - - [03/Sep/2025:01:37:06 +0200] "GET /logistique-marque-linge-de-maison.htm HTTP/1.1" 304 3909 "-" "Mozilla/5.0 (compatible; Barkrowler/0.9; +https://babbar.tech/crawler)"
17.241.227.103 - - [03/Sep/2025:01:37:09 +0200] "GET /img/entrepot/stockage-et-logistique-e-commerce.jpg HTTP/1.1" 200 63309 "-" "Mozilla/5.0 (Macintosh; Intel Mac OS X 10_15_7) AppleWebKit/605.1.15 (KHTML, like Gecko) Version/17.4 Safari/605.1.15 (Applebot/0.1; +http://www.apple.com/go/applebot)"
154.54.249.207 - - [03/Sep/2025:01:37:21 +0200] "GET /logistique-nouveau-site-e-commerce.htm HTTP/1.1" 304 3910 "-" "Mozilla/5.0 (compatible; Barkrowler/0.9; +https://babbar.tech/crawler)"
217.113.194.151 - - [03/Sep/2025:01:37:37 +0200] "GET /conseil-logistique-developpement-e-commerce.htm HTTP/1.1" 304 3909 "-" "Mozilla/5.0 (compatible; Barkrowler/0.9; +https://babbar.tech/crawler)"
217.113.194.150 - - [03/Sep/2025:01:37:54 +0200] "GET /conseil-logistique-transport-international.htm HTTP/1.1" 304 3910 "-" "Mozilla/5.0 (compatible; Barkrowler/0.9; +https://babbar.tech/crawler)"
217.113.194.144 - - [03/Sep/2025:01:38:09 +0200] "GET /barons-papillom-marque-de-sneakers.htm HTTP/1.1" 304 3909 "-" "Mozilla/5.0 (compatible; Barkrowler/0.9; +https://babbar.tech/crawler)"
217.113.194.231 - - [03/Sep/2025:01:38:25 +0200] "GET /plateforme-logistique-mode-marques-luxe.htm HTTP/1.1" 304 3909 "-" "Mozilla/5.0 (compatible; Barkrowler/0.9; +https://babbar.tech/crawler)"
51.68.111.203 - - [03/Sep/2025:01:38:28 +0200] "GET /robots.txt HTTP/1.1" 200 3654 "-" "Mozilla/5.0 (compatible; MJ12bot/v2.0.4; http://mj12bot.com/)"
51.68.111.203 - - [03/Sep/2025:01:38:28 +0200] "GET / HTTP/1.1" 200 8620 "-" "Mozilla/5.0 (compatible; MJ12bot/v2.0.4; http://mj12bot.com/)"
217.113.194.148 - - [03/Sep/2025:01:38:40 +0200] "GET /logistique-e-commerce-complements-alimentaires.htm HTTP/1.1" 304 3909 "-" "Mozilla/5.0 (compatible; Barkrowler/0.9; +https://babbar.tech/crawler)"
185.191.171.9 - - [03/Sep/2025:01:38:42 +0200] "GET /logistique-distribution-cosmetique.htm HTTP/1.1" 200 8056 "-" "Mozilla/5.0 (compatible; SemrushBot/7~bl; +http://www.semrush.com/bot.html)"
154.54.249.207 - - [03/Sep/2025:01:38:57 +0200] "GET /logistique-btob-distribution-paris.htm HTTP/1.1" 304 3909 "-" "Mozilla/5.0 (compatible; Barkrowler/0.9; +https://babbar.tech/crawler)"
217.113.194.148 - - [03/Sep/2025:01:39:15 +0200] "GET /logisticien-e-commerce-tpe-pme.htm HTTP/1.1" 304 3910 "-" "Mozilla/5.0 (compatible; Barkrowler/0.9; +https://babbar.tech/crawler)"
154.54.249.207 - - [03/Sep/2025:01:39:32 +0200] "GET /logistique-mode-textile-sportswear.htm HTTP/1.1" 304 3909 "-" "Mozilla/5.0 (compatible; Barkrowler/0.9; +https://babbar.tech/crawler)"
217.113.194.151 - - [03/Sep/2025:01:39:47 +0200] "GET /gestion-informatisee-des-commandes-logistique.html HTTP/1.1" 304 3910 "-" "Mozilla/5.0 (compatible; Barkrowler/0.9; +https://babbar.tech/crawler)"
217.113.194.142 - - [03/Sep/2025:01:40:02 +0200] "GET /nouvelle-plateforme-logistique-e-commerce.htm HTTP/1.1" 304 3910 "-" "Mozilla/5.0 (compatible; Barkrowler/0.9; +https://babbar.tech/crawler)"
217.113.194.249 - - [03/Sep/2025:01:40:18 +0200] "GET /prestataire-logistique-e-commerce-web.htm HTTP/1.1" 304 3909 "-" "Mozilla/5.0 (compatible; Barkrowler/0.9; +https://babbar.tech/crawler)"
217.113.194.146 - - [03/Sep/2025:01:40:33 +0200] "GET /ita/logistica-distribuzione-francia.htm HTTP/1.1" 304 3909 "-" "Mozilla/5.0 (compatible; Barkrowler/0.9; +https://babbar.tech/crawler)"
217.113.194.146 - - [03/Sep/2025:01:40:52 +0200] "GET /e-commerce-logistique-endurance-logistique.htm HTTP/1.1" 304 3909 "-" "Mozilla/5.0 (compatible; Barkrowler/0.9; +https://babbar.tech/crawler)"
217.113.194.150 - - [03/Sep/2025:01:41:07 +0200] "GET /logistique-pour-le-e-commerce-pret-a-porter.htm HTTP/1.1" 304 3909 "-" "Mozilla/5.0 (compatible; Barkrowler/0.9; +https://babbar.tech/crawler)"
154.54.249.207 - - [03/Sep/2025:01:41:22 +0200] "GET /logistique-e-commerce-endurance-logistique.htm HTTP/1.1" 304 3909 "-" "Mozilla/5.0 (compatible; Barkrowler/0.9; +https://babbar.tech/crawler)"
196.251.114.43 - - [03/Sep/2025:01:41:35 +0200] "GET /.env HTTP/1.1" 404 3596 "-" "Mozilla/5.0 (Windows NT 6.1; Win64; x64) AppleWebKit/537.36 (KHTML, like Gecko) Chrome/76.0.3809.87 Safari/537.36"
154.54.249.207 - - [03/Sep/2025:01:41:39 +0200] "GET /logistique-expedition-colis-en-nombre.htm HTTP/1.1" 304 3909 "-" "Mozilla/5.0 (compatible; Barkrowler/0.9; +https://babbar.tech/crawler)"
198.55.98.117 - - [03/Sep/2025:01:41:50 +0200] "GET /.git/config HTTP/1.1" 404 3602 "-" "Mozilla/5.0 (Windows NT 6.3; Win64; x64) AppleWebKit/537.36 (KHTML, like Gecko) Chrome/72.0.3626.109 Safari/537.36"
156.249.63.36 - - [03/Sep/2025:01:41:52 +0200] "GET / HTTP/1.1" 200 11553 "-" "Mozilla/5.0 (Linux; Android 9; SAMSUNG SM-N950F Build/PPR1.180610.011) AppleWebKit/537.36 (KHTML, like Gecko) SamsungBrowser/9.4 Chrome/67.0.3396.87 Mobile Safari/537.36"
217.113.194.143 - - [03/Sep/2025:01:41:54 +0200] "GET /cahier-des-charges-logistique-e-commerce.htm HTTP/1.1" 304 3909 "-" "Mozilla/5.0 (compatible; Barkrowler/0.9; +https://babbar.tech/crawler)"
217.113.194.143 - - [03/Sep/2025:01:42:09 +0200] "GET /solutions-augmenter-ses-ventes-sur-amazon.htm HTTP/1.1" 304 3909 "-" "Mozilla/5.0 (compatible; Barkrowler/0.9; +https://babbar.tech/crawler)"
156.242.42.247 - - [03/Sep/2025:01:42:22 +0200] "GET /s3cmd.ini HTTP/1.1" 404 3610 "-" "Mozilla/5.0 (iPhone; CPU iPhone OS 12_3 like Mac OS X) AppleWebKit/605.1.15 (KHTML, like Gecko) CriOS/75.0.3770.103 Mobile/15E148 Safari/605.1"
66.249.69.192 - - [03/Sep/2025:01:42:25 +0200] "GET /ads.txt HTTP/1.1" 404 3844 "-" "Mozilla/5.0 (compatible; Googlebot/2.1; +http://www.google.com/bot.html)"
217.113.194.147 - - [03/Sep/2025:01:42:25 +0200] "GET /logistique-e-commerce-personnalisation-des-envois.htm HTTP/1.1" 304 3909 "-" "Mozilla/5.0 (compatible; Barkrowler/0.9; +https://babbar.tech/crawler)"
217.113.194.143 - - [03/Sep/2025:01:42:42 +0200] "GET /logistique-open-house-mobilier-velizy.htm HTTP/1.1" 304 3909 "-" "Mozilla/5.0 (compatible; Barkrowler/0.9; +https://babbar.tech/crawler)"
3.252.134.180 - - [03/Sep/2025:01:42:47 +0200] "GET / HTTP/1.0" 301 619 "-" "Mozilla/5.0 (compatible; NetcraftSurveyAgent/1.0; +info@netcraft.com)"
217.113.194.144 - - [03/Sep/2025:01:42:57 +0200] "GET /logisticien-specialiste-e-commerce-mode-textile.htm HTTP/1.1" 304 3909 "-" "Mozilla/5.0 (compatible; Barkrowler/0.9; +https://babbar.tech/crawler)"
156.228.84.164 - - [03/Sep/2025:01:43:02 +0200] "GET /.aws/credentials HTTP/1.1" 404 3614 "-" "Opera/9.80 (Windows NT 6.1; U; es-ES) Presto/2.9.181 Version/12.00"
217.113.194.149 - - [03/Sep/2025:01:43:13 +0200] "GET /logistique-b-to-b-et-logistique-b-to-c.htm HTTP/1.1" 304 3909 "-" "Mozilla/5.0 (compatible; Barkrowler/0.9; +https://babbar.tech/crawler)"
66.249.75.106 - - [03/Sep/2025:01:43:25 +0200] "GET /logistique-marque-cosmetique.htm HTTP/1.1" 304 3413 "-" "Mozilla/5.0 (Linux; Android 6.0.1; Nexus 5X Build/MMB29P) AppleWebKit/537.36 (KHTML, like Gecko) Chrome/138.0.7204.183 Mobile Safari/537.36 (compatible; Googlebot/2.1; +http://www.google.com/bot.html)"
217.113.194.151 - - [03/Sep/2025:01:43:28 +0200] "GET /logistique-vente-en-ligne-cigarettes-electroniques.htm HTTP/1.1" 304 3909 "-" "Mozilla/5.0 (compatible; Barkrowler/0.9; +https://babbar.tech/crawler)"
217.113.194.149 - - [03/Sep/2025:01:43:44 +0200] "GET /logistique-e-commerce-emballage-condtionnement.htm HTTP/1.1" 304 3909 "-" "Mozilla/5.0 (compatible; Barkrowler/0.9; +https://babbar.tech/crawler)"
217.113.194.146 - - [03/Sep/2025:01:44:01 +0200] "GET /logistique-ecommerce-pics-activite-preparation-commandes.htm HTTP/1.1" 304 3909 "-" "Mozilla/5.0 (compatible; Barkrowler/0.9; +https://babbar.tech/crawler)"
156.228.81.228 - - [03/Sep/2025:01:44:05 +0200] "GET /s3cmd.ini HTTP/1.1" 404 3611 "-" "Mozilla/5.0 (Windows NT 6.1; Win64; x64) AppleWebKit/537.36 (KHTML, like Gecko) Chrome/75.0.3770.142 Safari/537.36"
152.32.189.128 - - [03/Sep/2025:01:44:05 +0200] "{\"method\":\"login\",\"params\":{\"login\":\"45JymPWP1DeQxxMZNJv9w2bTQ2WJDAmw18wUSryDQa3RPrympJPoUSVcFEDv3bhiMJGWaCD4a3KrFCorJHCMqXJUKApSKDV\",\"pass\":\"xxoo\",\"agent\":\"xmr-stak-cpu/1.3.0-1.5.0\"},\"id\":1}" 501 3578 "-" "-"
152.32.189.128 - - [03/Sep/2025:01:44:07 +0200] "{\"id\":1,\"method\":\"mining.subscribe\",\"params\":[]}" 501 3375 "-" "-"
152.32.189.128 - - [03/Sep/2025:01:44:08 +0200] "{\"params\": [\"miner1\", \"password\"], \"id\": 2, \"method\": \"mining.authorize\"}" 400 3536 "-" "-"
217.113.194.148 - - [03/Sep/2025:01:44:18 +0200] "GET /la-logistique-au-service-de-sweet-caddy-accessoires-de-golf.htm HTTP/1.1" 304 3909 "-" "Mozilla/5.0 (compatible; Barkrowler/0.9; +https://babbar.tech/crawler)"
152.32.189.128 - - [03/Sep/2025:01:44:14 +0200] "{\"id\":1,\"jsonrpc\":\"2.0\",\"method\":\"login\",\"params\":{\"login\":\"blue1\",\"pass\":\"x\",\"agent\":\"Windows NT 6.1; Win64; x64\"}}" 400 3536 "-" "-"
152.32.189.128 - - [03/Sep/2025:01:44:22 +0200] "{\"params\": [\"miner1\", \"bf\", \"00000001\", \"504e86ed\", \"b2957c02\"], \"id\": 4, \"method\": \"mining.submit\"}" 400 3536 "-" "-"
152.32.189.128 - - [03/Sep/2025:01:44:29 +0200] "{\"id\":1,\"jsonrpc\":\"2.0\",\"method\":\"login\",\"params\":{\"login\":\"x\",\"pass\":\"null\",\"agent\":\"XMRig/5.13.1\",\"algo\":[\"cn/1\",\"cn/2\",\"cn/r\",\"cn/fast\",\"cn/half\",\"cn/xao\",\"cn/rto\",\"cn/rwz\",\"cn/zls\",\"cn/double\",\"rx/0\",\"rx/wow\",\"rx/loki\",\"rx/arq\",\"rx/sfx\",\"rx/keva\"]}}" 501 3830 "-" "-"
156.253.170.219 - - [03/Sep/2025:01:45:08 +0200] "GET /jquery.easing.js HTTP/1.1" 404 3614 "-" "Mozilla/5.0 (Linux; Android 5.0.1; SCH-R970 Build/LRX22C) AppleWebKit/537.36 (KHTML, like Gecko) Chrome/45.0.2454.84 Mobile Safari/537.36"
156.253.170.219 - - [03/Sep/2025:01:45:08 +0200] "GET /custom.js HTTP/1.1" 404 3610 "-" "Mozilla/5.0 (Windows NT 10.0; WOW64) AppleWebKit/537.36 (KHTML, like Gecko) Chrome/74.0.3729.108 Safari/537.36"
156.253.170.219 - - [03/Sep/2025:01:45:08 +0200] "GET /jquery.appear.js HTTP/1.1" 404 3614 "-" "Mozilla/5.0 (Linux; Android 7.0; SM-J710FN) AppleWebKit/537.36 (KHTML, like Gecko) Chrome/76.0.3809.111 Mobile Safari/537.36"
156.253.170.219 - - [03/Sep/2025:01:45:08 +0200] "GET /jquery.js HTTP/1.1" 404 3610 "-" "Mozilla/5.0 (Linux; Android 5.1.1; A37f Build/LMY47V) AppleWebKit/537.36 (KHTML, like Gecko) Chrome/66.0.3359.126 Mobile Safari/537.36"
156.253.170.219 - - [03/Sep/2025:01:45:08 +0200] "GET /theme.js HTTP/1.1" 404 3609 "-" "Mozilla/5.0 (X11; Linux x86_64) AppleWebKit/537.4 (KHTML like Gecko) Chrome/22.0.1229.56 Safari/537.4"
156.253.170.219 - - [03/Sep/2025:01:45:08 +0200] "GET //www.google-analytics.com/analytics.js HTTP/1.1" 404 3626 "-" "Mozilla/5.0 (Linux; Android 9; moto g(6)) AppleWebKit/537.36 (KHTML, like Gecko) Chrome/76.0.3809.111 Mobile Safari/537.36"
156.253.170.219 - - [03/Sep/2025:01:45:08 +0200] "GET /jquery.validate.js HTTP/1.1" 404 3616 "-" "iTunes/9.0.3 (Macintosh; U; Intel Mac OS X 10_6_2; en-ca)"
