54.91.177.157 - - [11/Sep/2025:21:22:04 +0200] "GET /css/bootstrap.css HTTP/1.1" 200 101289 "http://www.lookallweb.com/" "Mozilla/5.0 (Macintosh; Intel Mac OS X 10_15_7) AppleWebKit/537.36 (KHTML, like Gecko) Chrome/96.0.4664.45 Safari/537.36"
54.91.177.157 - - [11/Sep/2025:21:22:04 +0200] "GET /css/theme-elements.css HTTP/1.1" 200 45938 "http://www.lookallweb.com/" "Mozilla/5.0 (Macintosh; Intel Mac OS X 10_15_7) AppleWebKit/537.36 (KHTML, like Gecko) Chrome/96.0.4664.45 Safari/537.36"
54.91.177.157 - - [11/Sep/2025:21:22:05 +0200] "GET /css/custom.css HTTP/1.1" 200 555 "http://www.lookallweb.com/" "Mozilla/5.0 (Macintosh; Intel Mac OS X 10_15_7) AppleWebKit/537.36 (KHTML, like Gecko) Chrome/96.0.4664.45 Safari/537.36"
54.91.177.157 - - [11/Sep/2025:21:22:05 +0200] "GET /css/skins/blue.css HTTP/1.1" 200 6815 "http://www.lookallweb.com/" "Mozilla/5.0 (Macintosh; Intel Mac OS X 10_15_7) AppleWebKit/537.36 (KHTML, like Gecko) Chrome/96.0.4664.45 Safari/537.36"
54.91.177.157 - - [11/Sep/2025:21:22:05 +0200] "GET /css/theme-responsive.css HTTP/1.1" 200 12180 "http://www.lookallweb.com/" "Mozilla/5.0 (Macintosh; Intel Mac OS X 10_15_7) AppleWebKit/537.36 (KHTML, like Gecko) Chrome/96.0.4664.45 Safari/537.36"
54.91.177.157 - - [11/Sep/2025:21:22:05 +0200] "GET /vendor/owl-carousel/owl.carousel.css HTTP/1.1" 200 1723 "http://www.lookallweb.com/" "Mozilla/5.0 (Macintosh; Intel Mac OS X 10_15_7) AppleWebKit/537.36 (KHTML, like Gecko) Chrome/96.0.4664.45 Safari/537.36"
54.91.177.157 - - [11/Sep/2025:21:22:05 +0200] "GET /vendor/owl-carousel/owl.theme.css HTTP/1.1" 200 2181 "http://www.lookallweb.com/" "Mozilla/5.0 (Macintosh; Intel Mac OS X 10_15_7) AppleWebKit/537.36 (KHTML, like Gecko) Chrome/96.0.4664.45 Safari/537.36"
54.91.177.157 - - [11/Sep/2025:21:22:05 +0200] "GET /css/theme.css HTTP/1.1" 200 32017 "http://www.lookallweb.com/" "Mozilla/5.0 (Macintosh; Intel Mac OS X 10_15_7) AppleWebKit/537.36 (KHTML, like Gecko) Chrome/96.0.4664.45 Safari/537.36"
54.91.177.157 - - [11/Sep/2025:21:22:05 +0200] "GET /img/flag_it.png HTTP/1.1" 200 450 "http://www.lookallweb.com/" "Mozilla/5.0 (Macintosh; Intel Mac OS X 10_15_7) AppleWebKit/537.36 (KHTML, like Gecko) Chrome/96.0.4664.45 Safari/537.36"
54.91.177.157 - - [11/Sep/2025:21:22:05 +0200] "GET /img/endurance-logistique.png HTTP/1.1" 200 3142 "http://www.lookallweb.com/" "Mozilla/5.0 (Macintosh; Intel Mac OS X 10_15_7) AppleWebKit/537.36 (KHTML, like Gecko) Chrome/96.0.4664.45 Safari/537.36"
100.25.219.92 - - [11/Sep/2025:21:22:05 +0200] "GET / HTTP/1.1" 200 11785 "http://www.recipebridge.com/" "Mozilla/5.0 (X11; Linux x86_64) AppleWebKit/537.36 (KHTML, like Gecko) Chrome/96.0.4664.93 Safari/537.36"
3.91.192.145 - - [11/Sep/2025:21:22:05 +0200] "GET / HTTP/1.1" 200 11785 "http://www.zanran.com/" "Mozilla/5.0 (Windows NT 10.0; Win64; x64) AppleWebKit/537.36 (KHTML, like Gecko) Chrome/95.0.4638.69 Safari/537.36"
54.91.177.157 - - [11/Sep/2025:21:22:06 +0200] "GET /img/endurance-logistique-logistique.gif HTTP/1.1" 200 20552 "http://www.lookallweb.com/" "Mozilla/5.0 (Macintosh; Intel Mac OS X 10_15_7) AppleWebKit/537.36 (KHTML, like Gecko) Chrome/96.0.4664.45 Safari/537.36"
54.91.177.157 - - [11/Sep/2025:21:22:06 +0200] "GET /img/endurance-logistique-123.png HTTP/1.1" 200 1779 "http://www.lookallweb.com/" "Mozilla/5.0 (Macintosh; Intel Mac OS X 10_15_7) AppleWebKit/537.36 (KHTML, like Gecko) Chrome/96.0.4664.45 Safari/537.36"
54.91.177.157 - - [11/Sep/2025:21:22:06 +0200] "GET /js/plugins.js HTTP/1.1" 200 14336 "http://www.lookallweb.com/" "Mozilla/5.0 (Macintosh; Intel Mac OS X 10_15_7) AppleWebKit/537.36 (KHTML, like Gecko) Chrome/96.0.4664.45 Safari/537.36"
54.91.177.157 - - [11/Sep/2025:21:22:06 +0200] "GET /vendor/jquery.appear.js HTTP/1.1" 200 1934 "http://www.lookallweb.com/" "Mozilla/5.0 (Macintosh; Intel Mac OS X 10_15_7) AppleWebKit/537.36 (KHTML, like Gecko) Chrome/96.0.4664.45 Safari/537.36"
54.91.177.157 - - [11/Sep/2025:21:22:06 +0200] "GET /vendor/jquery.easing.js HTTP/1.1" 200 3983 "http://www.lookallweb.com/" "Mozilla/5.0 (Macintosh; Intel Mac OS X 10_15_7) AppleWebKit/537.36 (KHTML, like Gecko) Chrome/96.0.4664.45 Safari/537.36"
54.91.177.157 - - [11/Sep/2025:21:22:06 +0200] "GET /vendor/bootstrap.js HTTP/1.1" 200 29581 "http://www.lookallweb.com/" "Mozilla/5.0 (Macintosh; Intel Mac OS X 10_15_7) AppleWebKit/537.36 (KHTML, like Gecko) Chrome/96.0.4664.45 Safari/537.36"
54.91.177.157 - - [11/Sep/2025:21:22:06 +0200] "GET /vendor/owl-carousel/owl.carousel.js HTTP/1.1" 200 30253 "http://www.lookallweb.com/" "Mozilla/5.0 (Macintosh; Intel Mac OS X 10_15_7) AppleWebKit/537.36 (KHTML, like Gecko) Chrome/96.0.4664.45 Safari/537.36"
54.91.177.157 - - [11/Sep/2025:21:22:06 +0200] "GET /vendor/jquery.validate.js HTTP/1.1" 200 21484 "http://www.lookallweb.com/" "Mozilla/5.0 (Macintosh; Intel Mac OS X 10_15_7) AppleWebKit/537.36 (KHTML, like Gecko) Chrome/96.0.4664.45 Safari/537.36"
54.91.177.157 - - [11/Sep/2025:21:22:06 +0200] "GET /vendor/jquery.js HTTP/1.1" 200 96914 "http://www.lookallweb.com/" "Mozilla/5.0 (Macintosh; Intel Mac OS X 10_15_7) AppleWebKit/537.36 (KHTML, like Gecko) Chrome/96.0.4664.45 Safari/537.36"
54.91.177.157 - - [11/Sep/2025:21:22:06 +0200] "GET /js/views/view.home.js HTTP/1.1" 200 3019 "http://www.lookallweb.com/" "Mozilla/5.0 (Macintosh; Intel Mac OS X 10_15_7) AppleWebKit/537.36 (KHTML, like Gecko) Chrome/96.0.4664.45 Safari/537.36"
54.91.177.157 - - [11/Sep/2025:21:22:06 +0200] "GET /vendor/rs-plugin/js/jquery.themepunch.plugins.min.js HTTP/1.1" 200 64855 "http://www.lookallweb.com/" "Mozilla/5.0 (Macintosh; Intel Mac OS X 10_15_7) AppleWebKit/537.36 (KHTML, like Gecko) Chrome/96.0.4664.45 Safari/537.36"
54.91.177.157 - - [11/Sep/2025:21:22:06 +0200] "GET /js/theme.js HTTP/1.1" 200 16835 "http://www.lookallweb.com/" "Mozilla/5.0 (Macintosh; Intel Mac OS X 10_15_7) AppleWebKit/537.36 (KHTML, like Gecko) Chrome/96.0.4664.45 Safari/537.36"
54.91.177.157 - - [11/Sep/2025:21:22:06 +0200] "GET /c=%22js/custom.js%22 HTTP/1.1" 404 731 "http://www.lookallweb.com/" "Mozilla/5.0 (Macintosh; Intel Mac OS X 10_15_7) AppleWebKit/537.36 (KHTML, like Gecko) Chrome/96.0.4664.45 Safari/537.36"
54.91.177.157 - - [11/Sep/2025:21:22:06 +0200] "GET /img/map-top.png HTTP/1.1" 200 4426 "http://www.lookallweb.com/" "Mozilla/5.0 (Macintosh; Intel Mac OS X 10_15_7) AppleWebKit/537.36 (KHTML, like Gecko) Chrome/96.0.4664.45 Safari/537.36"
54.91.177.157 - - [11/Sep/2025:21:22:06 +0200] "GET /img/map-bottom.png HTTP/1.1" 200 1440 "http://www.lookallweb.com/" "Mozilla/5.0 (Macintosh; Intel Mac OS X 10_15_7) AppleWebKit/537.36 (KHTML, like Gecko) Chrome/96.0.4664.45 Safari/537.36"
54.91.177.157 - - [11/Sep/2025:21:22:06 +0200] "GET /vendor/rs-plugin/js/jquery.themepunch.revolution.js HTTP/1.1" 200 103974 "http://www.lookallweb.com/" "Mozilla/5.0 (Macintosh; Intel Mac OS X 10_15_7) AppleWebKit/537.36 (KHTML, like Gecko) Chrome/96.0.4664.45 Safari/537.36"
3.91.192.145 - - [11/Sep/2025:21:22:07 +0200] "GET /css/bootstrap.css HTTP/1.1" 200 16523 "http://www.zanran.com/" "Mozilla/5.0 (Windows NT 10.0; Win64; x64) AppleWebKit/537.36 (KHTML, like Gecko) Chrome/95.0.4638.69 Safari/537.36"
3.91.192.145 - - [11/Sep/2025:21:22:07 +0200] "GET /vendor/owl-carousel/owl.carousel.css HTTP/1.1" 200 866 "http://www.zanran.com/" "Mozilla/5.0 (Windows NT 10.0; Win64; x64) AppleWebKit/537.36 (KHTML, like Gecko) Chrome/95.0.4638.69 Safari/537.36"
3.91.192.145 - - [11/Sep/2025:21:22:07 +0200] "GET /css/theme-responsive.css HTTP/1.1" 200 2984 "http://www.zanran.com/" "Mozilla/5.0 (Windows NT 10.0; Win64; x64) AppleWebKit/537.36 (KHTML, like Gecko) Chrome/95.0.4638.69 Safari/537.36"
3.91.192.145 - - [11/Sep/2025:21:22:07 +0200] "GET /vendor/owl-carousel/owl.theme.css HTTP/1.1" 200 1059 "http://www.zanran.com/" "Mozilla/5.0 (Windows NT 10.0; Win64; x64) AppleWebKit/537.36 (KHTML, like Gecko) Chrome/95.0.4638.69 Safari/537.36"
3.91.192.145 - - [11/Sep/2025:21:22:07 +0200] "GET /css/theme.css HTTP/1.1" 200 6626 "http://www.zanran.com/" "Mozilla/5.0 (Windows NT 10.0; Win64; x64) AppleWebKit/537.36 (KHTML, like Gecko) Chrome/95.0.4638.69 Safari/537.36"
3.91.192.145 - - [11/Sep/2025:21:22:07 +0200] "GET /css/theme-elements.css HTTP/1.1" 200 8795 "http://www.zanran.com/" "Mozilla/5.0 (Windows NT 10.0; Win64; x64) AppleWebKit/537.36 (KHTML, like Gecko) Chrome/95.0.4638.69 Safari/537.36"
3.91.192.145 - - [11/Sep/2025:21:22:07 +0200] "GET /css/skins/blue.css HTTP/1.1" 200 1777 "http://www.zanran.com/" "Mozilla/5.0 (Windows NT 10.0; Win64; x64) AppleWebKit/537.36 (KHTML, like Gecko) Chrome/95.0.4638.69 Safari/537.36"
3.91.192.145 - - [11/Sep/2025:21:22:07 +0200] "GET /css/custom.css HTTP/1.1" 200 512 "http://www.zanran.com/" "Mozilla/5.0 (Windows NT 10.0; Win64; x64) AppleWebKit/537.36 (KHTML, like Gecko) Chrome/95.0.4638.69 Safari/537.36"
3.91.192.145 - - [11/Sep/2025:21:22:07 +0200] "GET /img/endurance-logistique.png HTTP/1.1" 200 3287 "http://www.zanran.com/" "Mozilla/5.0 (Windows NT 10.0; Win64; x64) AppleWebKit/537.36 (KHTML, like Gecko) Chrome/95.0.4638.69 Safari/537.36"
3.91.192.145 - - [11/Sep/2025:21:22:07 +0200] "GET /img/flag_it.png HTTP/1.1" 200 595 "http://www.zanran.com/" "Mozilla/5.0 (Windows NT 10.0; Win64; x64) AppleWebKit/537.36 (KHTML, like Gecko) Chrome/95.0.4638.69 Safari/537.36"
3.91.192.145 - - [11/Sep/2025:21:22:07 +0200] "GET /img/endurance-logistique-logistique.gif HTTP/1.1" 200 20552 "http://www.zanran.com/" "Mozilla/5.0 (Windows NT 10.0; Win64; x64) AppleWebKit/537.36 (KHTML, like Gecko) Chrome/95.0.4638.69 Safari/537.36"
3.91.192.145 - - [11/Sep/2025:21:22:07 +0200] "GET /img/endurance-logistique-123.png HTTP/1.1" 200 1779 "http://www.zanran.com/" "Mozilla/5.0 (Windows NT 10.0; Win64; x64) AppleWebKit/537.36 (KHTML, like Gecko) Chrome/95.0.4638.69 Safari/537.36"
3.91.192.145 - - [11/Sep/2025:21:22:07 +0200] "GET /js/plugins.js HTTP/1.1" 200 5468 "http://www.zanran.com/" "Mozilla/5.0 (Windows NT 10.0; Win64; x64) AppleWebKit/537.36 (KHTML, like Gecko) Chrome/95.0.4638.69 Safari/537.36"
3.91.192.145 - - [11/Sep/2025:21:22:07 +0200] "GET /vendor/jquery.appear.js HTTP/1.1" 200 1285 "http://www.zanran.com/" "Mozilla/5.0 (Windows NT 10.0; Win64; x64) AppleWebKit/537.36 (KHTML, like Gecko) Chrome/95.0.4638.69 Safari/537.36"
3.91.192.145 - - [11/Sep/2025:21:22:07 +0200] "GET /vendor/jquery.easing.js HTTP/1.1" 200 1436 "http://www.zanran.com/" "Mozilla/5.0 (Windows NT 10.0; Win64; x64) AppleWebKit/537.36 (KHTML, like Gecko) Chrome/95.0.4638.69 Safari/537.36"
3.91.192.145 - - [11/Sep/2025:21:22:07 +0200] "GET /vendor/jquery.js HTTP/1.1" 200 33955 "http://www.zanran.com/" "Mozilla/5.0 (Windows NT 10.0; Win64; x64) AppleWebKit/537.36 (KHTML, like Gecko) Chrome/95.0.4638.69 Safari/537.36"
3.91.192.145 - - [11/Sep/2025:21:22:07 +0200] "GET /vendor/bootstrap.js HTTP/1.1" 200 8087 "http://www.zanran.com/" "Mozilla/5.0 (Windows NT 10.0; Win64; x64) AppleWebKit/537.36 (KHTML, like Gecko) Chrome/95.0.4638.69 Safari/537.36"
3.91.192.145 - - [11/Sep/2025:21:22:07 +0200] "GET /vendor/owl-carousel/owl.carousel.js HTTP/1.1" 200 7389 "http://www.zanran.com/" "Mozilla/5.0 (Windows NT 10.0; Win64; x64) AppleWebKit/537.36 (KHTML, like Gecko) Chrome/95.0.4638.69 Safari/537.36"
3.91.192.145 - - [11/Sep/2025:21:22:07 +0200] "GET /vendor/rs-plugin/js/jquery.themepunch.plugins.min.js HTTP/1.1" 200 23968 "http://www.zanran.com/" "Mozilla/5.0 (Windows NT 10.0; Win64; x64) AppleWebKit/537.36 (KHTML, like Gecko) Chrome/95.0.4638.69 Safari/537.36"
3.91.192.145 - - [11/Sep/2025:21:22:07 +0200] "GET /vendor/rs-plugin/js/jquery.themepunch.revolution.js HTTP/1.1" 200 20432 "http://www.zanran.com/" "Mozilla/5.0 (Windows NT 10.0; Win64; x64) AppleWebKit/537.36 (KHTML, like Gecko) Chrome/95.0.4638.69 Safari/537.36"
3.91.192.145 - - [11/Sep/2025:21:22:07 +0200] "GET /vendor/jquery.validate.js HTTP/1.1" 200 6830 "http://www.zanran.com/" "Mozilla/5.0 (Windows NT 10.0; Win64; x64) AppleWebKit/537.36 (KHTML, like Gecko) Chrome/95.0.4638.69 Safari/537.36"
3.91.192.145 - - [11/Sep/2025:21:22:07 +0200] "GET /js/views/view.home.js HTTP/1.1" 200 1420 "http://www.zanran.com/" "Mozilla/5.0 (Windows NT 10.0; Win64; x64) AppleWebKit/537.36 (KHTML, like Gecko) Chrome/95.0.4638.69 Safari/537.36"
3.91.192.145 - - [11/Sep/2025:21:22:07 +0200] "GET /js/theme.js HTTP/1.1" 200 5262 "http://www.zanran.com/" "Mozilla/5.0 (Windows NT 10.0; Win64; x64) AppleWebKit/537.36 (KHTML, like Gecko) Chrome/95.0.4638.69 Safari/537.36"
3.91.192.145 - - [11/Sep/2025:21:22:07 +0200] "GET /c=%22js/custom.js%22 HTTP/1.1" 404 692 "http://www.zanran.com/" "Mozilla/5.0 (Windows NT 10.0; Win64; x64) AppleWebKit/537.36 (KHTML, like Gecko) Chrome/95.0.4638.69 Safari/537.36"
3.91.192.145 - - [11/Sep/2025:21:22:07 +0200] "GET /img/map-top.png HTTP/1.1" 200 4426 "http://www.zanran.com/" "Mozilla/5.0 (Windows NT 10.0; Win64; x64) AppleWebKit/537.36 (KHTML, like Gecko) Chrome/95.0.4638.69 Safari/537.36"
3.91.192.145 - - [11/Sep/2025:21:22:07 +0200] "GET /img/map-bottom.png HTTP/1.1" 200 1440 "http://www.zanran.com/" "Mozilla/5.0 (Windows NT 10.0; Win64; x64) AppleWebKit/537.36 (KHTML, like Gecko) Chrome/95.0.4638.69 Safari/537.36"
100.25.219.92 - - [11/Sep/2025:21:22:08 +0200] "GET /css/bootstrap.css HTTP/1.1" 200 16523 "http://www.recipebridge.com/" "Mozilla/5.0 (X11; Linux x86_64) AppleWebKit/537.36 (KHTML, like Gecko) Chrome/96.0.4664.93 Safari/537.36"
3.85.184.139 - - [11/Sep/2025:21:22:08 +0200] "GET / HTTP/1.1" 200 45470 "http://seesources.com/" "Mozilla/5.0 (Windows NT 6.1; Win64; x64) AppleWebKit/537.36 (KHTML, like Gecko) Chrome/96.0.4664.110 Safari/537.36"
100.25.219.92 - - [11/Sep/2025:21:22:08 +0200] "GET /vendor/owl-carousel/owl.carousel.css HTTP/1.1" 200 866 "http://www.recipebridge.com/" "Mozilla/5.0 (X11; Linux x86_64) AppleWebKit/537.36 (KHTML, like Gecko) Chrome/96.0.4664.93 Safari/537.36"
100.25.219.92 - - [11/Sep/2025:21:22:08 +0200] "GET /vendor/owl-carousel/owl.theme.css HTTP/1.1" 200 1059 "http://www.recipebridge.com/" "Mozilla/5.0 (X11; Linux x86_64) AppleWebKit/537.36 (KHTML, like Gecko) Chrome/96.0.4664.93 Safari/537.36"
100.25.219.92 - - [11/Sep/2025:21:22:08 +0200] "GET /css/theme.css HTTP/1.1" 200 6481 "http://www.recipebridge.com/" "Mozilla/5.0 (X11; Linux x86_64) AppleWebKit/537.36 (KHTML, like Gecko) Chrome/96.0.4664.93 Safari/537.36"
100.25.219.92 - - [11/Sep/2025:21:22:08 +0200] "GET /css/theme-elements.css HTTP/1.1" 200 8795 "http://www.recipebridge.com/" "Mozilla/5.0 (X11; Linux x86_64) AppleWebKit/537.36 (KHTML, like Gecko) Chrome/96.0.4664.93 Safari/537.36"
3.85.184.139 - - [11/Sep/2025:21:22:08 +0200] "GET /css/bootstrap.css HTTP/1.1" 200 101289 "http://seesources.com/" "Mozilla/5.0 (Windows NT 6.1; Win64; x64) AppleWebKit/537.36 (KHTML, like Gecko) Chrome/96.0.4664.110 Safari/537.36"
100.25.219.92 - - [11/Sep/2025:21:22:08 +0200] "GET /css/custom.css HTTP/1.1" 200 512 "http://www.recipebridge.com/" "Mozilla/5.0 (X11; Linux x86_64) AppleWebKit/537.36 (KHTML, like Gecko) Chrome/96.0.4664.93 Safari/537.36"
52.167.144.59 - - [11/Sep/2025:21:22:08 +0200] "GET /robots.txt HTTP/1.1" 200 3661 "-" "Mozilla/5.0 AppleWebKit/537.36 (KHTML, like Gecko; compatible; bingbot/2.0; +http://www.bing.com/bingbot.htm) Chrome/116.0.1938.76 Safari/537.36"
100.25.219.92 - - [11/Sep/2025:21:22:08 +0200] "GET /css/skins/blue.css HTTP/1.1" 200 1777 "http://www.recipebridge.com/" "Mozilla/5.0 (X11; Linux x86_64) AppleWebKit/537.36 (KHTML, like Gecko) Chrome/96.0.4664.93 Safari/537.36"
100.25.219.92 - - [11/Sep/2025:21:22:09 +0200] "GET /css/theme-responsive.css HTTP/1.1" 200 2984 "http://www.recipebridge.com/" "Mozilla/5.0 (X11; Linux x86_64) AppleWebKit/537.36 (KHTML, like Gecko) Chrome/96.0.4664.93 Safari/537.36"
3.85.184.139 - - [11/Sep/2025:21:22:09 +0200] "GET /vendor/owl-carousel/owl.carousel.css HTTP/1.1" 200 1578 "http://seesources.com/" "Mozilla/5.0 (Windows NT 6.1; Win64; x64) AppleWebKit/537.36 (KHTML, like Gecko) Chrome/96.0.4664.110 Safari/537.36"
100.25.219.92 - - [11/Sep/2025:21:22:09 +0200] "GET /img/endurance-logistique.png HTTP/1.1" 200 3142 "http://www.recipebridge.com/" "Mozilla/5.0 (X11; Linux x86_64) AppleWebKit/537.36 (KHTML, like Gecko) Chrome/96.0.4664.93 Safari/537.36"
3.85.184.139 - - [11/Sep/2025:21:22:09 +0200] "GET /css/theme-elements.css HTTP/1.1" 200 45938 "http://seesources.com/" "Mozilla/5.0 (Windows NT 6.1; Win64; x64) AppleWebKit/537.36 (KHTML, like Gecko) Chrome/96.0.4664.110 Safari/537.36"
100.25.219.92 - - [11/Sep/2025:21:22:09 +0200] "GET /img/flag_it.png HTTP/1.1" 200 450 "http://www.recipebridge.com/" "Mozilla/5.0 (X11; Linux x86_64) AppleWebKit/537.36 (KHTML, like Gecko) Chrome/96.0.4664.93 Safari/537.36"
3.85.184.139 - - [11/Sep/2025:21:22:09 +0200] "GET /vendor/owl-carousel/owl.theme.css HTTP/1.1" 200 2036 "http://seesources.com/" "Mozilla/5.0 (Windows NT 6.1; Win64; x64) AppleWebKit/537.36 (KHTML, like Gecko) Chrome/96.0.4664.110 Safari/537.36"
3.85.184.139 - - [11/Sep/2025:21:22:09 +0200] "GET /css/theme.css HTTP/1.1" 200 32017 "http://seesources.com/" "Mozilla/5.0 (Windows NT 6.1; Win64; x64) AppleWebKit/537.36 (KHTML, like Gecko) Chrome/96.0.4664.110 Safari/537.36"
3.85.184.139 - - [11/Sep/2025:21:22:09 +0200] "GET /css/skins/blue.css HTTP/1.1" 200 6670 "http://seesources.com/" "Mozilla/5.0 (Windows NT 6.1; Win64; x64) AppleWebKit/537.36 (KHTML, like Gecko) Chrome/96.0.4664.110 Safari/537.36"
3.85.184.139 - - [11/Sep/2025:21:22:09 +0200] "GET /css/custom.css HTTP/1.1" 200 410 "http://seesources.com/" "Mozilla/5.0 (Windows NT 6.1; Win64; x64) AppleWebKit/537.36 (KHTML, like Gecko) Chrome/96.0.4664.110 Safari/537.36"
3.85.184.139 - - [11/Sep/2025:21:22:09 +0200] "GET /css/theme-responsive.css HTTP/1.1" 200 12035 "http://seesources.com/" "Mozilla/5.0 (Windows NT 6.1; Win64; x64) AppleWebKit/537.36 (KHTML, like Gecko) Chrome/96.0.4664.110 Safari/537.36"
3.91.192.145 - - [11/Sep/2025:21:22:09 +0200] "GET /c=%22js/custom.js%22 HTTP/1.1" 404 692 "-" "Mozilla/5.0 (X11; Linux x86_64) AppleWebKit/537.36 (KHTML, like Gecko) HeadlessChrome/139.0.7258.5 Safari/537.36"
3.85.184.139 - - [11/Sep/2025:21:22:09 +0200] "GET /img/endurance-logistique.png HTTP/1.1" 200 3142 "http://seesources.com/" "Mozilla/5.0 (Windows NT 6.1; Win64; x64) AppleWebKit/537.36 (KHTML, like Gecko) Chrome/96.0.4664.110 Safari/537.36"
3.85.184.139 - - [11/Sep/2025:21:22:09 +0200] "GET /img/flag_it.png HTTP/1.1" 200 450 "http://seesources.com/" "Mozilla/5.0 (Windows NT 6.1; Win64; x64) AppleWebKit/537.36 (KHTML, like Gecko) Chrome/96.0.4664.110 Safari/537.36"
52.167.144.59 - - [11/Sep/2025:21:22:09 +0200] "GET /robots.txt HTTP/1.1" 200 3661 "-" "Mozilla/5.0 AppleWebKit/537.36 (KHTML, like Gecko; compatible; bingbot/2.0; +http://www.bing.com/bingbot.htm) Chrome/116.0.1938.76 Safari/537.36"
3.91.192.145 - - [11/Sep/2025:21:22:10 +0200] "GET /img/ecommerce-logistique.jpg HTTP/1.1" 200 7604 "http://www.zanran.com/" "Mozilla/5.0 (Windows NT 10.0; Win64; x64) AppleWebKit/537.36 (KHTML, like Gecko) Chrome/95.0.4638.69 Safari/537.36"
3.91.192.145 - - [11/Sep/2025:21:22:10 +0200] "GET /img/logistique-spedition.jpg HTTP/1.1" 200 9930 "http://www.zanran.com/" "Mozilla/5.0 (Windows NT 10.0; Win64; x64) AppleWebKit/537.36 (KHTML, like Gecko) Chrome/95.0.4638.69 Safari/537.36"
3.91.192.145 - - [11/Sep/2025:21:22:10 +0200] "GET /img/e-logistique-logistique-e-commerce.jpg HTTP/1.1" 200 5026 "http://www.zanran.com/" "Mozilla/5.0 (Windows NT 10.0; Win64; x64) AppleWebKit/537.36 (KHTML, like Gecko) Chrome/95.0.4638.69 Safari/537.36"
3.91.192.145 - - [11/Sep/2025:21:22:10 +0200] "GET /img/envois-colis-e-commerce.jpg HTTP/1.1" 200 9130 "http://www.zanran.com/" "Mozilla/5.0 (Windows NT 10.0; Win64; x64) AppleWebKit/537.36 (KHTML, like Gecko) Chrome/95.0.4638.69 Safari/537.36"
3.91.192.145 - - [11/Sep/2025:21:22:10 +0200] "GET /img/vente-en-ligne-logistique-e-commerce.jpg HTTP/1.1" 200 26380 "http://www.zanran.com/" "Mozilla/5.0 (Windows NT 10.0; Win64; x64) AppleWebKit/537.36 (KHTML, like Gecko) Chrome/95.0.4638.69 Safari/537.36"
3.91.192.145 - - [11/Sep/2025:21:22:10 +0200] "GET /img/entrepot/logistique%20e-commerce.jpg HTTP/1.1" 200 24304 "http://www.zanran.com/" "Mozilla/5.0 (Windows NT 10.0; Win64; x64) AppleWebKit/537.36 (KHTML, like Gecko) Chrome/95.0.4638.69 Safari/537.36"
3.85.184.139 - - [11/Sep/2025:21:22:10 +0200] "GET /img/endurance-logistique-logistique.gif HTTP/1.1" 200 20552 "http://seesources.com/" "Mozilla/5.0 (Windows NT 6.1; Win64; x64) AppleWebKit/537.36 (KHTML, like Gecko) Chrome/96.0.4664.110 Safari/537.36"
3.91.192.145 - - [11/Sep/2025:21:22:10 +0200] "GET /img/actualites/logistique-international.jpg HTTP/1.1" 200 28874 "http://www.zanran.com/" "Mozilla/5.0 (Windows NT 10.0; Win64; x64) AppleWebKit/537.36 (KHTML, like Gecko) Chrome/95.0.4638.69 Safari/537.36"
3.91.192.145 - - [11/Sep/2025:21:22:10 +0200] "GET /img/entrepot/stockage-logistique-site-e-commerce.jpg HTTP/1.1" 200 45758 "http://www.zanran.com/" "Mozilla/5.0 (Windows NT 10.0; Win64; x64) AppleWebKit/537.36 (KHTML, like Gecko) Chrome/95.0.4638.69 Safari/537.36"
3.91.192.145 - - [11/Sep/2025:21:22:10 +0200] "GET /img/actualites/logistique-e-commerce-preparation-de-commandes.jpg HTTP/1.1" 200 79317 "http://www.zanran.com/" "Mozilla/5.0 (Windows NT 10.0; Win64; x64) AppleWebKit/537.36 (KHTML, like Gecko) Chrome/95.0.4638.69 Safari/537.36"
3.91.192.145 - - [11/Sep/2025:21:22:10 +0200] "GET /img/actualites/expedition-conditionnement-a-fa%C3%A7on-manuel.JPG HTTP/1.1" 200 97202 "http://www.zanran.com/" "Mozilla/5.0 (Windows NT 10.0; Win64; x64) AppleWebKit/537.36 (KHTML, like Gecko) Chrome/95.0.4638.69 Safari/537.36"
3.85.184.139 - - [11/Sep/2025:21:22:10 +0200] "GET /img/endurance-logistique-123.png HTTP/1.1" 200 1779 "http://seesources.com/" "Mozilla/5.0 (Windows NT 6.1; Win64; x64) AppleWebKit/537.36 (KHTML, like Gecko) Chrome/96.0.4664.110 Safari/537.36"
3.85.184.139 - - [11/Sep/2025:21:22:10 +0200] "GET /js/plugins.js HTTP/1.1" 200 14481 "http://seesources.com/" "Mozilla/5.0 (Windows NT 6.1; Win64; x64) AppleWebKit/537.36 (KHTML, like Gecko) Chrome/96.0.4664.110 Safari/537.36"
3.85.184.139 - - [11/Sep/2025:21:22:10 +0200] "GET /vendor/jquery.easing.js HTTP/1.1" 200 4128 "http://seesources.com/" "Mozilla/5.0 (Windows NT 6.1; Win64; x64) AppleWebKit/537.36 (KHTML, like Gecko) Chrome/96.0.4664.110 Safari/537.36"
3.85.184.139 - - [11/Sep/2025:21:22:10 +0200] "GET /vendor/jquery.appear.js HTTP/1.1" 200 1934 "http://seesources.com/" "Mozilla/5.0 (Windows NT 6.1; Win64; x64) AppleWebKit/537.36 (KHTML, like Gecko) Chrome/96.0.4664.110 Safari/537.36"
3.85.184.139 - - [11/Sep/2025:21:22:10 +0200] "GET /vendor/bootstrap.js HTTP/1.1" 200 29581 "http://seesources.com/" "Mozilla/5.0 (Windows NT 6.1; Win64; x64) AppleWebKit/537.36 (KHTML, like Gecko) Chrome/96.0.4664.110 Safari/537.36"
3.91.192.145 - - [11/Sep/2025:21:22:10 +0200] "GET /img/actualite-clients/externalisation-preparation-commandes.jpg HTTP/1.1" 200 23418 "http://www.zanran.com/" "Mozilla/5.0 (Windows NT 10.0; Win64; x64) AppleWebKit/537.36 (KHTML, like Gecko) Chrome/95.0.4638.69 Safari/537.36"
3.91.192.145 - - [11/Sep/2025:21:22:10 +0200] "GET /img/actualite-clients/logistique-e-commerce-nouveau-site.jpg HTTP/1.1" 200 17432 "http://www.zanran.com/" "Mozilla/5.0 (Windows NT 10.0; Win64; x64) AppleWebKit/537.36 (KHTML, like Gecko) Chrome/95.0.4638.69 Safari/537.36"
3.91.192.145 - - [11/Sep/2025:21:22:10 +0200] "GET /img/actualite-clients/preparation-commande-site-e-commerce.jpg HTTP/1.1" 200 13094 "http://www.zanran.com/" "Mozilla/5.0 (Windows NT 10.0; Win64; x64) AppleWebKit/537.36 (KHTML, like Gecko) Chrome/95.0.4638.69 Safari/537.36"
3.91.192.145 - - [11/Sep/2025:21:22:10 +0200] "GET /img/actualites/logistique-e-commerce-hiht-tech.jpg HTTP/1.1" 200 14485 "http://www.zanran.com/" "Mozilla/5.0 (Windows NT 10.0; Win64; x64) AppleWebKit/537.36 (KHTML, like Gecko) Chrome/95.0.4638.69 Safari/537.36"
3.85.184.139 - - [11/Sep/2025:21:22:10 +0200] "GET /vendor/rs-plugin/js/jquery.themepunch.revolution.js HTTP/1.1" 200 103974 "http://seesources.com/" "Mozilla/5.0 (Windows NT 6.1; Win64; x64) AppleWebKit/537.36 (KHTML, like Gecko) Chrome/96.0.4664.110 Safari/537.36"
54.91.177.157 - - [11/Sep/2025:21:22:10 +0200] "GET /c=%22js/custom.js%22 HTTP/1.1" 404 696 "-" "Mozilla/5.0 (X11; Linux x86_64) AppleWebKit/537.36 (KHTML, like Gecko) HeadlessChrome/139.0.7258.5 Safari/537.36"
3.85.184.139 - - [11/Sep/2025:21:22:11 +0200] "GET /vendor/owl-carousel/owl.carousel.js HTTP/1.1" 200 30253 "http://seesources.com/" "Mozilla/5.0 (Windows NT 6.1; Win64; x64) AppleWebKit/537.36 (KHTML, like Gecko) Chrome/96.0.4664.110 Safari/537.36"
3.91.192.145 - - [11/Sep/2025:21:22:10 +0200] "GET /img/prestataire/mode-et-marque-de-luxe.jpg HTTP/1.1" 200 76309 "http://www.zanran.com/" "Mozilla/5.0 (Windows NT 10.0; Win64; x64) AppleWebKit/537.36 (KHTML, like Gecko) Chrome/95.0.4638.69 Safari/537.36"
3.85.184.139 - - [11/Sep/2025:21:22:10 +0200] "GET /vendor/jquery.js HTTP/1.1" 200 97059 "http://seesources.com/" "Mozilla/5.0 (Windows NT 6.1; Win64; x64) AppleWebKit/537.36 (KHTML, like Gecko) Chrome/96.0.4664.110 Safari/537.36"
3.85.184.139 - - [11/Sep/2025:21:22:10 +0200] "GET /vendor/rs-plugin/js/jquery.themepunch.plugins.min.js HTTP/1.1" 200 64855 "http://seesources.com/" "Mozilla/5.0 (Windows NT 6.1; Win64; x64) AppleWebKit/537.36 (KHTML, like Gecko) Chrome/96.0.4664.110 Safari/537.36"
3.85.184.139 - - [11/Sep/2025:21:22:11 +0200] "GET /vendor/jquery.validate.js HTTP/1.1" 200 21484 "http://seesources.com/" "Mozilla/5.0 (Windows NT 6.1; Win64; x64) AppleWebKit/537.36 (KHTML, like Gecko) Chrome/96.0.4664.110 Safari/537.36"
3.85.184.139 - - [11/Sep/2025:21:22:11 +0200] "GET /js/views/view.home.js HTTP/1.1" 200 3019 "http://seesources.com/" "Mozilla/5.0 (Windows NT 6.1; Win64; x64) AppleWebKit/537.36 (KHTML, like Gecko) Chrome/96.0.4664.110 Safari/537.36"
3.91.192.145 - - [11/Sep/2025:21:22:10 +0200] "GET /img/donnees/logo-endurance-logistique-fb.jpg HTTP/1.1" 200 193300 "http://www.zanran.com/" "Mozilla/5.0 (Windows NT 10.0; Win64; x64) AppleWebKit/537.36 (KHTML, like Gecko) Chrome/95.0.4638.69 Safari/537.36"
3.85.184.139 - - [11/Sep/2025:21:22:11 +0200] "GET /js/theme.js HTTP/1.1" 200 16835 "http://seesources.com/" "Mozilla/5.0 (Windows NT 6.1; Win64; x64) AppleWebKit/537.36 (KHTML, like Gecko) Chrome/96.0.4664.110 Safari/537.36"
3.85.184.139 - - [11/Sep/2025:21:22:11 +0200] "GET /c=%22js/custom.js%22 HTTP/1.1" 404 730 "http://seesources.com/" "Mozilla/5.0 (Windows NT 6.1; Win64; x64) AppleWebKit/537.36 (KHTML, like Gecko) Chrome/96.0.4664.110 Safari/537.36"
3.85.184.139 - - [11/Sep/2025:21:22:11 +0200] "GET /img/map-top.png HTTP/1.1" 200 4426 "http://seesources.com/" "Mozilla/5.0 (Windows NT 6.1; Win64; x64) AppleWebKit/537.36 (KHTML, like Gecko) Chrome/96.0.4664.110 Safari/537.36"
3.85.184.139 - - [11/Sep/2025:21:22:11 +0200] "GET /img/map-bottom.png HTTP/1.1" 200 1440 "http://seesources.com/" "Mozilla/5.0 (Windows NT 6.1; Win64; x64) AppleWebKit/537.36 (KHTML, like Gecko) Chrome/96.0.4664.110 Safari/537.36"
54.91.177.157 - - [11/Sep/2025:21:22:11 +0200] "GET /img/ecommerce-logistique.jpg HTTP/1.1" 200 7604 "http://www.lookallweb.com/" "Mozilla/5.0 (Macintosh; Intel Mac OS X 10_15_7) AppleWebKit/537.36 (KHTML, like Gecko) Chrome/96.0.4664.45 Safari/537.36"
54.91.177.157 - - [11/Sep/2025:21:22:11 +0200] "GET /img/logistique-spedition.jpg HTTP/1.1" 200 9930 "http://www.lookallweb.com/" "Mozilla/5.0 (Macintosh; Intel Mac OS X 10_15_7) AppleWebKit/537.36 (KHTML, like Gecko) Chrome/96.0.4664.45 Safari/537.36"
54.91.177.157 - - [11/Sep/2025:21:22:11 +0200] "GET /img/e-logistique-logistique-e-commerce.jpg HTTP/1.1" 200 5026 "http://www.lookallweb.com/" "Mozilla/5.0 (Macintosh; Intel Mac OS X 10_15_7) AppleWebKit/537.36 (KHTML, like Gecko) Chrome/96.0.4664.45 Safari/537.36"
54.91.177.157 - - [11/Sep/2025:21:22:11 +0200] "GET /img/envois-colis-e-commerce.jpg HTTP/1.1" 200 9130 "http://www.lookallweb.com/" "Mozilla/5.0 (Macintosh; Intel Mac OS X 10_15_7) AppleWebKit/537.36 (KHTML, like Gecko) Chrome/96.0.4664.45 Safari/537.36"
54.91.177.157 - - [11/Sep/2025:21:22:11 +0200] "GET /img/vente-en-ligne-logistique-e-commerce.jpg HTTP/1.1" 200 26380 "http://www.lookallweb.com/" "Mozilla/5.0 (Macintosh; Intel Mac OS X 10_15_7) AppleWebKit/537.36 (KHTML, like Gecko) Chrome/96.0.4664.45 Safari/537.36"
54.91.177.157 - - [11/Sep/2025:21:22:11 +0200] "GET /img/entrepot/logistique%20e-commerce.jpg HTTP/1.1" 200 24304 "http://www.lookallweb.com/" "Mozilla/5.0 (Macintosh; Intel Mac OS X 10_15_7) AppleWebKit/537.36 (KHTML, like Gecko) Chrome/96.0.4664.45 Safari/537.36"
54.91.177.157 - - [11/Sep/2025:21:22:11 +0200] "GET /img/actualites/logistique-international.jpg HTTP/1.1" 200 28874 "http://www.lookallweb.com/" "Mozilla/5.0 (Macintosh; Intel Mac OS X 10_15_7) AppleWebKit/537.36 (KHTML, like Gecko) Chrome/96.0.4664.45 Safari/537.36"
54.91.177.157 - - [11/Sep/2025:21:22:11 +0200] "GET /img/entrepot/stockage-logistique-site-e-commerce.jpg HTTP/1.1" 200 45758 "http://www.lookallweb.com/" "Mozilla/5.0 (Macintosh; Intel Mac OS X 10_15_7) AppleWebKit/537.36 (KHTML, like Gecko) Chrome/96.0.4664.45 Safari/537.36"
54.91.177.157 - - [11/Sep/2025:21:22:11 +0200] "GET /img/actualites/logistique-e-commerce-preparation-de-commandes.jpg HTTP/1.1" 200 79317 "http://www.lookallweb.com/" "Mozilla/5.0 (Macintosh; Intel Mac OS X 10_15_7) AppleWebKit/537.36 (KHTML, like Gecko) Chrome/96.0.4664.45 Safari/537.36"
54.91.177.157 - - [11/Sep/2025:21:22:11 +0200] "GET /img/actualites/expedition-conditionnement-a-fa%C3%A7on-manuel.JPG HTTP/1.1" 200 97202 "http://www.lookallweb.com/" "Mozilla/5.0 (Macintosh; Intel Mac OS X 10_15_7) AppleWebKit/537.36 (KHTML, like Gecko) Chrome/96.0.4664.45 Safari/537.36"
54.91.177.157 - - [11/Sep/2025:21:22:12 +0200] "GET /img/actualite-clients/externalisation-preparation-commandes.jpg HTTP/1.1" 200 23418 "http://www.lookallweb.com/" "Mozilla/5.0 (Macintosh; Intel Mac OS X 10_15_7) AppleWebKit/537.36 (KHTML, like Gecko) Chrome/96.0.4664.45 Safari/537.36"
54.91.177.157 - - [11/Sep/2025:21:22:12 +0200] "GET /img/actualite-clients/logistique-e-commerce-nouveau-site.jpg HTTP/1.1" 200 17432 "http://www.lookallweb.com/" "Mozilla/5.0 (Macintosh; Intel Mac OS X 10_15_7) AppleWebKit/537.36 (KHTML, like Gecko) Chrome/96.0.4664.45 Safari/537.36"
54.91.177.157 - - [11/Sep/2025:21:22:12 +0200] "GET /img/actualite-clients/preparation-commande-site-e-commerce.jpg HTTP/1.1" 200 13094 "http://www.lookallweb.com/" "Mozilla/5.0 (Macintosh; Intel Mac OS X 10_15_7) AppleWebKit/537.36 (KHTML, like Gecko) Chrome/96.0.4664.45 Safari/537.36"
54.91.177.157 - - [11/Sep/2025:21:22:12 +0200] "GET /img/actualites/logistique-e-commerce-hiht-tech.jpg HTTP/1.1" 200 14485 "http://www.lookallweb.com/" "Mozilla/5.0 (Macintosh; Intel Mac OS X 10_15_7) AppleWebKit/537.36 (KHTML, like Gecko) Chrome/96.0.4664.45 Safari/537.36"
54.91.177.157 - - [11/Sep/2025:21:22:12 +0200] "GET /img/prestataire/mode-et-marque-de-luxe.jpg HTTP/1.1" 200 76309 "http://www.lookallweb.com/" "Mozilla/5.0 (Macintosh; Intel Mac OS X 10_15_7) AppleWebKit/537.36 (KHTML, like Gecko) Chrome/96.0.4664.45 Safari/537.36"
54.91.177.157 - - [11/Sep/2025:21:22:12 +0200] "GET /img/donnees/logo-endurance-logistique-fb.jpg HTTP/1.1" 200 193300 "http://www.lookallweb.com/" "Mozilla/5.0 (Macintosh; Intel Mac OS X 10_15_7) AppleWebKit/537.36 (KHTML, like Gecko) Chrome/96.0.4664.45 Safari/537.36"
100.25.219.92 - - [11/Sep/2025:21:22:14 +0200] "GET /img/endurance-logistique-logistique.gif HTTP/1.1" 200 20697 "http://www.recipebridge.com/" "Mozilla/5.0 (X11; Linux x86_64) AppleWebKit/537.36 (KHTML, like Gecko) Chrome/96.0.4664.93 Safari/537.36"
100.25.219.92 - - [11/Sep/2025:21:22:14 +0200] "GET /img/endurance-logistique-123.png HTTP/1.1" 200 1924 "http://www.recipebridge.com/" "Mozilla/5.0 (X11; Linux x86_64) AppleWebKit/537.36 (KHTML, like Gecko) Chrome/96.0.4664.93 Safari/537.36"
100.25.219.92 - - [11/Sep/2025:21:22:14 +0200] "GET /js/plugins.js HTTP/1.1" 200 5613 "http://www.recipebridge.com/" "Mozilla/5.0 (X11; Linux x86_64) AppleWebKit/537.36 (KHTML, like Gecko) Chrome/96.0.4664.93 Safari/537.36"
100.25.219.92 - - [11/Sep/2025:21:22:14 +0200] "GET /vendor/jquery.easing.js HTTP/1.1" 200 1436 "http://www.recipebridge.com/" "Mozilla/5.0 (X11; Linux x86_64) AppleWebKit/537.36 (KHTML, like Gecko) Chrome/96.0.4664.93 Safari/537.36"
100.25.219.92 - - [11/Sep/2025:21:22:14 +0200] "GET /vendor/jquery.js HTTP/1.1" 200 34100 "http://www.recipebridge.com/" "Mozilla/5.0 (X11; Linux x86_64) AppleWebKit/537.36 (KHTML, like Gecko) Chrome/96.0.4664.93 Safari/537.36"
100.25.219.92 - - [11/Sep/2025:21:22:14 +0200] "GET /vendor/jquery.appear.js HTTP/1.1" 200 1140 "http://www.recipebridge.com/" "Mozilla/5.0 (X11; Linux x86_64) AppleWebKit/537.36 (KHTML, like Gecko) Chrome/96.0.4664.93 Safari/537.36"
100.25.219.92 - - [11/Sep/2025:21:22:14 +0200] "GET /vendor/bootstrap.js HTTP/1.1" 200 8087 "http://www.recipebridge.com/" "Mozilla/5.0 (X11; Linux x86_64) AppleWebKit/537.36 (KHTML, like Gecko) Chrome/96.0.4664.93 Safari/537.36"
100.25.219.92 - - [11/Sep/2025:21:22:14 +0200] "GET /vendor/rs-plugin/js/jquery.themepunch.plugins.min.js HTTP/1.1" 200 23968 "http://www.recipebridge.com/" "Mozilla/5.0 (X11; Linux x86_64) AppleWebKit/537.36 (KHTML, like Gecko) Chrome/96.0.4664.93 Safari/537.36"
100.25.219.92 - - [11/Sep/2025:21:22:14 +0200] "GET /vendor/owl-carousel/owl.carousel.js HTTP/1.1" 200 7389 "http://www.recipebridge.com/" "Mozilla/5.0 (X11; Linux x86_64) AppleWebKit/537.36 (KHTML, like Gecko) Chrome/96.0.4664.93 Safari/537.36"
100.25.219.92 - - [11/Sep/2025:21:22:14 +0200] "GET /vendor/rs-plugin/js/jquery.themepunch.revolution.js HTTP/1.1" 200 20432 "http://www.recipebridge.com/" "Mozilla/5.0 (X11; Linux x86_64) AppleWebKit/537.36 (KHTML, like Gecko) Chrome/96.0.4664.93 Safari/537.36"
100.25.219.92 - - [11/Sep/2025:21:22:14 +0200] "GET /vendor/jquery.validate.js HTTP/1.1" 200 6830 "http://www.recipebridge.com/" "Mozilla/5.0 (X11; Linux x86_64) AppleWebKit/537.36 (KHTML, like Gecko) Chrome/96.0.4664.93 Safari/537.36"
100.25.219.92 - - [11/Sep/2025:21:22:14 +0200] "GET /js/views/view.home.js HTTP/1.1" 200 1420 "http://www.recipebridge.com/" "Mozilla/5.0 (X11; Linux x86_64) AppleWebKit/537.36 (KHTML, like Gecko) Chrome/96.0.4664.93 Safari/537.36"
100.25.219.92 - - [11/Sep/2025:21:22:14 +0200] "GET /c=%22js/custom.js%22 HTTP/1.1" 404 692 "http://www.recipebridge.com/" "Mozilla/5.0 (X11; Linux x86_64) AppleWebKit/537.36 (KHTML, like Gecko) Chrome/96.0.4664.93 Safari/537.36"
100.25.219.92 - - [11/Sep/2025:21:22:14 +0200] "GET /js/theme.js HTTP/1.1" 200 5262 "http://www.recipebridge.com/" "Mozilla/5.0 (X11; Linux x86_64) AppleWebKit/537.36 (KHTML, like Gecko) Chrome/96.0.4664.93 Safari/537.36"
100.25.219.92 - - [11/Sep/2025:21:22:14 +0200] "GET /img/map-top.png HTTP/1.1" 200 4426 "http://www.recipebridge.com/" "Mozilla/5.0 (X11; Linux x86_64) AppleWebKit/537.36 (KHTML, like Gecko) Chrome/96.0.4664.93 Safari/537.36"
100.25.219.92 - - [11/Sep/2025:21:22:14 +0200] "GET /img/map-bottom.png HTTP/1.1" 200 1440 "http://www.recipebridge.com/" "Mozilla/5.0 (X11; Linux x86_64) AppleWebKit/537.36 (KHTML, like Gecko) Chrome/96.0.4664.93 Safari/537.36"
100.25.219.92 - - [11/Sep/2025:21:22:14 +0200] "GET / HTTP/1.1" 200 8620 "http://www.recipebridge.com/" "Mozilla/5.0 (X11; Linux x86_64) AppleWebKit/537.36 (KHTML, like Gecko) Chrome/96.0.4664.93 Safari/537.36"
3.85.184.139 - - [11/Sep/2025:21:22:15 +0200] "GET /c=%22js/custom.js%22 HTTP/1.1" 404 695 "-" "Mozilla/5.0 (X11; Linux x86_64) AppleWebKit/537.36 (KHTML, like Gecko) HeadlessChrome/139.0.7258.5 Safari/537.36"
100.25.219.92 - - [11/Sep/2025:21:22:15 +0200] "GET /vendor/owl-carousel/owl.carousel.css HTTP/1.1" 200 866 "http://www.recipebridge.com/" "Mozilla/5.0 (X11; Linux x86_64) AppleWebKit/537.36 (KHTML, like Gecko) Chrome/96.0.4664.93 Safari/537.36"
100.25.219.92 - - [11/Sep/2025:21:22:15 +0200] "GET /vendor/owl-carousel/owl.theme.css HTTP/1.1" 200 1059 "http://www.recipebridge.com/" "Mozilla/5.0 (X11; Linux x86_64) AppleWebKit/537.36 (KHTML, like Gecko) Chrome/96.0.4664.93 Safari/537.36"
100.25.219.92 - - [11/Sep/2025:21:22:15 +0200] "GET /css/bootstrap.css HTTP/1.1" 200 16523 "http://www.recipebridge.com/" "Mozilla/5.0 (X11; Linux x86_64) AppleWebKit/537.36 (KHTML, like Gecko) Chrome/96.0.4664.93 Safari/537.36"
100.25.219.92 - - [11/Sep/2025:21:22:15 +0200] "GET /css/theme.css HTTP/1.1" 200 6481 "http://www.recipebridge.com/" "Mozilla/5.0 (X11; Linux x86_64) AppleWebKit/537.36 (KHTML, like Gecko) Chrome/96.0.4664.93 Safari/537.36"
100.25.219.92 - - [11/Sep/2025:21:22:15 +0200] "GET /css/theme-elements.css HTTP/1.1" 200 8795 "http://www.recipebridge.com/" "Mozilla/5.0 (X11; Linux x86_64) AppleWebKit/537.36 (KHTML, like Gecko) Chrome/96.0.4664.93 Safari/537.36"
100.25.219.92 - - [11/Sep/2025:21:22:15 +0200] "GET /css/skins/blue.css HTTP/1.1" 200 1922 "http://www.recipebridge.com/" "Mozilla/5.0 (X11; Linux x86_64) AppleWebKit/537.36 (KHTML, like Gecko) Chrome/96.0.4664.93 Safari/537.36"
100.25.219.92 - - [11/Sep/2025:21:22:16 +0200] "GET /css/custom.css HTTP/1.1" 200 512 "http://www.recipebridge.com/" "Mozilla/5.0 (X11; Linux x86_64) AppleWebKit/537.36 (KHTML, like Gecko) Chrome/96.0.4664.93 Safari/537.36"
100.25.219.92 - - [11/Sep/2025:21:22:16 +0200] "GET /css/theme-responsive.css HTTP/1.1" 200 2984 "http://www.recipebridge.com/" "Mozilla/5.0 (X11; Linux x86_64) AppleWebKit/537.36 (KHTML, like Gecko) Chrome/96.0.4664.93 Safari/537.36"
100.25.219.92 - - [11/Sep/2025:21:22:16 +0200] "GET /img/endurance-logistique.png HTTP/1.1" 200 3142 "http://www.recipebridge.com/" "Mozilla/5.0 (X11; Linux x86_64) AppleWebKit/537.36 (KHTML, like Gecko) Chrome/96.0.4664.93 Safari/537.36"
100.25.219.92 - - [11/Sep/2025:21:22:16 +0200] "GET /img/flag_it.png HTTP/1.1" 200 450 "http://www.recipebridge.com/" "Mozilla/5.0 (X11; Linux x86_64) AppleWebKit/537.36 (KHTML, like Gecko) Chrome/96.0.4664.93 Safari/537.36"
100.25.219.92 - - [11/Sep/2025:21:22:16 +0200] "GET /img/endurance-logistique-logistique.gif HTTP/1.1" 200 20552 "http://www.recipebridge.com/" "Mozilla/5.0 (X11; Linux x86_64) AppleWebKit/537.36 (KHTML, like Gecko) Chrome/96.0.4664.93 Safari/537.36"
100.25.219.92 - - [11/Sep/2025:21:22:16 +0200] "GET /img/endurance-logistique-123.png HTTP/1.1" 200 1779 "http://www.recipebridge.com/" "Mozilla/5.0 (X11; Linux x86_64) AppleWebKit/537.36 (KHTML, like Gecko) Chrome/96.0.4664.93 Safari/537.36"
100.25.219.92 - - [11/Sep/2025:21:22:16 +0200] "GET /js/plugins.js HTTP/1.1" 200 5468 "http://www.recipebridge.com/" "Mozilla/5.0 (X11; Linux x86_64) AppleWebKit/537.36 (KHTML, like Gecko) Chrome/96.0.4664.93 Safari/537.36"
100.25.219.92 - - [11/Sep/2025:21:22:16 +0200] "GET /vendor/jquery.easing.js HTTP/1.1" 200 1291 "http://www.recipebridge.com/" "Mozilla/5.0 (X11; Linux x86_64) AppleWebKit/537.36 (KHTML, like Gecko) Chrome/96.0.4664.93 Safari/537.36"
100.25.219.92 - - [11/Sep/2025:21:22:16 +0200] "GET /vendor/jquery.appear.js HTTP/1.1" 200 1140 "http://www.recipebridge.com/" "Mozilla/5.0 (X11; Linux x86_64) AppleWebKit/537.36 (KHTML, like Gecko) Chrome/96.0.4664.93 Safari/537.36"
100.25.219.92 - - [11/Sep/2025:21:22:16 +0200] "GET /vendor/jquery.js HTTP/1.1" 200 33955 "http://www.recipebridge.com/" "Mozilla/5.0 (X11; Linux x86_64) AppleWebKit/537.36 (KHTML, like Gecko) Chrome/96.0.4664.93 Safari/537.36"
100.25.219.92 - - [11/Sep/2025:21:22:16 +0200] "GET /vendor/bootstrap.js HTTP/1.1" 200 8087 "http://www.recipebridge.com/" "Mozilla/5.0 (X11; Linux x86_64) AppleWebKit/537.36 (KHTML, like Gecko) Chrome/96.0.4664.93 Safari/537.36"
100.25.219.92 - - [11/Sep/2025:21:22:16 +0200] "GET /vendor/rs-plugin/js/jquery.themepunch.plugins.min.js HTTP/1.1" 200 23968 "http://www.recipebridge.com/" "Mozilla/5.0 (X11; Linux x86_64) AppleWebKit/537.36 (KHTML, like Gecko) Chrome/96.0.4664.93 Safari/537.36"
100.25.219.92 - - [11/Sep/2025:21:22:16 +0200] "GET /vendor/rs-plugin/js/jquery.themepunch.revolution.js HTTP/1.1" 200 20432 "http://www.recipebridge.com/" "Mozilla/5.0 (X11; Linux x86_64) AppleWebKit/537.36 (KHTML, like Gecko) Chrome/96.0.4664.93 Safari/537.36"
100.25.219.92 - - [11/Sep/2025:21:22:16 +0200] "GET /vendor/owl-carousel/owl.carousel.js HTTP/1.1" 200 7389 "http://www.recipebridge.com/" "Mozilla/5.0 (X11; Linux x86_64) AppleWebKit/537.36 (KHTML, like Gecko) Chrome/96.0.4664.93 Safari/537.36"
100.25.219.92 - - [11/Sep/2025:21:22:16 +0200] "GET /vendor/jquery.validate.js HTTP/1.1" 200 6830 "http://www.recipebridge.com/" "Mozilla/5.0 (X11; Linux x86_64) AppleWebKit/537.36 (KHTML, like Gecko) Chrome/96.0.4664.93 Safari/537.36"
100.25.219.92 - - [11/Sep/2025:21:22:16 +0200] "GET /js/views/view.home.js HTTP/1.1" 200 1420 "http://www.recipebridge.com/" "Mozilla/5.0 (X11; Linux x86_64) AppleWebKit/537.36 (KHTML, like Gecko) Chrome/96.0.4664.93 Safari/537.36"
100.25.219.92 - - [11/Sep/2025:21:22:16 +0200] "GET /js/theme.js HTTP/1.1" 200 5262 "http://www.recipebridge.com/" "Mozilla/5.0 (X11; Linux x86_64) AppleWebKit/537.36 (KHTML, like Gecko) Chrome/96.0.4664.93 Safari/537.36"
100.25.219.92 - - [11/Sep/2025:21:22:16 +0200] "GET /c=%22js/custom.js%22 HTTP/1.1" 404 692 "http://www.recipebridge.com/" "Mozilla/5.0 (X11; Linux x86_64) AppleWebKit/537.36 (KHTML, like Gecko) Chrome/96.0.4664.93 Safari/537.36"
100.25.219.92 - - [11/Sep/2025:21:22:16 +0200] "GET /img/map-top.png HTTP/1.1" 200 4426 "http://www.recipebridge.com/" "Mozilla/5.0 (X11; Linux x86_64) AppleWebKit/537.36 (KHTML, like Gecko) Chrome/96.0.4664.93 Safari/537.36"
100.25.219.92 - - [11/Sep/2025:21:22:16 +0200] "GET /img/map-bottom.png HTTP/1.1" 200 1440 "http://www.recipebridge.com/" "Mozilla/5.0 (X11; Linux x86_64) AppleWebKit/537.36 (KHTML, like Gecko) Chrome/96.0.4664.93 Safari/537.36"
3.91.192.145 - - [11/Sep/2025:21:22:17 +0200] "GET /favicon.ico HTTP/1.1" 200 4876 "-" "Mozilla/5.0 (Macintosh; Intel Mac OS X 10_15_7) AppleWebKit/537.36 (KHTML, like Gecko) Chrome/136.0.0.0 Safari/537.36"
100.25.219.92 - - [11/Sep/2025:21:22:17 +0200] "GET /c=%22js/custom.js%22 HTTP/1.1" 404 692 "-" "Mozilla/5.0 (X11; Linux x86_64) AppleWebKit/537.36 (KHTML, like Gecko) HeadlessChrome/139.0.7258.5 Safari/537.36"
54.91.177.157 - - [11/Sep/2025:21:22:19 +0200] "GET /favicon.ico HTTP/1.1" 200 4876 "-" "Mozilla/5.0 (Macintosh; Intel Mac OS X 10_15_7) AppleWebKit/537.36 (KHTML, like Gecko) Chrome/136.0.0.0 Safari/537.36"
52.167.144.211 - - [11/Sep/2025:21:22:22 +0200] "GET /logistique-decoupe-tissus.htm HTTP/1.1" 200 8531 "-" "Mozilla/5.0 AppleWebKit/537.36 (KHTML, like Gecko; compatible; bingbot/2.0; +http://www.bing.com/bingbot.htm) Chrome/116.0.1938.76 Safari/537.36"
3.85.184.139 - - [11/Sep/2025:21:22:27 +0200] "GET /img/actualite-clients/externalisation-preparation-commandes.jpg HTTP/1.1" 200 23418 "http://seesources.com/" "Mozilla/5.0 (Windows NT 6.1; Win64; x64) AppleWebKit/537.36 (KHTML, like Gecko) Chrome/96.0.4664.110 Safari/537.36"
3.85.184.139 - - [11/Sep/2025:21:22:27 +0200] "GET /img/actualite-clients/logistique-e-commerce-nouveau-site.jpg HTTP/1.1" 200 17432 "http://seesources.com/" "Mozilla/5.0 (Windows NT 6.1; Win64; x64) AppleWebKit/537.36 (KHTML, like Gecko) Chrome/96.0.4664.110 Safari/537.36"
3.85.184.139 - - [11/Sep/2025:21:22:27 +0200] "GET /img/actualites/logistique-e-commerce-hiht-tech.jpg HTTP/1.1" 200 14485 "http://seesources.com/" "Mozilla/5.0 (Windows NT 6.1; Win64; x64) AppleWebKit/537.36 (KHTML, like Gecko) Chrome/96.0.4664.110 Safari/537.36"
3.85.184.139 - - [11/Sep/2025:21:22:27 +0200] "GET /img/actualite-clients/preparation-commande-site-e-commerce.jpg HTTP/1.1" 200 13094 "http://seesources.com/" "Mozilla/5.0 (Windows NT 6.1; Win64; x64) AppleWebKit/537.36 (KHTML, like Gecko) Chrome/96.0.4664.110 Safari/537.36"
3.85.184.139 - - [11/Sep/2025:21:22:27 +0200] "GET /img/actualites/logistique-international.jpg HTTP/1.1" 200 29019 "http://seesources.com/" "Mozilla/5.0 (Windows NT 6.1; Win64; x64) AppleWebKit/537.36 (KHTML, like Gecko) Chrome/96.0.4664.110 Safari/537.36"
3.85.184.139 - - [11/Sep/2025:21:22:27 +0200] "GET /img/ecommerce-logistique.jpg HTTP/1.1" 200 7749 "http://seesources.com/" "Mozilla/5.0 (Windows NT 6.1; Win64; x64) AppleWebKit/537.36 (KHTML, like Gecko) Chrome/96.0.4664.110 Safari/537.36"
3.85.184.139 - - [11/Sep/2025:21:22:27 +0200] "GET /img/logistique-spedition.jpg HTTP/1.1" 200 10075 "http://seesources.com/" "Mozilla/5.0 (Windows NT 6.1; Win64; x64) AppleWebKit/537.36 (KHTML, like Gecko) Chrome/96.0.4664.110 Safari/537.36"
3.85.184.139 - - [11/Sep/2025:21:22:27 +0200] "GET /img/e-logistique-logistique-e-commerce.jpg HTTP/1.1" 200 5171 "http://seesources.com/" "Mozilla/5.0 (Windows NT 6.1; Win64; x64) AppleWebKit/537.36 (KHTML, like Gecko) Chrome/96.0.4664.110 Safari/537.36"
3.85.184.139 - - [11/Sep/2025:21:22:27 +0200] "GET /img/vente-en-ligne-logistique-e-commerce.jpg HTTP/1.1" 200 26525 "http://seesources.com/" "Mozilla/5.0 (Windows NT 6.1; Win64; x64) AppleWebKit/537.36 (KHTML, like Gecko) Chrome/96.0.4664.110 Safari/537.36"
3.85.184.139 - - [11/Sep/2025:21:22:27 +0200] "GET /img/entrepot/logistique%20e-commerce.jpg HTTP/1.1" 200 24449 "http://seesources.com/" "Mozilla/5.0 (Windows NT 6.1; Win64; x64) AppleWebKit/537.36 (KHTML, like Gecko) Chrome/96.0.4664.110 Safari/537.36"
3.85.184.139 - - [11/Sep/2025:21:22:27 +0200] "GET /img/envois-colis-e-commerce.jpg HTTP/1.1" 200 9130 "http://seesources.com/" "Mozilla/5.0 (Windows NT 6.1; Win64; x64) AppleWebKit/537.36 (KHTML, like Gecko) Chrome/96.0.4664.110 Safari/537.36"
3.85.184.139 - - [11/Sep/2025:21:22:27 +0200] "GET /img/entrepot/stockage-logistique-site-e-commerce.jpg HTTP/1.1" 200 45758 "http://seesources.com/" "Mozilla/5.0 (Windows NT 6.1; Win64; x64) AppleWebKit/537.36 (KHTML, like Gecko) Chrome/96.0.4664.110 Safari/537.36"
3.85.184.139 - - [11/Sep/2025:21:22:27 +0200] "GET /img/prestataire/mode-et-marque-de-luxe.jpg HTTP/1.1" 200 76309 "http://seesources.com/" "Mozilla/5.0 (Windows NT 6.1; Win64; x64) AppleWebKit/537.36 (KHTML, like Gecko) Chrome/96.0.4664.110 Safari/537.36"
3.85.184.139 - - [11/Sep/2025:21:22:27 +0200] "GET /img/actualites/logistique-e-commerce-preparation-de-commandes.jpg HTTP/1.1" 200 79317 "http://seesources.com/" "Mozilla/5.0 (Windows NT 6.1; Win64; x64) AppleWebKit/537.36 (KHTML, like Gecko) Chrome/96.0.4664.110 Safari/537.36"
3.85.184.139 - - [11/Sep/2025:21:22:27 +0200] "GET /img/donnees/logo-endurance-logistique-fb.jpg HTTP/1.1" 200 193300 "http://seesources.com/" "Mozilla/5.0 (Windows NT 6.1; Win64; x64) AppleWebKit/537.36 (KHTML, like Gecko) Chrome/96.0.4664.110 Safari/537.36"
3.85.184.139 - - [11/Sep/2025:21:22:27 +0200] "GET /img/actualites/expedition-conditionnement-a-fa%C3%A7on-manuel.JPG HTTP/1.1" 200 97202 "http://seesources.com/" "Mozilla/5.0 (Windows NT 6.1; Win64; x64) AppleWebKit/537.36 (KHTML, like Gecko) Chrome/96.0.4664.110 Safari/537.36"
51.75.236.159 - - [11/Sep/2025:21:22:31 +0200] "GET /chaussures-handball-hummel.htm HTTP/1.1" 200 8385 "-" "Mozilla/5.0 (compatible; AhrefsBot/7.0; +http://ahrefs.com/robot/)"
3.85.184.139 - - [11/Sep/2025:21:22:34 +0200] "GET /favicon.ico HTTP/1.1" 200 4876 "-" "Mozilla/5.0 (Macintosh; Intel Mac OS X 10_15_7) AppleWebKit/537.36 (KHTML, like Gecko) Chrome/136.0.0.0 Safari/537.36"
51.68.247.197 - - [11/Sep/2025:21:22:37 +0200] "GET /img/actualite-clients/hummel-chaussure-rebel-recycled.jpeg HTTP/1.1" 200 9418 "-" "Mozilla/5.0 (compatible; AhrefsBot/7.0; +http://ahrefs.com/robot/)"
100.25.219.92 - - [11/Sep/2025:21:22:38 +0200] "GET /img/ecommerce-logistique.jpg HTTP/1.1" 200 7749 "http://www.recipebridge.com/" "Mozilla/5.0 (X11; Linux x86_64) AppleWebKit/537.36 (KHTML, like Gecko) Chrome/96.0.4664.93 Safari/537.36"
100.25.219.92 - - [11/Sep/2025:21:22:38 +0200] "GET /img/logistique-spedition.jpg HTTP/1.1" 200 10075 "http://www.recipebridge.com/" "Mozilla/5.0 (X11; Linux x86_64) AppleWebKit/537.36 (KHTML, like Gecko) Chrome/96.0.4664.93 Safari/537.36"
100.25.219.92 - - [11/Sep/2025:21:22:42 +0200] "GET /img/e-logistique-logistique-e-commerce.jpg HTTP/1.1" 200 5026 "http://www.recipebridge.com/" "Mozilla/5.0 (X11; Linux x86_64) AppleWebKit/537.36 (KHTML, like Gecko) Chrome/96.0.4664.93 Safari/537.36"
100.25.219.92 - - [11/Sep/2025:21:22:42 +0200] "GET /img/envois-colis-e-commerce.jpg HTTP/1.1" 200 9130 "http://www.recipebridge.com/" "Mozilla/5.0 (X11; Linux x86_64) AppleWebKit/537.36 (KHTML, like Gecko) Chrome/96.0.4664.93 Safari/537.36"
100.25.219.92 - - [11/Sep/2025:21:22:42 +0200] "GET /img/vente-en-ligne-logistique-e-commerce.jpg HTTP/1.1" 200 26525 "http://www.recipebridge.com/" "Mozilla/5.0 (X11; Linux x86_64) AppleWebKit/537.36 (KHTML, like Gecko) Chrome/96.0.4664.93 Safari/537.36"
100.25.219.92 - - [11/Sep/2025:21:22:42 +0200] "GET /img/entrepot/logistique%20e-commerce.jpg HTTP/1.1" 200 24304 "http://www.recipebridge.com/" "Mozilla/5.0 (X11; Linux x86_64) AppleWebKit/537.36 (KHTML, like Gecko) Chrome/96.0.4664.93 Safari/537.36"
100.25.219.92 - - [11/Sep/2025:21:22:42 +0200] "GET /img/actualites/logistique-international.jpg HTTP/1.1" 200 28874 "http://www.recipebridge.com/" "Mozilla/5.0 (X11; Linux x86_64) AppleWebKit/537.36 (KHTML, like Gecko) Chrome/96.0.4664.93 Safari/537.36"
100.25.219.92 - - [11/Sep/2025:21:22:42 +0200] "GET /img/entrepot/stockage-logistique-site-e-commerce.jpg HTTP/1.1" 200 45758 "http://www.recipebridge.com/" "Mozilla/5.0 (X11; Linux x86_64) AppleWebKit/537.36 (KHTML, like Gecko) Chrome/96.0.4664.93 Safari/537.36"
100.25.219.92 - - [11/Sep/2025:21:22:43 +0200] "GET /img/actualites/expedition-conditionnement-a-fa%C3%A7on-manuel.JPG HTTP/1.1" 200 97202 "http://www.recipebridge.com/" "Mozilla/5.0 (X11; Linux x86_64) AppleWebKit/537.36 (KHTML, like Gecko) Chrome/96.0.4664.93 Safari/537.36"
100.25.219.92 - - [11/Sep/2025:21:22:43 +0200] "GET /img/actualites/logistique-e-commerce-preparation-de-commandes.jpg HTTP/1.1" 200 79317 "http://www.recipebridge.com/" "Mozilla/5.0 (X11; Linux x86_64) AppleWebKit/537.36 (KHTML, like Gecko) Chrome/96.0.4664.93 Safari/537.36"
